000
CXUS53 KIWX 020303
CF6IWX
PRELIMINARY LOCAL CLIMATOLOGICAL DATA (WS FORM: F-6)
STATION: NORTH WEBSTER WFO
MONTH: AUGUST
YEAR: 2022
LATITUDE: 41 21 N
LONGITUDE: 85 42 W
TEMPERATURE IN F: :PCPN: SNOW: WIND :SUNSHINE: SKY :PK WND
================================================================================
1 2 3 4 5 6A 6B 7 8 9 10 11 12 13 14 15 16 17 18
12Z AVG MX 2MIN
DY MAX MIN AVG DEP HDD CDD WTR SNW DPTH SPD SPD DIR MIN PSBL S-S WX SPD DR
================================================================================
1 84 66 75 3 0 10 0.00 0.0 0 M M M M M M M M
2 83 64 74 2 0 9 0.00 0.0 0 M M M M M M M M
3 90 67 79 7 0 14 0.54 0.0 0 M M M M M M M M
4 82 69 76 4 0 11 0.01 0.0 0 M M M M M M 3 M M
5 85 68 77 5 0 12 0.02 0.0 0 M M M M M M 1 M M
6 86 70 78 6 0 13 0.00 0.0 0 M M M M M M 1 M M
7 86 71 79 7 0 14 1.35 0.0 0 M M M M M M 13 M M
8 85 66 76 4 0 11 1.31 0.0 0 M M M M M M 13 M M
9 72 60 66 -6 0 1 T 0.0 0 M M M M M M M M
10 79 58 69 -3 0 4 0.00 0.0 0 M M M M M M 1 M M
11 76 60 68 -4 0 3 0.01 0.0 M M M M M M M M M
12 75 54 65 -7 0 0 0.00 0.0 M M M M M M M M M
13 75 54 65 -7 0 0 T 0.0 M M M M M M M M M
14 68 61 65 -7 0 0 0.03 0.0 0 M M M M M M 1 M M
15 76 61 69 -2 0 4 0.00 0.0 M M M M M M M M M
16 78 57 68 -3 0 3 T 0.0 M M M M M M M M M
17 77 57 67 -4 0 2 0.00 0.0 M M M M M M M M M
18 81 58 70 -1 0 5 0.00 0.0 0 M M M M M M M M
19 82 61 72 1 0 7 0.00 0.0 0 M M M M M M M M
20 77 66 72 1 0 7 0.48 0.0 0 M M M M M M 3 M M
21 76 64 70 -1 0 5 0.09 0.0 0 M M M M M M M M
22 80 59 70 0 0 5 0.00 0.0 0 M M M M M M M M
23 78 56 67 -3 0 2 0.00 0.0 0 M M M M M M 1 M M
24 80 59 70 0 0 5 0.00 0.0 0 M M M M M M M M
25 80 62 71 1 0 6 0.00 0.0 0 M M M M M M M M
26 77 64 71 1 0 6 T 0.0 0 M M M M M M M M
27 78 56 67 -3 0 2 0.00 0.0 0 M M M M M M M M
28 87 63 75 6 0 10 0.00 0.0 0 M M M M M M M M
29 87 66 77 8 0 12 1.36 0.0 0 M M M M M M M M
30 77 60 69 0 0 4 0.70 0.0 0 M M M M M M 13 M M
31 80 57 69 0 0 4 0.00 0.0 0 M M M M M M M M
================================================================================
SM 2477 1914 0 191 5.90 0.0 M M M
================================================================================
AV 79.9 61.7 M FASTST M M M MAX(MPH)
MISC ----> M M M M
================================================================================
NOTES:
# LAST OF SEVERAL OCCURRENCES
COLUMN 17 PEAK WIND IN M.P.H.
PRELIMINARY LOCAL CLIMATOLOGICAL DATA (WS FORM: F-6) , PAGE 2
STATION: NORTH WEBSTER WFO
MONTH: AUGUST
YEAR: 2022
LATITUDE: 41 21 N
LONGITUDE: 85 42 W
[TEMPERATURE DATA] [PRECIPITATION DATA] SYMBOLS USED IN COLUMN 16
AVERAGE MONTHLY: 70.8 TOTAL FOR MONTH: 5.90 1 = FOG OR MIST
DPTR FM NORMAL: -0.2 DPTR FM NORMAL: 1.71 2 = FOG REDUCING VISIBILITY
HIGHEST: 90 ON 3 GRTST 24HR 1.36 ON 29-29 TO 1/4 MILE OR LESS
LOWEST: 54 ON 13,12 3 = THUNDER
SNOW, ICE PELLETS, HAIL 4 = ICE PELLETS
TOTAL MONTH: 0.0 INCH 5 = HAIL
GRTST 24HR 0.0 6 = FREEZING RAIN OR DRIZZLE
GRTST DEPTH: 0 7 = DUSTSTORM OR SANDSTORM:
VSBY 1/2 MILE OR LESS
8 = SMOKE OR HAZE
[NO. OF DAYS WITH] [WEATHER - DAYS WITH] 9 = BLOWING SNOW
X = TORNADO
MAX 32 OR BELOW: 0 0.01 INCH OR MORE: 11
MAX 90 OR ABOVE: 1 0.10 INCH OR MORE: 6
MIN 32 OR BELOW: 0 0.50 INCH OR MORE: 5
MIN 0 OR BELOW: 0 1.00 INCH OR MORE: 3
[HDD (BASE 65) ]
TOTAL THIS MO. 0 CLEAR (SCALE 0-3) 0
DPTR FM NORMAL -12 PTCLDY (SCALE 4-7) 0
TOTAL FM JUL 1 0 CLOUDY (SCALE 8-10) 31
DPTR FM NORMAL -13
[CDD (BASE 65) ]
TOTAL THIS MO. 191
DPTR FM NORMAL -7 [PRESSURE DATA]
TOTAL FM JAN 1 704 HIGHEST SLP M ON M
DPTR FM NORMAL 49 LOWEST SLP M ON M
[REMARKS]
#FINAL-08-22#