000
CXUS54 KJAN 012255
CF6JAN
PRELIMINARY LOCAL CLIMATOLOGICAL DATA (WS FORM: F-6)
STATION: JACKSON
MONTH: FEBRUARY
YEAR: 2024
LATITUDE: 32 19 N
LONGITUDE: 90 5 W
TEMPERATURE IN F: :PCPN: SNOW: WIND :SUNSHINE: SKY :PK WND
================================================================================
1 2 3 4 5 6A 6B 7 8 9 10 11 12 13 14 15 16 17 18
12Z AVG MX 2MIN
DY MAX MIN AVG DEP HDD CDD WTR SNW DPTH SPD SPD DIR MIN PSBL S-S WX SPD DR
================================================================================
1 65 32 49 1 16 0 0.00 0.0 0 2.7 10 160 M M 1 1 14 170
2 74 39 57 9 8 0 0.00 0.0 0 2.9 9 160 M M 0 13 160
3 61 46 54 6 11 0 0.62 0.0 0 7.5 31 120 M M 6 1 45 140
4 63 47 55 6 10 0 0.81 0.0 0 7.8 16 110 M M 8 13 27 130
5 64 43 54 5 11 0 0.03 0.0 0 12.8 21 40 M M 6 1 30 10
6 66 38 52 3 13 0 0.00 0.0 0 4.5 13 330 M M 0 1 18 10
7 70 34 52 3 13 0 0.00 0.0 0 6.2 16 150 M M 1 23 140
8 69 48 59 10 6 0 0.00 0.0 0 9.5 21 170 M M 7 31 170
9 75 61 68 18 0 3 0.00 0.0 0 6.3 15 160 M M 9 20 160
10 73 59 66 16 0 1 0.65 0.0 0 10.4 24 180 M M 8 1 34 190
11 73 57 65 15 0 0 2.84 0.0 0 6.2 29 310 M M 10 13 46 270
12 60 45 53 3 12 0 0.01 0.0 0 10.7 22 260 M M 10 1 35 240
13 60 37 49 -1 16 0 0.00 0.0 0 4.7 16 330 M M 2 23 340
14 67 33 50 -1 15 0 0.00 0.0 0 3.9 10 180 M M 0 15 160
15 72 40 56 5 9 0 0.00 0.0 0 2.0 10 270 M M 1 16 280
16 69 51 60 9 5 0 0.00 0.0 0 6.8 20 190 M M 3 26 200
17 56 35 46 -5 19 0 T 0.0 0 14.3 23 360 M M 6 1 32 10
18 54 30 42 -10 23 0 0.00 0.0 0 6.7 15 10 M M 1 21 20
19 62 26 44 -8 21 0 0.00 0.0 0 1.7 10 240 M M 0 13 250
20 72 35 54 2 11 0 0.00 0.0 0 3.3 10 260 M M 0 18 280
21 77 43 60 8 5 0 0.00 0.0 0 10.0 21 180 M M 0 1 28 170
22 73 56 65 12 0 0 0.00 0.0 0 12.3 25 200 M M 6 38 210
23 74 44 59 6 6 0 0.00 0.0 0 8.3 20 340 M M 4 28 330
24 74 44 59 6 6 0 0.00 0.0 0 6.2 20 290 M M 0 30 310
25 79 37 58 5 7 0 0.00 0.0 0 8.6 21 170 M M 0 29 220
26 80 52 66 12 0 1 0.00 0.0 0 13.0 21 200 M M 5 30 190
27 85 63 74 20 0 9 0.00 0.0 0 15.4 25 200 M M 2 35 210
28 77 49 63 9 2 0 T 0.0 0 15.3 28 350 M M 5 37 330
29 55 46 51 -3 14 0 T 0.0 M 8.5 15 40 M M 7 22 30
================================================================================
SM 1999 1270 259 14 4.96 0.0 228.5 M 108
================================================================================
AV 68.9 43.8 7.9 FASTST M M 4 MAX(MPH)
MISC ----> 31 120 46 270
================================================================================
NOTES:
# LAST OF SEVERAL OCCURRENCES
COLUMN 17 PEAK WIND IN M.P.H.
PRELIMINARY LOCAL CLIMATOLOGICAL DATA (WS FORM: F-6) , PAGE 2
STATION: JACKSON
MONTH: FEBRUARY
YEAR: 2024
LATITUDE: 32 19 N
LONGITUDE: 90 5 W
[TEMPERATURE DATA] [PRECIPITATION DATA] SYMBOLS USED IN COLUMN 16
AVERAGE MONTHLY: 56.4 TOTAL FOR MONTH: 4.96 1 = FOG OR MIST
DPTR FM NORMAL: 5.5 DPTR FM NORMAL: -0.14 2 = FOG REDUCING VISIBILITY
HIGHEST: 85 ON 27 GRTST 24HR 3.49 ON 10-11 TO 1/4 MILE OR LESS
LOWEST: 26 ON 19 3 = THUNDER
SNOW, ICE PELLETS, HAIL 4 = ICE PELLETS
TOTAL MONTH: 0.0 INCH 5 = HAIL
GRTST 24HR 0.0 6 = FREEZING RAIN OR DRIZZLE
GRTST DEPTH: 0 7 = DUSTSTORM OR SANDSTORM:
VSBY 1/2 MILE OR LESS
8 = SMOKE OR HAZE
[NO. OF DAYS WITH] [WEATHER - DAYS WITH] 9 = BLOWING SNOW
X = TORNADO
MAX 32 OR BELOW: 0 0.01 INCH OR MORE: 6
MAX 90 OR ABOVE: 0 0.10 INCH OR MORE: 4
MIN 32 OR BELOW: 3 0.50 INCH OR MORE: 4
MIN 0 OR BELOW: 0 1.00 INCH OR MORE: 1
[HDD (BASE 65) ]
TOTAL THIS MO. 259 CLEAR (SCALE 0-3) 15
DPTR FM NORMAL -145 PTCLDY (SCALE 4-7) 10
TOTAL FM JUL 1 1622 CLOUDY (SCALE 8-10) 4
DPTR FM NORMAL -266
[CDD (BASE 65) ]
TOTAL THIS MO. 14
DPTR FM NORMAL 5 [PRESSURE DATA]
TOTAL FM JAN 1 14 HIGHEST SLP 30.44 ON 29
DPTR FM NORMAL 1 LOWEST SLP 29.53 ON 4
[REMARKS]
#FINAL-02-24#