000
CXUS54 KJAN 022129
CF6JAN
PRELIMINARY LOCAL CLIMATOLOGICAL DATA (WS FORM: F-6)
STATION: JACKSON
MONTH: SEPTEMBER
YEAR: 2023
LATITUDE: 32 19 N
LONGITUDE: 90 5 W
TEMPERATURE IN F: :PCPN: SNOW: WIND :SUNSHINE: SKY :PK WND
================================================================================
1 2 3 4 5 6A 6B 7 8 9 10 11 12 13 14 15 16 17 18
12Z AVG MX 2MIN
DY MAX MIN AVG DEP HDD CDD WTR SNW DPTH SPD SPD DIR MIN PSBL S-S WX SPD DR
================================================================================
1 95 70 83 3 0 18 0.00 0.0 0 6.4 16 360 M M 4 24 10
2 98 75 87 7 0 22 0.00 0.0 0 5.7 16 110 M M 6 23 110
3 98 76 87 7 0 22 0.00 0.0 0 5.2 14 90 M M 3 18 100
4 98 74 86 6 0 21 0.00 0.0 0 8.1 22 160 M M 3 29 160
5 96 75 86 6 0 21 0.01 0.0 0 8.7 17 170 M M 4 3 22 180
6 95 73 84 5 0 19 0.06 0.0 0 4.6 22 40 M M 3 3 29 360
7 99 71 85 6 0 20 0.00 0.0 0 5.0 15 350 M M 2 22 330
8 92 70 81 2 0 16 0.00 0.0 0 5.5 20 10 M M 3 28 360
9 92 65 79 0 0 14 0.00 0.0 0 7.5 17 50 M M 1 23 60
10 90 65 78 0 0 13 0.00 0.0 0 5.9 13 350 M M 1 20 340
11 96 64 80 2 0 15 0.00 0.0 0 4.2 12 350 M M 3 17 180
12 96 67 82 4 0 17 0.00 0.0 0 5.7 15 340 M M 2 21 280
13 86 73 80 2 0 15 0.03 0.0 0 4.3 14 20 M M 7 1 19 20
14 84 70 77 -1 0 12 0.08 0.0 0 4.6 13 50 M M 8 1 18 50
15 92 70 81 4 0 16 0.00 0.0 0 3.8 12 10 M M 5 14 360
16 94 67 81 4 0 16 0.00 0.0 0 5.1 15 340 M M 1 21 350
17 92 62 77 0 0 12 0.00 0.0 0 4.7 18 360 M M 1 24 340
18 91 58 75 -1 0 10 0.00 0.0 0 3.9 15 350 M M 1 28 10
19 93 55 74 -2 0 9 0.00 0.0 0 3.4 10 160 M M 1 15 160
20 94 65 80 4 0 15 0.00 0.0 0 6.2 16 110 M M 2 27 110
21 95 67 81 5 0 16 0.00 0.0 0 4.4 14 20 M M 1 20 20
22 95 69 82 7 0 17 0.00 0.0 0 5.0 14 40 M M 2 19 50
23 95 71 83 8 0 18 0.00 0.0 0 4.2 14 130 M M 3 22 10
24 89 71 80 5 0 15 0.00 0.0 0 4.9 17 290 M M 5 26 280
25 93 70 82 8 0 17 0.74 0.0 0 3.8 21 130 M M 6 13 28 110
26 93 68 81 7 0 16 0.00 0.0 0 2.5 12 130 M M 2 1 16 130
27 93 68 81 7 0 16 0.00 0.0 0 4.9 14 140 M M 2 20 20
28 88 64 76 3 0 11 0.00 0.0 0 4.9 16 120 M M 2 20 120
29 93 62 78 5 0 13 0.00 0.0 0 4.9 14 130 M M 0 1 18 130
30 95 62 79 6 0 14 0.00 0.0 0 3.7 14 40 M M 1 24 60
================================================================================
SM 2800 2037 0 476 0.92 0.0 151.7 M 85
================================================================================
AV 93.3 67.9 5.1 FASTST M M 3 MAX(MPH)
MISC ----> # 22 160 # 29 160
================================================================================
NOTES:
# LAST OF SEVERAL OCCURRENCES
COLUMN 17 PEAK WIND IN M.P.H.
PRELIMINARY LOCAL CLIMATOLOGICAL DATA (WS FORM: F-6) , PAGE 2
STATION: JACKSON
MONTH: SEPTEMBER
YEAR: 2023
LATITUDE: 32 19 N
LONGITUDE: 90 5 W
[TEMPERATURE DATA] [PRECIPITATION DATA] SYMBOLS USED IN COLUMN 16
AVERAGE MONTHLY: 80.6 TOTAL FOR MONTH: 0.92 1 = FOG OR MIST
DPTR FM NORMAL: 3.7 DPTR FM NORMAL: -2.56 2 = FOG REDUCING VISIBILITY
HIGHEST: 99 ON 7 GRTST 24HR 0.74 ON 25-25 TO 1/4 MILE OR LESS
LOWEST: 55 ON 19 3 = THUNDER
SNOW, ICE PELLETS, HAIL 4 = ICE PELLETS
TOTAL MONTH: 0.0 INCH 5 = HAIL
GRTST 24HR 0.0 6 = FREEZING RAIN OR DRIZZLE
GRTST DEPTH: 0 7 = DUSTSTORM OR SANDSTORM:
VSBY 1/2 MILE OR LESS
8 = SMOKE OR HAZE
[NO. OF DAYS WITH] [WEATHER - DAYS WITH] 9 = BLOWING SNOW
X = TORNADO
MAX 32 OR BELOW: 0 0.01 INCH OR MORE: 5
MAX 90 OR ABOVE: 26 0.10 INCH OR MORE: 1
MIN 32 OR BELOW: 0 0.50 INCH OR MORE: 1
MIN 0 OR BELOW: 0 1.00 INCH OR MORE: 0
[HDD (BASE 65) ]
TOTAL THIS MO. 0 CLEAR (SCALE 0-3) 21
DPTR FM NORMAL -3 PTCLDY (SCALE 4-7) 9
TOTAL FM JUL 1 0 CLOUDY (SCALE 8-10) 0
DPTR FM NORMAL 0
[CDD (BASE 65) ]
TOTAL THIS MO. 476
DPTR FM NORMAL 116 [PRESSURE DATA]
TOTAL FM JAN 1 2830 HIGHEST SLP 30.13 ON 30
DPTR FM NORMAL 582 LOWEST SLP 29.82 ON 7
[REMARKS]
#FINAL-09-23#