000
CXUS52 KJAX 010800
CF6JAX
PRELIMINARY LOCAL CLIMATOLOGICAL DATA (WS FORM: F-6)
STATION: JACKSONVILLE
MONTH: OCTOBER
YEAR: 2023
LATITUDE: 30 30 N
LONGITUDE: 81 42 W
TEMPERATURE IN F: :PCPN: SNOW: WIND :SUNSHINE: SKY :PK WND
================================================================================
1 2 3 4 5 6A 6B 7 8 9 10 11 12 13 14 15 16 17 18
12Z AVG MX 2MIN
DY MAX MIN AVG DEP HDD CDD WTR SNW DPTH SPD SPD DIR MIN PSBL S-S WX SPD DR
================================================================================
1 83 68 76 0 0 11 0.00 0.0 0 11.7 23 50 M M 6 29 40
2 84 67 76 0 0 11 0.00 0.0 0 10.3 21 40 M M 6 8 28 30
3 84 65 75 0 0 10 T 0.0 0 10.4 22 30 M M 5 18 31 50
4 84 69 77 2 0 12 0.01 0.0 0 9.6 21 60 M M 6 1 28 60
5 86 71 79 4 0 14 0.00 0.0 0 7.8 16 50 M M 7 1 21 30
6 84 67 76 2 0 11 0.00 0.0 0 3.5 10 20 M M 9 12 13 10
7 85 64 75 1 0 10 0.00 0.0 0 6.2 16 320 M M 7 21 310
8 74 51 63 -11 2 0 0.00 0.0 0 5.2 14 350 M M 6 21 350
9 75 47 61 -13 4 0 0.00 0.0 0 1.5 7 210 M M 3 9 350
10 83 48 66 -7 0 1 0.00 0.0 0 2.5 12 120 M M 6 15 120
11 78 63 71 -2 0 6 0.36 0.0 0 4.7 15 70 M M 10 1 22 50
12 79 68 74 1 0 9 2.26 0.0 0 10.1 20 360 M M 10 1 27 350
13 86 73 80 8 0 15 0.00 0.0 0 4.6 12 20 M M 8 1 16 20
14 79 67 73 1 0 8 T 0.0 0 9.2 16 260 M M 6 1 22 270
15 75 60 68 -4 0 3 0.00 0.0 0 8.1 17 290 M M 3 25 330
16 67 53 60 -11 5 0 0.00 0.0 0 8.6 18 310 M M 7 25 310
17 71 47 59 -12 6 0 0.00 0.0 0 4.3 13 330 M M 1 20 350
18 74 48 61 -10 4 0 0.00 0.0 0 3.5 13 90 M M 1 17 60
19 78 52 65 -5 0 0 0.00 0.0 0 2.3 12 80 M M 4 14 80
20 82 54 68 -2 0 3 0.00 0.0 0 9.5 24 220 M M 2 1 30 220
21 79 56 68 -2 0 3 0.00 0.0 0 6.1 15 280 M M 2 21 280
22 85 53 69 0 0 4 0.00 0.0 0 4.4 13 300 M M 6 20 310
23 80 55 68 -1 0 3 0.00 0.0 0 8.3 20 40 M M 7 26 50
24 81 64 73 4 0 8 T 0.0 0 11.7 23 60 M M 7 31 50
25 82 66 74 6 0 9 0.02 0.0 0 8.0 22 70 M M 6 30 70
26 82 62 72 4 0 7 0.00 0.0 0 6.4 18 70 M M 5 24 80
27 83 62 73 5 0 8 T 0.0 0 4.5 15 70 M M 5 1 20 80
28 82 61 72 5 0 7 0.00 0.0 0 4.4 13 50 M M 3 12 17 70
29 83 64 74 7 0 9 0.00 0.0 0 4.3 14 80 M M 6 12 22 70
30 85 61 73 6 0 8 0.00 0.0 0 2.1 10 70 M M 8 12 14 60
31 84 61 73 7 0 8 0.00 0.0 0 5.4 16 330 M M 7 12 24 320
================================================================================
SM 2497 1867 21 198 2.65 0.0 199.2 M 175
================================================================================
AV 80.5 60.2 6.4 FASTST M M 6 MAX(MPH)
MISC ----> 24 220 # 31 50
================================================================================
NOTES:
# LAST OF SEVERAL OCCURRENCES
COLUMN 17 PEAK WIND IN M.P.H.
PRELIMINARY LOCAL CLIMATOLOGICAL DATA (WS FORM: F-6) , PAGE 2
STATION: JACKSONVILLE
MONTH: OCTOBER
YEAR: 2023
LATITUDE: 30 30 N
LONGITUDE: 81 42 W
[TEMPERATURE DATA] [PRECIPITATION DATA] SYMBOLS USED IN COLUMN 16
AVERAGE MONTHLY: 70.4 TOTAL FOR MONTH: 2.65 1 = FOG OR MIST
DPTR FM NORMAL: -0.8 DPTR FM NORMAL: -1.38 2 = FOG REDUCING VISIBILITY
HIGHEST: 86 ON 13, 5 GRTST 24HR 2.62 ON 11-12 TO 1/4 MILE OR LESS
LOWEST: 47 ON 9,17 3 = THUNDER
SNOW, ICE PELLETS, HAIL 4 = ICE PELLETS
TOTAL MONTH: 0.0 INCH 5 = HAIL
GRTST 24HR 0.0 6 = FREEZING RAIN OR DRIZZLE
GRTST DEPTH: 0 7 = DUSTSTORM OR SANDSTORM:
VSBY 1/2 MILE OR LESS
8 = SMOKE OR HAZE
[NO. OF DAYS WITH] [WEATHER - DAYS WITH] 9 = BLOWING SNOW
X = TORNADO
MAX 32 OR BELOW: 0 0.01 INCH OR MORE: 4
MAX 90 OR ABOVE: 0 0.10 INCH OR MORE: 2
MIN 32 OR BELOW: 0 0.50 INCH OR MORE: 1
MIN 0 OR BELOW: 0 1.00 INCH OR MORE: 1
[HDD (BASE 65) ]
TOTAL THIS MO. 21 CLEAR (SCALE 0-3) 7
DPTR FM NORMAL -4 PTCLDY (SCALE 4-7) 20
TOTAL FM JUL 1 21 CLOUDY (SCALE 8-10) 4
DPTR FM NORMAL -1
[CDD (BASE 65) ]
TOTAL THIS MO. 198
DPTR FM NORMAL -19 [PRESSURE DATA]
TOTAL FM JAN 1 3054 HIGHEST SLP 30.27 ON 25
DPTR FM NORMAL 338 LOWEST SLP 29.58 ON 12
[REMARKS]
#FINAL-10-23#