000
CXUS54 KMEG 011000
CF6JBR
PRELIMINARY LOCAL CLIMATOLOGICAL DATA (WS FORM: F-6)
STATION: JONESBORO
MONTH: NOVEMBER
YEAR: 2020
LATITUDE: 35 49 N
LONGITUDE: 90 39 W
TEMPERATURE IN F: :PCPN: SNOW: WIND :SUNSHINE: SKY :PK WND
================================================================================
1 2 3 4 5 6A 6B 7 8 9 10 11 12 13 14 15 16 17 18
12Z AVG MX 2MIN
DY MAX MIN AVG DEP HDD CDD WTR SNW DPTH SPD SPD DIR MIN PSBL S-S WX SPD DR
================================================================================
1 63 42 53 -3 12 0 0.00 0.0 0 8.8 17 330 M M 0 23 320
2 56 32 44 -12 21 0 0.00 0.0 0 5.8 12 240 M M 0 16 220
3 69 40 55 0 10 0 0.00 0.0 0 5.1 14 210 M M 0 19 200
4 74 41 58 3 7 0 0.00 0.0 0 4.6 16 210 M M 0 20 210
5 71 46 59 5 6 0 0.00 0.0 0 3.2 13 230 M M 0 8 16 220
6 72 43 58 4 7 0 0.00 0.0 0 2.1 9 140 M M 0 1 12 130
7 78 49 64 11 1 0 0.00 0.0 0 5.1 12 130 M M 3 15 130
8 80 61 71 18 0 6 T 0.0 0 7.0 20 180 M M 6 23 180
9 81 59 70 17 0 5 0.00 0.0 0 7.6 21 140 M M 5 24 180
10 82 62 72 20 0 7 T 0.0 0 10.1 21 190 M M 6 1 26 190
11 62 47 55 3 10 0 T 0.0 0 8.9 15 60 M M 3 19 320
12 64 40 52 1 13 0 0.02 0.0 0 5.6 12 60 M M 2 15 60
13 59 45 52 1 13 0 0.00 0.0 0 7.5 15 350 M M 1 19 350
14 73 47 60 10 5 0 0.04 0.0 0 12.2 35 200 M M 6 46 190
15 71 42 57 7 8 0 0.51 0.0 0 12.7 33 280 M M 2 1 45 200
16 63 37 50 1 15 0 0.00 0.0 0 6.6 15 210 M M 0 19 200
17 60 40 50 1 15 0 0.00 0.0 0 7.1 16 40 M M 0 24 40
18 63 36 50 2 15 0 0.00 0.0 0 6.7 14 180 M M 0 17 180
19 69 43 56 8 9 0 0.00 0.0 0 13.1 28 200 M M 0 35 200
20 68 48 58 10 7 0 0.00 0.0 0 7.1 18 210 M M 3 1 22 210
21 65 52 59 12 6 0 0.00 0.0 0 3.5 10 60 M M 9 128 12 50
22 63 40 52 5 13 0 0.64 0.0 0 9.3 21 280 M M 8 1 34 300
23 55 36 46 0 19 0 0.00 0.0 0 3.4 9 110 M M 0 8 12 130
24 58 40 49 3 16 0 0.32 0.0 0 7.6 17 150 M M 3 22 170
25 61 49 55 10 10 0 0.71 0.0 0 15.3 30 250 M M 8 1 36 240
26 57 42 50 5 15 0 0.00 0.0 0 3.1 13 300 M M 3 17 310
27 60 43 52 7 13 0 0.00 0.0 0 4.5 13 30 M M 2 18 20
28 53 37 45 1 20 0 0.00 0.0 0 7.0 17 60 M M 0 8 20 60
29 48 36 42 -2 23 0 0.08 0.0 0 5.2 23 330 M M 6 36 320
30 43 29 36 -7 29 0 T T 0 11.3 24 310 M M 4 40 320
================================================================================
SM 1941 1304 338 18 2.32 T 217.1 M 80
================================================================================
AV 64.7 43.5 7.2 FASTST M M 3 MAX(MPH)
MISC ----> 35 200 46 190
================================================================================
NOTES:
# LAST OF SEVERAL OCCURRENCES
COLUMN 17 PEAK WIND IN M.P.H.
PRELIMINARY LOCAL CLIMATOLOGICAL DATA (WS FORM: F-6) , PAGE 2
STATION: JONESBORO
MONTH: NOVEMBER
YEAR: 2020
LATITUDE: 35 49 N
LONGITUDE: 90 39 W
[TEMPERATURE DATA] [PRECIPITATION DATA] SYMBOLS USED IN COLUMN 16
AVERAGE MONTHLY: 54.1 TOTAL FOR MONTH: 2.32 1 = FOG OR MIST
DPTR FM NORMAL: 4.5 DPTR FM NORMAL: -2.58 2 = FOG REDUCING VISIBILITY
HIGHEST: 82 ON 10 GRTST 24HR 1.03 ON 24-25 TO 1/4 MILE OR LESS
LOWEST: 29 ON 30 3 = THUNDER
SNOW, ICE PELLETS, HAIL 4 = ICE PELLETS
TOTAL MONTH: T 5 = HAIL
GRTST 24HR T ON 30-30 6 = FREEZING RAIN OR DRIZZLE
GRTST DEPTH: 0 7 = DUSTSTORM OR SANDSTORM:
VSBY 1/2 MILE OR LESS
8 = SMOKE OR HAZE
[NO. OF DAYS WITH] [WEATHER - DAYS WITH] 9 = BLOWING SNOW
X = TORNADO
MAX 32 OR BELOW: 0 0.01 INCH OR MORE: 7
MAX 90 OR ABOVE: 0 0.10 INCH OR MORE: 4
MIN 32 OR BELOW: 2 0.50 INCH OR MORE: 3
MIN 0 OR BELOW: 0 1.00 INCH OR MORE: 0
[HDD (BASE 65) ]
TOTAL THIS MO. 338 CLEAR (SCALE 0-3) 19
DPTR FM NORMAL -125 PTCLDY (SCALE 4-7) 9
TOTAL FM JUL 1 550 CLOUDY (SCALE 8-10) 2
DPTR FM NORMAL -101
[CDD (BASE 65) ]
TOTAL THIS MO. 18
DPTR FM NORMAL 15 [PRESSURE DATA]
TOTAL FM JAN 1 1525 HIGHEST SLP 30.58 ON 2
DPTR FM NORMAL -302 LOWEST SLP 29.65 ON 15
[REMARKS]
#FINAL-11-20#