000
CXUS53 KLSX 011400
CF6JEF
PRELIMINARY LOCAL CLIMATOLOGICAL DATA (WS FORM: F-6)
STATION: JEFFERSON CITY
MONTH: SEPTEMBER
YEAR: 2020
LATITUDE: 38 35 N
LONGITUDE: 92 10 W
TEMPERATURE IN F: :PCPN: SNOW: WIND :SUNSHINE: SKY :PK WND
================================================================================
1 2 3 4 5 6A 6B 7 8 9 10 11 12 13 14 15 16 17 18
12Z AVG MX 2MIN
DY MAX MIN AVG DEP HDD CDD WTR SNW DPTH SPD SPD DIR MIN PSBL S-S WX SPD DR
================================================================================
1 79 70 75 2 0 10 0.73 0.0 0 5.3 14 110 M M 6 13 18 140
2 81 67 74 1 0 9 0.00 0.0 0 2.4 8 150 M M 3 12 50
3 88 63 76 4 0 11 0.00 0.0 0 5.4 16 280 M M 5 12 22 270
4 82 57 70 -2 0 5 0.00 0.0 0 2.2 8 130 M M 0 12 120
5 90 60 75 3 0 10 0.00 0.0 0 3.3 7 120 M M 1 10 360
6 91 73 82 10 0 17 0.00 0.0 0 7.0 18 190 M M 1 28 200
7 91 73 82 11 0 17 0.00 0.0 0 6.8 15 160 M M 3 8 21 180
8 85 62 74 3 0 9 1.50 0.0 0 6.7 28 230 M M 5 13 38 240
9 80 62 71 1 0 6 0.00 0.0 0 4.1 14 360 M M 9 18 18 10
10 81 63 72 2 0 7 0.33 0.0 0 4.4 13 30 M M 10 18 17 20
11 80 69 75 5 0 10 0.15 0.0 0 4.0 12 290 M M 10 18 14 310
12 75 63 69 0 0 4 0.79 0.0 0 3.0 10 290 M M 7 13 14 300
13 77 59 68 -1 0 3 0.00 0.0 0 3.0 9 10 M M 4 12 13 10
14 81 56 69 0 0 4 0.00 0.0 0 3.2 12 90 M M 0 1 19 70
15 80 56 68 0 0 3 0.00 0.0 0 2.1 8 130 M M 1 12 10 120
16 85 57 71 3 0 6 0.00 0.0 0 0.7 7 340 M M 3 12 10 290
17 77 62 70 2 0 5 0.00 0.0 0 6.2 14 350 M M 2 1 20 330
18 73 55 64 -3 1 0 0.00 0.0 0 6.7 13 360 M M 0 22 350
19 69 50 60 -7 5 0 0.00 0.0 0 5.2 10 90 M M 0 18 90
20 74 47 61 -5 4 0 0.00 0.0 0 4.1 13 120 M M 0 17 120
21 79 47 63 -3 2 0 0.00 0.0 0 2.8 9 60 M M 0 8 12 120
22 76 54 65 -1 0 0 0.00 0.0 0 3.4 8 120 M M 3 18 11 110
23 76 58 67 2 0 2 0.00 0.0 0 2.7 8 210 M M 4 18 11 190
24 74 53 64 -1 1 0 0.00 0.0 0 5.3 9 130 M M 2 1 14 120
25 83 54 69 5 0 4 0.00 0.0 0 5.7 13 160 M M 0 17 180
26 87 60 74 10 0 9 0.00 0.0 0 8.2 15 160 M M 0 23 160
27 78 56 67 3 0 2 0.63 0.0 0 6.7 15 330 M M 7 18 33 350
28 68 49 59 -5 6 0 T 0.0 0 7.6 22 290 M M 5 28 290
29 68 46 57 -6 8 0 0.00 0.0 0 6.5 17 290 M M 2 23 300
30 80 48 64 1 1 0 0.00 0.0 0 5.7 21 330 M M 0 8 31 340
================================================================================
SM 2388 1749 28 153 4.13 0.0 140.4 M 93
================================================================================
AV 79.6 58.3 4.7 FASTST M M 3 MAX(MPH)
MISC ----> 28 230 38 240
================================================================================
NOTES:
# LAST OF SEVERAL OCCURRENCES
COLUMN 17 PEAK WIND IN M.P.H.
PRELIMINARY LOCAL CLIMATOLOGICAL DATA (WS FORM: F-6) , PAGE 2
STATION: JEFFERSON CITY
MONTH: SEPTEMBER
YEAR: 2020
LATITUDE: 38 35 N
LONGITUDE: 92 10 W
[TEMPERATURE DATA] [PRECIPITATION DATA] SYMBOLS USED IN COLUMN 16
AVERAGE MONTHLY: 69.0 TOTAL FOR MONTH: 4.13 1 = FOG OR MIST
DPTR FM NORMAL: 0.8 DPTR FM NORMAL: -0.18 2 = FOG REDUCING VISIBILITY
HIGHEST: 91 ON 7, 6 GRTST 24HR 1.50 ON 8- 8 TO 1/4 MILE OR LESS
LOWEST: 46 ON 29 3 = THUNDER
SNOW, ICE PELLETS, HAIL 4 = ICE PELLETS
TOTAL MONTH: 0.0 INCH 5 = HAIL
GRTST 24HR 0.0 6 = FREEZING RAIN OR DRIZZLE
GRTST DEPTH: 0 7 = DUSTSTORM OR SANDSTORM:
VSBY 1/2 MILE OR LESS
8 = SMOKE OR HAZE
[NO. OF DAYS WITH] [WEATHER - DAYS WITH] 9 = BLOWING SNOW
X = TORNADO
MAX 32 OR BELOW: 0 0.01 INCH OR MORE: 6
MAX 90 OR ABOVE: 3 0.10 INCH OR MORE: 6
MIN 32 OR BELOW: 0 0.50 INCH OR MORE: 4
MIN 0 OR BELOW: 0 1.00 INCH OR MORE: 1
[HDD (BASE 65) ]
TOTAL THIS MO. 28 CLEAR (SCALE 0-3) 17
DPTR FM NORMAL -20 PTCLDY (SCALE 4-7) 10
TOTAL FM JUL 1 28 CLOUDY (SCALE 8-10) 3
DPTR FM NORMAL -20
[CDD (BASE 65) ]
TOTAL THIS MO. 153
DPTR FM NORMAL 14 [PRESSURE DATA]
TOTAL FM JAN 1 1495 HIGHEST SLP 30.32 ON 20
DPTR FM NORMAL 171 LOWEST SLP 29.68 ON 7
[REMARKS]
#FINAL-09-20#