000
CXUS51 KOKX 010910
CF6JFK
PRELIMINARY LOCAL CLIMATOLOGICAL DATA (WS FORM: F-6)
STATION: KENNEDY NY
MONTH: MARCH
YEAR: 2022
LATITUDE: 40 39 N
LONGITUDE: 73 47 W
TEMPERATURE IN F: :PCPN: SNOW: WIND :SUNSHINE: SKY :PK WND
================================================================================
1 2 3 4 5 6A 6B 7 8 9 10 11 12 13 14 15 16 17 18
12Z AVG MX 2MIN
DY MAX MIN AVG DEP HDD CDD WTR SNW DPTH SPD SPD DIR MIN PSBL S-S WX SPD DR
================================================================================
1 45 28 37 0 28 0 0.00 0.0 0 9.8 18 170 M M 9 22 160
2 52 38 45 7 20 0 0.00 0.0 0 12.2 20 180 M M 5 25 310
3 45 25 35 -3 30 0 0.08 0.0 0 18.3 31 330 M M 6 37 320
4 36 19 28 -10 37 0 0.00 0.0 0 9.6 21 340 M M 2 25 330
5 45 27 36 -2 29 0 0.00 0.0 0 7.3 15 150 M M 8 18 150
6 62 44 53 15 12 0 0.05 0.0 0 7.3 17 190 M M 9 1 21 190
7 61 48 55 16 10 0 0.06 0.0 0 15.2 35 280 M M 9 1 46 270
8 53 37 45 6 20 0 0.00 0.0 0 17.1 32 320 M M 8 43 300
9 40 33 37 -2 28 0 0.61 0.2 0 9.7 18 140 M M 10 14 23 140
10 50 30 40 0 25 0 0.00 0.0 0 5.4 13 210 M M 7 12 15 10
11 50 30 40 0 25 0 0.00 0.0 0 6.6 17 140 M M 5 1 20 130
12 46 24 35 -5 30 0 0.50 0.3 0 19.8 43 320 M M 10 124 54 270
13 35 22 29 -11 36 0 T T 0 18.4 33 290 M M 6 46 310
14 55 33 44 4 21 0 0.00 0.0 0 14.2 18 200 M M 7 25 230
15 58 38 48 7 17 0 T 0.0 0 8.3 14 340 M M 7 18 340
16 62 41 52 11 13 0 T 0.0 0 8.1 18 130 M M 4 21 130
17 55 45 50 9 15 0 0.06 0.0 0 9.2 14 40 M M 10 12 18 350
18 63 46 55 13 10 0 0.00 0.0 0 8.1 15 330 M M 7 128 17 320
19 60 46 53 11 12 0 0.18 0.0 0 8.9 24 190 M M 8 123 30 190
20 62 46 54 12 11 0 T 0.0 0 17.9 31 310 M M 7 39 310
21 63 45 54 12 11 0 0.00 0.0 0 16.8 30 320 M M 3 38 310
22 60 46 53 10 12 0 0.00 0.0 0 16.2 25 310 M M 7 33 310
23 47 39 43 0 22 0 0.07 0.0 0 12.7 21 80 M M 9 1 28 60
24 47 41 44 1 21 0 0.93 0.0 0 14.2 30 90 M M 10 1 40 90
25 57 44 51 7 14 0 0.03 0.0 0 11.8 28 270 M M 8 1 32 280
26 54 42 48 4 17 0 T 0.0 0 13.5 29 250 M M 8 34 250
27 47 29 38 -6 27 0 T T 0 19.0 35 270 M M 7 45 270
28 34 23 29 -15 36 0 0.00 0.0 0 22.8 33 330 M M 5 42 320
29 38 24 31 -14 34 0 0.00 0.0 0 20.6 30 320 M M 4 36 300
30 44 27 36 -9 29 0 0.00 0.0 0 9.4 20 180 M M 6 23 180
31 57 44 51 5 14 0 0.05 0.0 0 21.3 43 180 M M 10 128 53 180
================================================================================
SM 1583 1104 666 0 2.62 0.5 409.7 M 221
================================================================================
AV 51.1 35.6 13.2 FASTST M M 7 MAX(MPH)
MISC ----> # 43 320 54 270
================================================================================
NOTES:
# LAST OF SEVERAL OCCURRENCES
COLUMN 17 PEAK WIND IN M.P.H.
PRELIMINARY LOCAL CLIMATOLOGICAL DATA (WS FORM: F-6) , PAGE 2
STATION: KENNEDY NY
MONTH: MARCH
YEAR: 2022
LATITUDE: 40 39 N
LONGITUDE: 73 47 W
[TEMPERATURE DATA] [PRECIPITATION DATA] SYMBOLS USED IN COLUMN 16
AVERAGE MONTHLY: 43.3 TOTAL FOR MONTH: 2.62 1 = FOG OR MIST
DPTR FM NORMAL: 2.2 DPTR FM NORMAL: -1.32 2 = FOG REDUCING VISIBILITY
HIGHEST: 63 ON 21,18 GRTST 24HR 0.94 ON 23-24 TO 1/4 MILE OR LESS
LOWEST: 19 ON 4 3 = THUNDER
SNOW, ICE PELLETS, HAIL 4 = ICE PELLETS
TOTAL MONTH: 0.5 INCH 5 = HAIL
GRTST 24HR 0.3 ON 12-12 6 = FREEZING RAIN OR DRIZZLE
GRTST DEPTH: 0 7 = DUSTSTORM OR SANDSTORM:
VSBY 1/2 MILE OR LESS
8 = SMOKE OR HAZE
[NO. OF DAYS WITH] [WEATHER - DAYS WITH] 9 = BLOWING SNOW
X = TORNADO
MAX 32 OR BELOW: 0 0.01 INCH OR MORE: 11
MAX 90 OR ABOVE: 0 0.10 INCH OR MORE: 4
MIN 32 OR BELOW: 12 0.50 INCH OR MORE: 3
MIN 0 OR BELOW: 0 1.00 INCH OR MORE: 0
[HDD (BASE 65) ]
TOTAL THIS MO. 666 CLEAR (SCALE 0-3) 1
DPTR FM NORMAL -73 PTCLDY (SCALE 4-7) 20
TOTAL FM JUL 1 3867 CLOUDY (SCALE 8-10) 10
DPTR FM NORMAL -385
[CDD (BASE 65) ]
TOTAL THIS MO. 0
DPTR FM NORMAL 0 [PRESSURE DATA]
TOTAL FM JAN 1 0 HIGHEST SLP M ON M
DPTR FM NORMAL 0 LOWEST SLP 29.22 ON 12
[REMARKS]
#FINAL-03-22#