000
CXUS53 KJKL 011310
CF6JKL
PRELIMINARY LOCAL CLIMATOLOGICAL DATA (WS FORM: F-6)
STATION: JACKSON KY
MONTH: OCTOBER
YEAR: 2023
LATITUDE: 37 35 N
LONGITUDE: 83 19 W
TEMPERATURE IN F: :PCPN: SNOW: WIND :SUNSHINE: SKY :PK WND
================================================================================
1 2 3 4 5 6A 6B 7 8 9 10 11 12 13 14 15 16 17 18
12Z AVG MX 2MIN
DY MAX MIN AVG DEP HDD CDD WTR SNW DPTH SPD SPD DIR MIN PSBL S-S WX SPD DR
================================================================================
1 81 60 71 7 0 6 0.00 0.0 0 0.1 6 130 M M 0 12 40
2 83 59 71 7 0 6 0.00 0.0 0 0.3 6 140 M M 0 8 110
3 84 59 72 9 0 7 0.00 0.0 0 0.9 6 310 M M 0 9 260
4 83 60 72 9 0 7 0.00 0.0 0 1.8 6 280 M M 1 10 270
5 80 64 72 10 0 7 T 0.0 0 2.4 8 290 M M 4 12 290
6 73 58 66 4 0 1 0.08 0.0 0 1.5 12 320 M M 8 1 20 310
7 61 44 53 -9 12 0 0.00 0.0 0 5.8 13 310 M M 3 20 320
8 59 40 50 -12 15 0 0.00 0.0 0 2.3 13 290 M M 5 22 300
9 58 46 52 -9 13 0 0.07 0.0 0 2.3 8 230 M M 5 1 16 210
10 69 43 56 -5 9 0 0.00 0.0 0 1.9 10 300 M M 2 1 17 270
11 65 44 55 -5 10 0 0.00 0.0 0 1.5 8 170 M M 0 12 150
12 78 52 65 5 0 0 0.00 0.0 0 0.6 6 350 M M 2 11 340
13 82 56 69 9 0 4 T 0.0 0 1.4 10 180 M M 3 20 190
14 67 51 59 0 6 0 0.12 0.0 0 4.4 18 290 M M 10 1 31 270
15 56 47 52 -7 13 0 0.14 0.0 0 3.9 10 330 M M 10 1 17 320
16 55 44 50 -9 15 0 0.19 0.0 0 3.1 9 320 M M 9 1 21 360
17 55 47 51 -7 14 0 0.00 0.0 0 0.7 5 280 M M 10 8 260
18 65 48 57 -1 8 0 0.00 0.0 0 1.8 9 170 M M 4 15 170
19 68 51 60 2 5 0 0.01 0.0 0 6.0 14 180 M M 4 27 200
20 62 51 57 0 8 0 0.52 0.0 0 4.4 15 290 M M 10 1 25 300
21 66 43 55 -2 10 0 0.00 0.0 0 2.5 13 260 M M 2 23 270
22 63 47 55 -1 10 0 0.00 0.0 0 4.2 14 310 M M 5 24 310
23 70 42 56 0 9 0 0.00 0.0 0 2.0 6 160 M M 0 10 180
24 78 50 64 8 1 0 0.00 0.0 0 2.8 7 180 M M 0 12 150
25 78 56 67 11 0 2 0.00 0.0 0 4.3 9 170 M M 0 17 170
26 78 57 68 13 0 3 0.00 0.0 0 3.0 12 180 M M 2 22 190
27 75 62 69 14 0 4 T 0.0 0 3.4 10 190 M M 5 17 180
28 81 65 73 19 0 8 0.00 0.0 0 1.6 10 220 M M 6 20 210
29 73 63 68 14 0 3 0.01 0.0 0 2.8 9 230 M M 9 1 18 220
30 63 42 53 -1 12 0 0.26 0.0 0 4.7 16 310 M M 10 12 26 300
31 52 32 42 -11 23 0 0.03 0.0 0 4.0 20 310 M M 7 1 32 340
================================================================================
SM 2161 1583 193 58 1.43 0.0 82.4 M 136
================================================================================
AV 69.7 51.1 2.7 FASTST M M 4 MAX(MPH)
MISC ----> 20 310 32 340
================================================================================
NOTES:
# LAST OF SEVERAL OCCURRENCES
COLUMN 17 PEAK WIND IN M.P.H.
PRELIMINARY LOCAL CLIMATOLOGICAL DATA (WS FORM: F-6) , PAGE 2
STATION: JACKSON KY
MONTH: OCTOBER
YEAR: 2023
LATITUDE: 37 35 N
LONGITUDE: 83 19 W
[TEMPERATURE DATA] [PRECIPITATION DATA] SYMBOLS USED IN COLUMN 16
AVERAGE MONTHLY: 60.4 TOTAL FOR MONTH: 1.43 1 = FOG OR MIST
DPTR FM NORMAL: 1.7 DPTR FM NORMAL: -2.02 2 = FOG REDUCING VISIBILITY
HIGHEST: 84 ON 3 GRTST 24HR 0.53 ON 19-20 TO 1/4 MILE OR LESS
LOWEST: 32 ON 31 3 = THUNDER
SNOW, ICE PELLETS, HAIL 4 = ICE PELLETS
TOTAL MONTH: 0.0 INCH 5 = HAIL
GRTST 24HR 0.0 6 = FREEZING RAIN OR DRIZZLE
GRTST DEPTH: 0 7 = DUSTSTORM OR SANDSTORM:
VSBY 1/2 MILE OR LESS
8 = SMOKE OR HAZE
[NO. OF DAYS WITH] [WEATHER - DAYS WITH] 9 = BLOWING SNOW
X = TORNADO
MAX 32 OR BELOW: 0 0.01 INCH OR MORE: 10
MAX 90 OR ABOVE: 0 0.10 INCH OR MORE: 5
MIN 32 OR BELOW: 1 0.50 INCH OR MORE: 1
MIN 0 OR BELOW: 0 1.00 INCH OR MORE: 0
[HDD (BASE 65) ]
TOTAL THIS MO. 193 CLEAR (SCALE 0-3) 12
DPTR FM NORMAL -40 PTCLDY (SCALE 4-7) 12
TOTAL FM JUL 1 200 CLOUDY (SCALE 8-10) 7
DPTR FM NORMAL -72
[CDD (BASE 65) ]
TOTAL THIS MO. 58
DPTR FM NORMAL 22 [PRESSURE DATA]
TOTAL FM JAN 1 1114 HIGHEST SLP 30.35 ON 25
DPTR FM NORMAL -117 LOWEST SLP 29.59 ON 20
[REMARKS]
#FINAL-10-23#