000
CXUS53 KJKL 011310
CF6JKL
PRELIMINARY LOCAL CLIMATOLOGICAL DATA (WS FORM: F-6)
STATION: JACKSON KY
MONTH: SEPTEMBER
YEAR: 2023
LATITUDE: 37 35 N
LONGITUDE: 83 19 W
TEMPERATURE IN F: :PCPN: SNOW: WIND :SUNSHINE: SKY :PK WND
================================================================================
1 2 3 4 5 6A 6B 7 8 9 10 11 12 13 14 15 16 17 18
12Z AVG MX 2MIN
DY MAX MIN AVG DEP HDD CDD WTR SNW DPTH SPD SPD DIR MIN PSBL S-S WX SPD DR
================================================================================
1 86 58 72 -1 0 7 0.00 0.0 0 0.9 6 310 M M 0 10 170
2 86 65 76 3 0 11 0.00 0.0 0 1.5 7 310 M M 0 1 11 290
3 87 66 77 4 0 12 0.00 0.0 0 0.4 5 340 M M 0 8 340
4 87 67 77 5 0 12 0.00 0.0 0 0.5 6 160 M M 1 9 170
5 86 69 78 6 0 13 0.00 0.0 0 0.6 6 280 M M 0 11 270
6 87 69 78 6 0 13 0.39 0.0 0 1.9 12 240 M M 1 123 24 260
7 81 68 75 3 0 10 T 0.0 0 1.5 9 310 M M 6 18 270
8 81 63 72 1 0 7 0.00 0.0 0 1.1 7 340 M M 6 12 11 350
9 79 65 72 1 0 7 0.00 0.0 0 0.0 6 130 M M 7 1 11 40
10 79 65 72 1 0 7 T 0.0 0 0.3 7 310 M M 8 1 10 290
11 81 62 72 1 0 7 0.00 0.0 0 0.6 6 140 M M 4 12 10 140
12 76 65 71 1 0 6 0.04 0.0 0 1.7 8 320 M M 3 13 13 300
13 78 61 70 0 0 5 0.00 0.0 0 1.9 10 310 M M 4 12 14 320
14 77 51 64 -6 1 0 0.00 0.0 0 0.1 8 140 M M 0 18 17 70
15 78 55 67 -2 0 2 0.00 0.0 0 0.6 5 160 M M 1 11 60
16 79 56 68 -1 0 3 0.63 0.0 0 0.0 6 160 M M 6 1 10 160
17 72 57 65 -4 0 0 0.58 0.0 0 2.0 10 300 M M 8 12 20 320
18 73 55 64 -4 1 0 0.00 0.0 0 0.6 6 300 M M 6 12 10 310
19 75 54 65 -3 0 0 0.00 0.0 0 0.6 6 140 M M 3 12 10 130
20 79 53 66 -2 0 1 0.00 0.0 0 1.3 6 150 M M 1 1 9 140
21 80 58 69 2 0 4 0.00 0.0 0 0.3 7 140 M M 0 13 120
22 81 59 70 3 0 5 0.00 0.0 0 0.3 6 320 M M 1 13 320
23 75 55 65 -2 0 0 0.00 0.0 0 0.5 8 340 M M 0 12 350
24 65 59 62 -4 3 0 0.00 0.0 0 0.3 5 120 M M 9 8 360
25 76 57 67 1 0 2 0.00 0.0 0 0.0 6 140 M M 4 1 10 120
26 79 57 68 2 0 3 0.00 0.0 0 0.8 7 330 M M 1 12 10 330
27 69 59 64 -1 1 0 0.01 0.0 0 1.3 6 120 M M 4 12 10 110
28 74 59 67 2 0 2 0.18 0.0 0 1.9 8 170 M M 5 123 14 270
29 81 58 70 5 0 5 T 0.0 0 0.5 7 300 M M 3 10 310
30 80 60 70 6 0 5 0.00 0.0 0 0.4 7 130 M M 1 1 9 170
================================================================================
SM 2367 1805 6 149 1.83 0.0 24.4 M 93
================================================================================
AV 78.9 60.2 0.8 FASTST M M 3 MAX(MPH)
MISC ----> 12 240 24 260
================================================================================
NOTES:
# LAST OF SEVERAL OCCURRENCES
COLUMN 17 PEAK WIND IN M.P.H.
PRELIMINARY LOCAL CLIMATOLOGICAL DATA (WS FORM: F-6) , PAGE 2
STATION: JACKSON KY
MONTH: SEPTEMBER
YEAR: 2023
LATITUDE: 37 35 N
LONGITUDE: 83 19 W
[TEMPERATURE DATA] [PRECIPITATION DATA] SYMBOLS USED IN COLUMN 16
AVERAGE MONTHLY: 69.5 TOTAL FOR MONTH: 1.83 1 = FOG OR MIST
DPTR FM NORMAL: 0.4 DPTR FM NORMAL: -1.59 2 = FOG REDUCING VISIBILITY
HIGHEST: 87 ON 6, 4 GRTST 24HR 1.21 ON 16-17 TO 1/4 MILE OR LESS
LOWEST: 51 ON 14 3 = THUNDER
SNOW, ICE PELLETS, HAIL 4 = ICE PELLETS
TOTAL MONTH: 0.0 INCH 5 = HAIL
GRTST 24HR 0.0 6 = FREEZING RAIN OR DRIZZLE
GRTST DEPTH: 0 7 = DUSTSTORM OR SANDSTORM:
VSBY 1/2 MILE OR LESS
8 = SMOKE OR HAZE
[NO. OF DAYS WITH] [WEATHER - DAYS WITH] 9 = BLOWING SNOW
X = TORNADO
MAX 32 OR BELOW: 0 0.01 INCH OR MORE: 6
MAX 90 OR ABOVE: 0 0.10 INCH OR MORE: 4
MIN 32 OR BELOW: 0 0.50 INCH OR MORE: 2
MIN 0 OR BELOW: 0 1.00 INCH OR MORE: 0
[HDD (BASE 65) ]
TOTAL THIS MO. 6 CLEAR (SCALE 0-3) 17
DPTR FM NORMAL -33 PTCLDY (SCALE 4-7) 12
TOTAL FM JUL 1 7 CLOUDY (SCALE 8-10) 1
DPTR FM NORMAL -33
[CDD (BASE 65) ]
TOTAL THIS MO. 149
DPTR FM NORMAL -12 [PRESSURE DATA]
TOTAL FM JAN 1 1056 HIGHEST SLP 30.24 ON 21
DPTR FM NORMAL -139 LOWEST SLP 29.81 ON 7
[REMARKS]
#FINAL-09-23#