000
CXUS53 KSGF 010710
CF6JLN
PRELIMINARY LOCAL CLIMATOLOGICAL DATA (WS FORM: F-6)
STATION: JOPLIN MO
MONTH: MARCH
YEAR: 2021
LATITUDE: 37 10 N
LONGITUDE: 94 30 W
TEMPERATURE IN F: :PCPN: SNOW: WIND :SUNSHINE: SKY :PK WND
================================================================================
1 2 3 4 5 6A 6B 7 8 9 10 11 12 13 14 15 16 17 18
12Z AVG MX 2MIN
DY MAX MIN AVG DEP HDD CDD WTR SNW DPTH SPD SPD DIR MIN PSBL S-S WX SPD DR
================================================================================
1 53 26 40 -4 25 0 0.00 M M 5.1 12 10 M M 0 1 17 360
2 60 28 44 0 21 0 0.00 M M 8.3 20 210 M M 0 27 220
3 69 40 55 10 10 0 0.00 M M 11.3 21 220 M M 0 8 29 210
4 71 36 54 9 11 0 0.00 M M 5.9 15 110 M M 0 8 23 180
5 58 34 46 0 19 0 T M M 6.9 20 110 M M 5 1 28 110
6 62 28 45 -1 20 0 0.00 M M 3.8 9 260 M M 0 1 14 240
7 67 38 53 7 12 0 0.00 M M 11.8 24 230 M M 0 37 220
8 69 40 55 9 10 0 0.00 M M 11.5 23 220 M M 0 8 29 180
9 74 53 64 17 1 0 0.00 M M 21.2 37 190 M M 1 8 48 190
10 73 62 68 21 0 3 0.00 M M 24.9 39 190 M M 6 52 190
11 67 46 57 10 8 0 0.86 M M 9.4 25 200 M M 9 13 34 200
12 54 48 51 3 14 0 0.52 M M 10.4 21 90 M M 10 13 30 90
13 66 49 58 10 7 0 1.23 M M 10.2 21 120 M M 10 13 28 110
14 57 49 53 5 12 0 0.65 M M 10.2 21 130 M M 8 123 29 130
15 66 45 56 7 9 0 0.00 M M 12.8 30 240 M M 3 1 40 250
16 76 39 58 9 7 0 0.00 M M 6.9 18 170 M M 0 24 170
17 60 38 49 0 16 0 1.53 M M 15.1 31 280 M M 7 13 42 360
18 44 33 39 -11 26 0 0.21 M M 13.8 23 330 M M 10 1 31 330
19 57 33 45 -5 20 0 0.00 M M 8.4 14 30 M M 1 21 10
20 62 30 46 -4 19 0 0.00 M M 6.4 14 120 M M 0 22 120
21 69 40 55 5 10 0 0.00 M M 12.3 25 180 M M 0 8 33 160
22 65 51 58 7 7 0 0.19 M M 12.4 23 190 M M 4 1 29 190
23 58 51 55 4 10 0 0.05 M M 18.7 31 210 M M 7 1 42 210
24 59 45 52 1 13 0 0.02 M M 10.3 20 260 M M 6 1 28 240
25 51 43 47 -5 18 0 0.15 M M 6.8 25 100 M M 9 1 36 100
26 71 38 55 3 10 0 0.00 M M 7.8 17 140 M M 0 1 23 130
27 74 48 61 9 4 0 0.00 M M 12.8 24 340 M M 1 33 340
28 59 37 48 -5 17 0 0.00 M M 8.7 18 300 M M 0 26 290
29 73 45 59 6 6 0 0.00 M M 19.6 29 180 M M 0 8 41 180
30 68 44 56 3 9 0 0.00 M M 16.4 30 180 M M 6 47 200
31 56 36 46 -8 19 0 0.00 M M 7.9 18 350 M M 1 28 10
================================================================================
SM 1968 1273 390 3 5.41 M 348.0 M 104
================================================================================
AV 63.5 41.1 11.2 FASTST M M 3 MAX(MPH)
MISC ----> 39 190 52 190
================================================================================
NOTES:
# LAST OF SEVERAL OCCURRENCES
COLUMN 17 PEAK WIND IN M.P.H.
PRELIMINARY LOCAL CLIMATOLOGICAL DATA (WS FORM: F-6) , PAGE 2
STATION: JOPLIN MO
MONTH: MARCH
YEAR: 2021
LATITUDE: 37 10 N
LONGITUDE: 94 30 W
[TEMPERATURE DATA] [PRECIPITATION DATA] SYMBOLS USED IN COLUMN 16
AVERAGE MONTHLY: 52.3 TOTAL FOR MONTH: 5.41 1 = FOG OR MIST
DPTR FM NORMAL: 3.4 DPTR FM NORMAL: 1.99 2 = FOG REDUCING VISIBILITY
HIGHEST: 76 ON 16 GRTST 24HR 1.74 ON 17-18 TO 1/4 MILE OR LESS
LOWEST: 26 ON 1 3 = THUNDER
SNOW, ICE PELLETS, HAIL 4 = ICE PELLETS
TOTAL MONTH: M 5 = HAIL
GRTST 24HR M ON M 6 = FREEZING RAIN OR DRIZZLE
GRTST DEPTH: M ON M 7 = DUSTSTORM OR SANDSTORM:
VSBY 1/2 MILE OR LESS
8 = SMOKE OR HAZE
[NO. OF DAYS WITH] [WEATHER - DAYS WITH] 9 = BLOWING SNOW
X = TORNADO
MAX 32 OR BELOW: 0 0.01 INCH OR MORE: 10
MAX 90 OR ABOVE: 0 0.10 INCH OR MORE: 8
MIN 32 OR BELOW: 4 0.50 INCH OR MORE: 5
MIN 0 OR BELOW: 0 1.00 INCH OR MORE: 2
[HDD (BASE 65) ]
TOTAL THIS MO. 390 CLEAR (SCALE 0-3) 18
DPTR FM NORMAL -118 PTCLDY (SCALE 4-7) 8
TOTAL FM JUL 1 3753 CLOUDY (SCALE 8-10) 5
DPTR FM NORMAL -9
[CDD (BASE 65) ]
TOTAL THIS MO. 3
DPTR FM NORMAL -6 [PRESSURE DATA]
TOTAL FM JAN 1 3 HIGHEST SLP M ON M
DPTR FM NORMAL -7 LOWEST SLP 29.47 ON 17
[REMARKS]
#FINAL-03-21#