000
CXHW50 PHFO 011250
CF6JRF
PRELIMINARY LOCAL CLIMATOLOGICAL DATA (WS FORM: F-6)
STATION: KALAELOA ARPT/OAHU HI
MONTH: JULY
YEAR: 2023
LATITUDE: 21 19 N
LONGITUDE: 158 4 W
TEMPERATURE IN F: :PCPN: SNOW: WIND :SUNSHINE: SKY :PK WND
================================================================================
1 2 3 4 5 6A 6B 7 8 9 10 11 12 13 14 15 16 17 18
12Z AVG MX 2MIN
DY MAX MIN AVG DEP HDD CDD WTR SNW DPTH SPD SPD DIR MIN PSBL S-S WX SPD DR
================================================================================
1 87 73 80 0 0 15 T M M 6.5 15 90 M M 4 20 80
2 88 70 79 -1 0 14 T M M 7.2 18 130 M M 4 22 130
3 90 73 82 2 0 17 T M M 6.3 18 130 M M 5 21 140
4 89 70 80 0 0 15 0.00 M M 6.3 14 70 M M 2 22 30
5 88 69 79 -1 0 14 T M M 5.9 15 40 M M 5 23 90
6 87 74 81 1 0 16 T M M 7.9 16 90 M M 6 25 80
7 86 71 79 -1 0 14 T M M 7.4 15 40 M M 5 25 90
8 88 72 80 0 0 15 T M M 7.8 17 40 M M 5 8 26 30
9 87 72 80 0 0 15 T M M 8.0 15 50 M M 3 25 70
10 87 71 79 -1 0 14 T M M 6.9 15 30 M M 5 1 23 40
11 88 71 80 0 0 15 0.00 M M 7.0 16 40 M M 3 24 80
12 91 73 82 2 0 17 0.00 M M 7.4 20 140 M M 1 24 110
13 90 71 81 1 0 16 0.00 M M 6.9 15 130 M M 3 21 30
14 89 66 78 -2 0 13 0.00 M M 5.7 15 280 M M 2 23 280
15 89 70 80 0 0 15 T M M 6.8 16 120 M M 3 23 40
16 88 70 79 -1 0 14 T M M 6.9 15 50 M M 4 23 60
17 90 73 82 2 0 17 0.00 M M 7.3 15 40 M M 2 21 60
18 89 76 83 3 0 18 T M M 9.7 22 40 M M 3 35 60
19 86 77 82 2 0 17 T M M 9.3 17 50 M M 6 28 50
20 90 76 83 3 0 18 T M M 8.0 16 70 M M 5 27 70
21 88 75 82 2 0 17 T M M 7.1 15 100 M M 6 24 120
22 88 74 81 1 0 16 T M M 7.4 18 130 M M 5 22 130
23 90 75 83 3 0 18 0.01 M M 7.3 15 40 M M 4 22 40
24 89 75 82 2 0 17 0.00 M M 7.8 15 50 M M 5 23 80
25 91 73 82 2 0 17 0.00 M M 7.1 15 60 M M 4 24 60
26 90 74 82 2 0 17 0.00 M M 7.6 16 40 M M 5 24 30
27 90 75 83 2 0 18 T M M 7.4 17 40 M M 4 22 80
28 89 75 82 1 0 17 0.00 M M 7.7 17 80 M M 4 26 90
29 88 74 81 0 0 16 0.02 M M 6.8 14 40 M M 5 24 40
30 90 73 82 1 0 17 T M M 7.2 20 130 M M 3 25 130
31 88 72 80 -1 0 15 0.00 M M 7.8 18 40 M M 2 28 50
================================================================================
SM 2748 2253 0 494 0.03 M 226.4 M 123
================================================================================
AV 88.6 72.7 7.3 FASTST M M 4 MAX(MPH)
MISC ----> 22 40 35 60
================================================================================
NOTES:
# LAST OF SEVERAL OCCURRENCES
COLUMN 17 PEAK WIND IN M.P.H.
PRELIMINARY LOCAL CLIMATOLOGICAL DATA (WS FORM: F-6) , PAGE 2
STATION: KALAELOA ARPT/OAHU HI
MONTH: JULY
YEAR: 2023
LATITUDE: 21 19 N
LONGITUDE: 158 4 W
[TEMPERATURE DATA] [PRECIPITATION DATA] SYMBOLS USED IN COLUMN 16
AVERAGE MONTHLY: 80.7 TOTAL FOR MONTH: 0.03 1 = FOG OR MIST
DPTR FM NORMAL: 0.4 DPTR FM NORMAL: -0.26 2 = FOG REDUCING VISIBILITY
HIGHEST: 91 ON 25,12 GRTST 24HR 0.02 ON 29-29 TO 1/4 MILE OR LESS
LOWEST: 66 ON 14 3 = THUNDER
SNOW, ICE PELLETS, HAIL 4 = ICE PELLETS
TOTAL MONTH: M 5 = HAIL
GRTST 24HR M ON M 6 = FREEZING RAIN OR DRIZZLE
GRTST DEPTH: M ON M 7 = DUSTSTORM OR SANDSTORM:
VSBY 1/2 MILE OR LESS
8 = SMOKE OR HAZE
[NO. OF DAYS WITH] [WEATHER - DAYS WITH] 9 = BLOWING SNOW
X = TORNADO
MAX 32 OR BELOW: 0 0.01 INCH OR MORE: 2
MAX 90 OR ABOVE: 10 0.10 INCH OR MORE: 0
MIN 32 OR BELOW: 0 0.50 INCH OR MORE: 0
MIN 0 OR BELOW: 0 1.00 INCH OR MORE: 0
[HDD (BASE 65) ]
TOTAL THIS MO. 0 CLEAR (SCALE 0-3) 8
DPTR FM NORMAL 0 PTCLDY (SCALE 4-7) 23
TOTAL FM JUL 1 0 CLOUDY (SCALE 8-10) 0
DPTR FM NORMAL 0
[CDD (BASE 65) ]
TOTAL THIS MO. 494
DPTR FM NORMAL 21 [PRESSURE DATA]
TOTAL FM JAN 1 2545 HIGHEST SLP 30.16 ON 28
DPTR FM NORMAL 214 LOWEST SLP 29.96 ON 15
[REMARKS]
#FINAL-07-23#