000
CXUS52 TJSJ 010449
CF6JSJ
PRELIMINARY LOCAL CLIMATOLOGICAL DATA (WS FORM: F-6)
STATION: SAN JUAN AREA/PR
MONTH: DECEMBER
YEAR: 2022
LATITUDE: 18 25 N
LONGITUDE: 66 0 W
TEMPERATURE IN F: :PCPN: SNOW: WIND :SUNSHINE: SKY :PK WND
================================================================================
1 2 3 4 5 6A 6B 7 8 9 10 11 12 13 14 15 16 17 18
12Z AVG MX 2MIN
DY MAX MIN AVG DEP HDD CDD WTR SNW DPTH SPD SPD DIR MIN PSBL S-S WX SPD DR
================================================================================
1 86 75 81 1 0 16 0.05 M M 9.0 18 70 M M 5 24 80
2 85 77 81 1 0 16 0.03 M M 10.6 22 70 M M 4 26 80
3 85 74 80 1 0 15 0.08 M M 5.9 14 20 M M 4 22 20
4 84 75 80 1 0 15 0.18 M M 9.3 25 340 M M 5 8 30 340
5 85 73 79 0 0 14 0.31 M M 11.4 25 340 M M 5 32 330
6 85 78 82 3 0 17 0.01 M M 10.1 20 10 M M 5 27 10
7 84 74 79 0 0 14 0.03 M M 10.4 20 30 M M 5 24 30
8 85 77 81 2 0 16 T M M 9.4 16 360 M M 4 20 340
9 84 73 79 0 0 14 0.04 M M 5.0 16 40 M M 3 20 50
10 84 72 78 -1 0 13 0.04 M M 5.6 13 350 M M 4 19 360
11 85 73 79 0 0 14 0.02 M M 7.3 16 10 M M 4 20 10
12 83 73 78 -1 0 13 T M M 4.6 12 10 M M 4 20 10
13 82 71 77 -2 0 12 0.02 M M 3.9 10 20 M M 4 20 10
14 84 72 78 -1 0 13 T M M 5.5 13 70 M M 3 18 60
15 84 74 79 0 0 14 T M M 6.4 16 60 M M 5 21 60
16 85 74 80 1 0 15 0.42 M M 9.7 21 70 M M 5 1 25 70
17 82 74 78 -1 0 13 0.91 M M 5.2 17 70 M M 6 1 22 70
18 86 74 80 1 0 15 T M M 6.8 18 80 M M 3 23 70
19 85 73 79 0 0 14 T M M 6.1 18 80 M M 3 23 50
20 84 74 79 1 0 14 0.49 M M 7.2 22 60 M M 5 1 27 50
21 86 74 80 2 0 15 0.43 M M 7.5 21 80 M M 3 1 25 80
22 86 73 80 2 0 15 T M M 7.6 20 80 M M 3 25 90
23 86 75 81 3 0 16 0.03 M M 5.3 16 100 M M 4 23 70
24 87 74 81 3 0 16 0.02 M M 6.9 21 80 M M 3 24 70
25 85 73 79 1 0 14 0.03 M M 8.4 22 90 M M 3 27 80
26 84 75 80 2 0 15 0.17 M M 7.8 23 80 M M 4 1 27 70
27 87 74 81 3 0 16 T M M 9.0 20 80 M M 4 26 100
28 86 75 81 3 0 16 0.06 M M 9.0 23 90 M M 3 27 80
29 85 75 80 2 0 15 0.17 M M 10.9 29 70 M M 5 1 34 80
30 83 75 79 1 0 14 0.09 M M 10.3 30 80 M M 5 1 36 80
31 85 73 79 1 0 14 0.09 0.0 0 7.0 18 60 M M 4 1 23 70
================================================================================
SM 2627 2296 0 453 3.72 0.0 239.1 M 127
================================================================================
AV 84.7 74.1 7.7 FASTST M M 4 MAX(MPH)
MISC ----> 30 80 36 80
================================================================================
NOTES:
# LAST OF SEVERAL OCCURRENCES
COLUMN 17 PEAK WIND IN M.P.H.
PRELIMINARY LOCAL CLIMATOLOGICAL DATA (WS FORM: F-6) , PAGE 2
STATION: SAN JUAN AREA/PR
MONTH: DECEMBER
YEAR: 2022
LATITUDE: 18 25 N
LONGITUDE: 66 0 W
[TEMPERATURE DATA] [PRECIPITATION DATA] SYMBOLS USED IN COLUMN 16
AVERAGE MONTHLY: 79.4 TOTAL FOR MONTH: 3.72 1 = FOG OR MIST
DPTR FM NORMAL: 0.6 DPTR FM NORMAL: -1.13 2 = FOG REDUCING VISIBILITY
HIGHEST: 87 ON 27,24 GRTST 24HR 0.91 ON 17-17 TO 1/4 MILE OR LESS
LOWEST: 71 ON 13 3 = THUNDER
SNOW, ICE PELLETS, HAIL 4 = ICE PELLETS
TOTAL MONTH: 0.0 INCH 5 = HAIL
GRTST 24HR 0.0 6 = FREEZING RAIN OR DRIZZLE
GRTST DEPTH: 0 7 = DUSTSTORM OR SANDSTORM:
VSBY 1/2 MILE OR LESS
8 = SMOKE OR HAZE
[NO. OF DAYS WITH] [WEATHER - DAYS WITH] 9 = BLOWING SNOW
X = TORNADO
MAX 32 OR BELOW: 0 0.01 INCH OR MORE: 23
MAX 90 OR ABOVE: 0 0.10 INCH OR MORE: 8
MIN 32 OR BELOW: 0 0.50 INCH OR MORE: 1
MIN 0 OR BELOW: 0 1.00 INCH OR MORE: 0
[HDD (BASE 65) ]
TOTAL THIS MO. 0 CLEAR (SCALE 0-3) 5
DPTR FM NORMAL 0 PTCLDY (SCALE 4-7) 26
TOTAL FM JUL 1 0 CLOUDY (SCALE 8-10) 0
DPTR FM NORMAL 0
[CDD (BASE 65) ]
TOTAL THIS MO. 453
DPTR FM NORMAL 27 [PRESSURE DATA]
TOTAL FM JAN 1 5917 HIGHEST SLP M ON M
DPTR FM NORMAL 118 LOWEST SLP 29.79 ON 5
[REMARKS]
#FINAL-12-22#