000
CXUS52 TJSJ 010441
CF6JSJ
PRELIMINARY LOCAL CLIMATOLOGICAL DATA (WS FORM: F-6)
STATION: SAN JUAN AREA/PR
MONTH: FEBRUARY
YEAR: 2024
LATITUDE: 18 25 N
LONGITUDE: 66 0 W
TEMPERATURE IN F: :PCPN: SNOW: WIND :SUNSHINE: SKY :PK WND
================================================================================
1 2 3 4 5 6A 6B 7 8 9 10 11 12 13 14 15 16 17 18
12Z AVG MX 2MIN
DY MAX MIN AVG DEP HDD CDD WTR SNW DPTH SPD SPD DIR MIN PSBL S-S WX SPD DR
================================================================================
1 85 74 80 2 0 15 T M M 4.6 20 330 M M 5 29 330
2 82 74 78 0 0 13 0.19 M M 5.9 17 330 M M 6 1 27 340
3 83 71 77 -1 0 12 0.07 M M 3.3 10 70 M M 5 21 10
4 86 71 79 1 0 14 0.01 M M 3.8 14 160 M M 4 20 160
5 91 76 84 6 0 19 0.01 M M 7.6 18 190 M M 4 32 170
6 88 77 83 5 0 18 1.96 M M 6.2 22 280 M M 7 13 27 270
7 82 74 78 0 0 13 0.41 M M 3.6 10 210 M M 8 1 18 240
8 80 70 75 -3 0 10 0.31 M M 6.2 18 330 M M 8 25 350
9 82 72 77 -1 0 12 0.15 M M 11.9 20 10 M M 4 29 10
10 82 72 77 -1 0 12 0.01 M M 11.1 18 70 M M 4 26 40
11 82 75 79 1 0 14 0.03 M M 12.7 20 70 M M 8 1 27 70
12 84 74 79 1 0 14 0.28 M M 9.5 20 80 M M 5 1 M M
13 89 71 80 2 0 15 T M M 3.5 16 70 M M 3 20 70
14 87 74 81 3 0 16 T M M 5.2 15 60 M M 3 26 20
15 85 75 80 2 0 15 T M M 5.1 13 60 M M 4 22 70
16 86 74 80 2 0 15 0.00 M M 7.3 22 60 M M 3 27 60
17 90 74 82 4 0 17 0.00 M M 3.3 15 140 M M 2 22 140
18 89 72 81 3 0 16 0.00 M M 5.2 16 150 M M 2 25 160
19 90 74 82 4 0 17 T M M 6.1 15 90 M M 3 20 130
20 86 75 81 3 0 16 T M M 6.8 21 80 M M 4 28 70
21 86 74 80 2 0 15 0.04 M M 5.8 13 260 M M 6 18 170
22 83 72 78 0 0 13 0.34 M M 8.8 16 320 M M 7 1 29 360
23 82 71 77 -1 0 12 0.00 M M 4.9 15 70 M M 2 24 20
24 86 72 79 1 0 14 0.01 M M 5.1 16 70 M M 3 23 30
25 83 76 80 2 0 15 0.01 M M 4.2 13 30 M M 7 18 40
26 81 74 78 0 0 13 0.83 M M 6.6 17 70 M M 8 1 23 70
27 82 73 78 0 0 13 0.73 M M 5.7 25 80 M M 7 18 32 80
28 84 73 79 1 0 14 0.36 M M 8.8 17 70 M M 6 13 24 70
29 84 78 81 3 0 16 0.02 M M 11.1 16 40 M M 5 27 10
================================================================================
SM 2460 2132 0 418 5.77 M 190.0 M 143
================================================================================
AV 84.8 73.5 6.6 FASTST M M 5 MAX(MPH)
MISC ----> 25 80 # 32 170
================================================================================
NOTES:
# LAST OF SEVERAL OCCURRENCES
COLUMN 17 PEAK WIND IN M.P.H.
PRELIMINARY LOCAL CLIMATOLOGICAL DATA (WS FORM: F-6) , PAGE 2
STATION: SAN JUAN AREA/PR
MONTH: FEBRUARY
YEAR: 2024
LATITUDE: 18 25 N
LONGITUDE: 66 0 W
[TEMPERATURE DATA] [PRECIPITATION DATA] SYMBOLS USED IN COLUMN 16
AVERAGE MONTHLY: 79.2 TOTAL FOR MONTH: 5.77 1 = FOG OR MIST
DPTR FM NORMAL: 1.4 DPTR FM NORMAL: 3.19 2 = FOG REDUCING VISIBILITY
HIGHEST: 91 ON 5 GRTST 24HR 2.04 ON 6- 7 TO 1/4 MILE OR LESS
LOWEST: 70 ON 8 3 = THUNDER
SNOW, ICE PELLETS, HAIL 4 = ICE PELLETS
TOTAL MONTH: M 5 = HAIL
GRTST 24HR M ON M 6 = FREEZING RAIN OR DRIZZLE
GRTST DEPTH: M ON M 7 = DUSTSTORM OR SANDSTORM:
VSBY 1/2 MILE OR LESS
8 = SMOKE OR HAZE
[NO. OF DAYS WITH] [WEATHER - DAYS WITH] 9 = BLOWING SNOW
X = TORNADO
MAX 32 OR BELOW: 0 0.01 INCH OR MORE: 19
MAX 90 OR ABOVE: 3 0.10 INCH OR MORE: 10
MIN 32 OR BELOW: 0 0.50 INCH OR MORE: 3
MIN 0 OR BELOW: 0 1.00 INCH OR MORE: 1
[HDD (BASE 65) ]
TOTAL THIS MO. 0 CLEAR (SCALE 0-3) 5
DPTR FM NORMAL 0 PTCLDY (SCALE 4-7) 24
TOTAL FM JUL 1 0 CLOUDY (SCALE 8-10) 0
DPTR FM NORMAL 0
[CDD (BASE 65) ]
TOTAL THIS MO. 418
DPTR FM NORMAL 60 [PRESSURE DATA]
TOTAL FM JAN 1 893 HIGHEST SLP M ON M
DPTR FM NORMAL 146 LOWEST SLP 29.72 ON 6
[REMARKS]
#FINAL-02-24#