000
CXUS54 KFWD 010732
CF6JWY
PRELIMINARY LOCAL CLIMATOLOGICAL DATA (WS FORM: F-6)
STATION: WAXAHACHIE
MONTH: AUGUST
YEAR: 2023
LATITUDE: 32 27 N
LONGITUDE: 96 54 W
TEMPERATURE IN F: :PCPN: SNOW: WIND :SUNSHINE: SKY :PK WND
================================================================================
1 2 3 4 5 6A 6B 7 8 9 10 11 12 13 14 15 16 17 18
12Z AVG MX 2MIN
DY MAX MIN AVG DEP HDD CDD WTR SNW DPTH SPD SPD DIR MIN PSBL S-S WX SPD DR
================================================================================
1 101 77 89 5 0 24 0.00 M M 1.5 6 100 M M 0 M M
2 102 78 90 5 0 25 0.00 M M 4.2 12 230 M M 0 18 190
3 102 79 91 6 0 26 0.00 M M 7.0 14 210 M M 2 18 180
4 102 81 92 7 0 27 0.00 M M 6.6 10 230 M M 4 20 220
5 102 80 91 6 0 26 0.00 M M 6.4 13 200 M M 6 17 200
6 104 79 92 7 0 27 0.00 M M 6.0 12 190 M M 7 16 180
7 100 82 91 6 0 26 0.00 M M 7.3 13 190 M M 6 20 190
8 102 82 92 7 0 27 0.00 M M 9.2 16 200 M M 6 24 200
9 103 79 91 6 0 26 0.00 M M 12.4 21 190 M M 4 29 190
10 101 82 92 8 0 27 0.00 M M 10.7 17 190 M M 0 24 190
11 101 80 91 7 0 26 0.00 M M 10.3 20 210 M M 1 25 210
12 103 78 91 7 0 26 0.00 M M 11.2 20 210 M M 2 24 220
13 104 79 92 8 0 27 0.00 M M 9.7 15 210 M M 5 20 200
14 102 80 91 7 0 26 0.00 M M 8.9 14 10 M M 6 24 20
15 95 71 83 -1 0 18 0.00 M M 4.6 15 360 M M 5 22 50
16 97 65 81 -3 0 16 0.00 M M 1.9 7 70 M M 4 M M
17 102 70 86 2 0 21 0.00 M M 2.8 10 180 M M 4 16 180
18 M 76 M M M M 0.00 M M 2.9 9 210 M M 2 17 200
19 102 82 92 8 0 27 0.00 M M 4.3 9 250 M M 6 16 200
20 103 77 90 6 0 25 0.00 M M 2.4 9 320 M M 8 M M
21 100 80 90 6 0 25 0.00 M M 3.3 6 80 M M 8 M M
22 102 79 91 7 0 26 0.00 M M 2.5 8 100 M M 7 M M
23 102 77 90 7 0 25 0.00 M M 2.0 8 170 M M 8 M M
24 M 80 M M M M 0.00 M M 0.2 4 320 M M 9 M M
25 100 80 90 7 0 25 0.00 M M 0.0 M M M M 8 M M
26 99 82 91 8 0 26 0.00 M M 2.0 9 220 M M 8 M M
27 101 76 89 6 0 24 M M M 5.8 17 230 M M 4 23 230
28 96 74 85 3 0 20 0.00 M M 6.1 14 360 M M 5 20 10
29 97 71 84 2 0 19 0.00 M M 2.9 9 50 M M 6 23 20
30 98 72 85 3 0 20 0.00 M M 4.0 14 360 M M 8 25 360
31 98 70 84 2 0 19 0.00 M M 2.2 9 160 M M 6 M M
================================================================================
SM 2921 2398 0 702 0.00 M 161.3 M 155
================================================================================
AV100.7 77.4 5.2 FASTST M M 5 MAX(MPH)
MISC ----> 21 190 29 190
================================================================================
NOTES:
# LAST OF SEVERAL OCCURRENCES
COLUMN 17 PEAK WIND IN M.P.H.
PRELIMINARY LOCAL CLIMATOLOGICAL DATA (WS FORM: F-6) , PAGE 2
STATION: WAXAHACHIE
MONTH: AUGUST
YEAR: 2023
LATITUDE: 32 27 N
LONGITUDE: 96 54 W
[TEMPERATURE DATA] [PRECIPITATION DATA] SYMBOLS USED IN COLUMN 16
AVERAGE MONTHLY: 89.0 TOTAL FOR MONTH: 0.00 1 = FOG OR MIST
DPTR FM NORMAL: 5.2 DPTR FM NORMAL: -2.34 2 = FOG REDUCING VISIBILITY
HIGHEST: 104 ON 13, 6 GRTST 24HR 0.00 ON 1- 1 TO 1/4 MILE OR LESS
LOWEST: 65 ON 16 3 = THUNDER
SNOW, ICE PELLETS, HAIL 4 = ICE PELLETS
TOTAL MONTH: M 5 = HAIL
GRTST 24HR M ON M 6 = FREEZING RAIN OR DRIZZLE
GRTST DEPTH: M ON M 7 = DUSTSTORM OR SANDSTORM:
VSBY 1/2 MILE OR LESS
8 = SMOKE OR HAZE
[NO. OF DAYS WITH] [WEATHER - DAYS WITH] 9 = BLOWING SNOW
X = TORNADO
MAX 32 OR BELOW: 0 0.01 INCH OR MORE: 0
MAX 90 OR ABOVE: 29 0.10 INCH OR MORE: 0
MIN 32 OR BELOW: 0 0.50 INCH OR MORE: 0
MIN 0 OR BELOW: 0 1.00 INCH OR MORE: 0
[HDD (BASE 65) ]
TOTAL THIS MO. 0 CLEAR (SCALE 0-3) 7
DPTR FM NORMAL 0 PTCLDY (SCALE 4-7) 21
TOTAL FM JUL 1 0 CLOUDY (SCALE 8-10) 3
DPTR FM NORMAL 0
[CDD (BASE 65) ]
TOTAL THIS MO. 702
DPTR FM NORMAL 119 [PRESSURE DATA]
TOTAL FM JAN 1 1789 HIGHEST SLP M ON M
DPTR FM NORMAL -148 LOWEST SLP M ON M
[REMARKS]
#FINAL-08-23#