000
CXUS53 KGID 011606
CF6JYR
PRELIMINARY LOCAL CLIMATOLOGICAL DATA (WS FORM: F-6)
STATION: YORK
MONTH: JUNE
YEAR: 2021
LATITUDE: 40 54 N
LONGITUDE: 97 37 W
TEMPERATURE IN F: :PCPN: SNOW: WIND :SUNSHINE: SKY :PK WND
================================================================================
1 2 3 4 5 6A 6B 7 8 9 10 11 12 13 14 15 16 17 18
12Z AVG MX 2MIN
DY MAX MIN AVG DEP HDD CDD WTR SNW DPTH SPD SPD DIR MIN PSBL S-S WX SPD DR
================================================================================
1 75 52 64 M 1 0 0.00 M M 2.5 10 120 M M 1 14 130
2 77 50 64 M 1 0 0.00 M M 1.2 6 90 M M 1 M M
3 82 52 67 M 0 2 0.00 M M 8.7 14 220 M M 0 18 220
4 88 61 75 M 0 10 0.00 M M 10.3 14 210 M M 0 22 200
5 88 66 77 M 0 12 0.00 M M 13.6 20 190 M M 0 27 180
6 84 64 74 M 0 9 0.00 M M 13.8 20 200 M M 1 27 200
7 88 66 77 M 0 12 0.00 M M 9.4 15 170 M M 1 21 190
8 86 64 75 M 0 10 0.00 M M 6.1 13 140 M M 1 16 150
9 90 64 77 M 0 12 0.00 M M 3.8 13 130 M M 0 18 110
10 93 68 81 M 0 16 0.00 M M 8.9 17 160 M M 0 24 160
11 79 63 71 M 0 6 0.28 M M 9.6 21 40 M M 5 13 31 190
12 82 55 69 M 0 4 0.00 M M 6.0 12 50 M M 0 15 40
13 91 59 75 M 0 10 0.00 M M 3.2 10 160 M M 0 13 160
14 95 63 79 M 0 14 T M M 3.9 14 240 M M 0 17 240
15 93 68 81 M 0 16 0.00 M M 8.9 13 120 M M 0 18 90
16 100 70 85 M 0 20 0.00 M M 10.4 16 200 M M 0 22 190
17 100 72 86 M 0 21 0.00 M M 11.6 20 200 M M 0 28 200
18 88 72 80 M 0 15 0.00 M M 10.9 18 60 M M 0 22 80
19 86 64 75 M 0 10 T M M 10.9 20 50 M M 0 30 110
20 86 64 75 M 0 10 0.05 M M 10.3 20 340 M M 0 1 30 340
21 77 57 67 M 0 2 0.00 M M 5.8 13 320 M M 2 20 310
22 88 55 72 M 0 7 0.08 M M 13.2 21 220 M M 2 39 340
23 90 63 77 M 0 12 0.00 M M 12.5 18 180 M M 0 22 170
24 81 66 74 M 0 9 0.71 M M 10.0 21 140 M M 4 13 53 150
25 82 64 73 M 0 8 0.43 M M 3.8 13 40 M M 5 138 28 0
26 75 63 69 M 0 4 T M M 7.3 18 350 M M 7 1 27 350
27 81 59 70 M 0 5 0.00 M M 0.6 7 310 M M 2 1 14 99
28 81 63 72 M 0 7 T M M 2.7 13 160 M M 3 1 12 180
29 82 59 71 M 0 6 0.00 M M 1.8 8 50 M M 0 M M
30 82 63 73 M 0 8 0.00 M M 2.2 8 40 M M 1 1 M M
================================================================================
SM 2570 1869 2 277 1.55 M 223.9 M 36
================================================================================
AV 85.7 62.3 7.5 FASTST M M 1 MAX(MPH)
MISC ----> # 21 40 M M
================================================================================
NOTES:
# LAST OF SEVERAL OCCURRENCES
COLUMN 17 PEAK WIND IN M.P.H.
PRELIMINARY LOCAL CLIMATOLOGICAL DATA (WS FORM: F-6) , PAGE 2
STATION: YORK
MONTH: JUNE
YEAR: 2021
LATITUDE: 40 54 N
LONGITUDE: 97 37 W
[TEMPERATURE DATA] [PRECIPITATION DATA] SYMBOLS USED IN COLUMN 16
AVERAGE MONTHLY: 74.0 TOTAL FOR MONTH: 1.55 1 = FOG OR MIST
DPTR FM NORMAL: 0.0 DPTR FM NORMAL: M 2 = FOG REDUCING VISIBILITY
HIGHEST: 100 ON 17,16 GRTST 24HR 0.71 ON 24-24 TO 1/4 MILE OR LESS
LOWEST: 50 ON 2 3 = THUNDER
SNOW, ICE PELLETS, HAIL 4 = ICE PELLETS
TOTAL MONTH: M 5 = HAIL
GRTST 24HR M ON M 6 = FREEZING RAIN OR DRIZZLE
GRTST DEPTH: M ON M 7 = DUSTSTORM OR SANDSTORM:
VSBY 1/2 MILE OR LESS
8 = SMOKE OR HAZE
[NO. OF DAYS WITH] [WEATHER - DAYS WITH] 9 = BLOWING SNOW
X = TORNADO
MAX 32 OR BELOW: 0 0.01 INCH OR MORE: 5
MAX 90 OR ABOVE: 8 0.10 INCH OR MORE: 3
MIN 32 OR BELOW: 0 0.50 INCH OR MORE: 1
MIN 0 OR BELOW: 0 1.00 INCH OR MORE: 0
[HDD (BASE 65) ]
TOTAL THIS MO. 2 CLEAR (SCALE 0-3) 26
DPTR FM NORMAL M PTCLDY (SCALE 4-7) 4
TOTAL FM JUL 1 5534 CLOUDY (SCALE 8-10) 0
DPTR FM NORMAL M
[CDD (BASE 65) ]
TOTAL THIS MO. 277
DPTR FM NORMAL M [PRESSURE DATA]
TOTAL FM JAN 1 347 HIGHEST SLP M ON M
DPTR FM NORMAL M LOWEST SLP M ON M
[REMARKS]
#FINAL-06-21#