000
CXUS55 KPUB 011310
CF6LAA
PRELIMINARY LOCAL CLIMATOLOGICAL DATA (WS FORM: F-6)
STATION: LAMAR CO
MONTH: FEBRUARY
YEAR: 2022
LATITUDE: 38 4 N
LONGITUDE: 102 41 W
TEMPERATURE IN F: :PCPN: SNOW: WIND :SUNSHINE: SKY :PK WND
================================================================================
1 2 3 4 5 6A 6B 7 8 9 10 11 12 13 14 15 16 17 18
12Z AVG MX 2MIN
DY MAX MIN AVG DEP HDD CDD WTR SNW DPTH SPD SPD DIR MIN PSBL S-S WX SPD DR
================================================================================
1 40 24 32 0 33 0 0.00 M M 11.4 22 80 M M 2 30 60
2 24 2 13 -19 52 0 0.03 M M 11.8 21 70 M M 10 1 28 70
3 15 -10 3 -29 62 0 0.00 M M 3.9 13 200 M M 4 15 200
4 34 -8 13 -19 52 0 0.00 M M 9.6 18 270 M M 0 23 270
5 49 7 28 -5 37 0 0.00 M M 6.6 16 290 M M 0 20 290
6 45 20 33 0 32 0 0.00 M M 9.0 23 10 M M 4 31 10
7 53 20 37 4 28 0 0.00 M M 9.2 16 260 M M 0 20 260
8 57 20 39 6 26 0 0.00 M M 10.2 28 20 M M 0 34 350
9 53 17 35 2 30 0 0.00 M M 4.8 22 40 M M 1 29 50
10 61 27 44 11 21 0 0.00 M M 10.0 20 240 M M 1 27 240
11 50 27 39 6 26 0 0.04 M M 11.7 24 30 M M 5 12 33 20
12 45 9 27 -7 38 0 0.00 M M 8.5 18 250 M M 1 24 260
13 61 20 41 7 24 0 0.00 M M 8.6 23 210 M M 0 30 210
14 63 15 39 5 26 0 0.00 M M 8.9 24 180 M M 0 33 180
15 63 24 44 10 21 0 0.00 M M 5.2 15 200 M M 0 16 200
16 48 19 34 0 31 0 T M M 11.2 28 50 M M 3 1 36 50
17 31 16 24 -11 41 0 0.03 M M 9.4 22 10 M M 4 1 32 20
18 54 13 34 -1 31 0 0.00 M M 7.0 14 250 M M 0 18 250
19 65 18 42 7 23 0 0.00 M M 11.3 32 200 M M 0 43 180
20 70 25 48 12 17 0 0.00 M M 11.0 23 160 M M 0 32 150
21 66 12 39 3 26 0 0.00 M M 11.6 32 50 M M 0 42 50
22 20 4 12 -24 53 0 0.00 M M 12.8 23 360 M M 5 31 20
23 18 -1 9 -27 56 0 0.00 M M 10.3 20 120 M M 0 25 110
24 27 2 15 -22 50 0 0.00 M M 6.4 16 130 M M 1 21 130
25 37 0 19 -18 46 0 0.00 M M 7.7 20 140 M M 0 27 150
26 47 4 26 -11 39 0 0.00 M M 4.3 14 350 M M 0 19 350
27 61 6 34 -4 31 0 0.00 M M 6.3 13 280 M M 0 18 260
28 65 12 39 1 26 0 0.00 M M 5.6 12 200 M M 0 16 150
================================================================================
SM 1322 344 978 0 0.10 M 244.3 M 41
================================================================================
AV 47.2 12.3 8.7 FASTST M M 1 MAX(MPH)
MISC ----> # 32 200 43 180
================================================================================
NOTES:
# LAST OF SEVERAL OCCURRENCES
COLUMN 17 PEAK WIND IN M.P.H.
PRELIMINARY LOCAL CLIMATOLOGICAL DATA (WS FORM: F-6) , PAGE 2
STATION: LAMAR CO
MONTH: FEBRUARY
YEAR: 2022
LATITUDE: 38 4 N
LONGITUDE: 102 41 W
[TEMPERATURE DATA] [PRECIPITATION DATA] SYMBOLS USED IN COLUMN 16
AVERAGE MONTHLY: 29.8 TOTAL FOR MONTH: 0.10 1 = FOG OR MIST
DPTR FM NORMAL: -4.7 DPTR FM NORMAL: -0.12 2 = FOG REDUCING VISIBILITY
HIGHEST: 70 ON 20 GRTST 24HR 0.04 ON 11-11 TO 1/4 MILE OR LESS
LOWEST: -10 ON 3 3 = THUNDER
SNOW, ICE PELLETS, HAIL 4 = ICE PELLETS
TOTAL MONTH: M 5 = HAIL
GRTST 24HR M ON M 6 = FREEZING RAIN OR DRIZZLE
GRTST DEPTH: M ON M 7 = DUSTSTORM OR SANDSTORM:
VSBY 1/2 MILE OR LESS
8 = SMOKE OR HAZE
[NO. OF DAYS WITH] [WEATHER - DAYS WITH] 9 = BLOWING SNOW
X = TORNADO
MAX 32 OR BELOW: 6 0.01 INCH OR MORE: 3
MAX 90 OR ABOVE: 0 0.10 INCH OR MORE: 0
MIN 32 OR BELOW: 28 0.50 INCH OR MORE: 0
MIN 0 OR BELOW: 4 1.00 INCH OR MORE: 0
[HDD (BASE 65) ]
TOTAL THIS MO. 978 CLEAR (SCALE 0-3) 22
DPTR FM NORMAL 124 PTCLDY (SCALE 4-7) 5
TOTAL FM JUL 1 3747 CLOUDY (SCALE 8-10) 1
DPTR FM NORMAL -375
[CDD (BASE 65) ]
TOTAL THIS MO. 0
DPTR FM NORMAL 0 [PRESSURE DATA]
TOTAL FM JAN 1 0 HIGHEST SLP 30.70 ON 4
DPTR FM NORMAL 0 LOWEST SLP 29.39 ON 21
[REMARKS]
#FINAL-02-22#