000
CXUS55 KPUB 011210
CF6LAA
PRELIMINARY LOCAL CLIMATOLOGICAL DATA (WS FORM: F-6)
STATION: LAMAR CO
MONTH: SEPTEMBER
YEAR: 2020
LATITUDE: 38 4 N
LONGITUDE: 102 41 W
TEMPERATURE IN F: :PCPN: SNOW: WIND :SUNSHINE: SKY :PK WND
================================================================================
1 2 3 4 5 6A 6B 7 8 9 10 11 12 13 14 15 16 17 18
12Z AVG MX 2MIN
DY MAX MIN AVG DEP HDD CDD WTR SNW DPTH SPD SPD DIR MIN PSBL S-S WX SPD DR
================================================================================
1 82 57 70 -2 0 5 0.00 0.0 0 6.0 18 110 M M 3 25 110
2 91 55 73 1 0 8 0.00 0.0 0 7.6 20 200 M M 0 18 27 200
3 85 56 71 0 0 6 0.00 M M 11.6 29 30 M M 0 36 30
4 94 49 72 1 0 7 0.00 M M 7.3 18 180 M M 0 24 160
5 100 54 77 6 0 12 0.00 M M 12.0 28 190 M M 0 38 190
6 107 55 81 11 0 16 0.00 M M 6.1 18 360 M M 0 22 360
7 101 57 79 9 0 14 0.00 M M 5.7 16 80 M M 0 30 80
8 M M M M M M M M M M M M M M M 1 M M
9 42 34 38 -31 27 0 0.23 M M 8.0 17 30 M M 10 1 22 40
10 52 40 46 -23 19 0 0.03 M M 3.0 9 310 M M 10 1 12 310
11 76 41 59 -10 6 0 0.00 M M 5.3 14 150 M M 4 12 19 150
12 85 44 65 -3 0 0 0.00 M M 6.9 18 350 M M 0 26 10
13 87 41 64 -4 1 0 0.00 M M 5.8 15 140 M M 0 18 19 160
14 86 45 66 -1 0 1 0.00 0.0 M 5.1 15 150 M M 0 20 140
15 88 44 66 -1 0 1 0.00 0.0 M 4.6 17 170 M M 0 1 23 170
16 85 45 65 -1 0 0 0.00 0.0 M 7.0 17 30 M M 0 8 23 10
17 88 44 66 0 0 1 0.00 M M 6.9 18 180 M M 0 18 23 180
18 91 41 66 0 0 1 0.00 M M 11.3 23 190 M M 0 34 180
19 94 59 77 12 0 12 T M M 20.2 33 190 M M 0 44 180
20 93 48 71 6 0 6 0.00 M M 8.9 25 180 M M 0 36 180
21 92 48 70 6 0 5 0.00 M M 11.1 24 160 M M 0 31 170
22 91 46 69 5 0 4 0.00 M M 7.0 23 130 M M 0 8 31 130
23 89 43 66 3 0 1 0.00 M M 4.0 13 240 M M 0 18 240
24 95 49 72 9 0 7 0.00 0.0 0 6.8 20 280 M M 0 26 290
25 100 49 75 13 0 10 0.00 0.0 0 6.2 17 290 M M 0 22 280
26 99 56 78 16 0 13 0.00 0.0 0 10.6 22 270 M M 0 8 30 270
27 72 48 60 -2 5 0 0.00 0.0 0 13.6 32 20 M M 3 8 40 10
28 68 36 52 -9 13 0 0.00 M M 11.9 22 340 M M 1 8 31 340
29 85 35 60 -1 5 0 0.00 M M 8.6 22 270 M M 0 28 270
30 82 41 62 2 3 0 0.00 M M 7.2 23 50 M M 0 28 40
================================================================================
SM 2500 1360 79 130 0.26 0.0 236.3 M 31
================================================================================
AV 86.2 46.9 8.1 FASTST M M 1 MAX(MPH)
MISC ----> 33 190 44 180
================================================================================
NOTES:
# LAST OF SEVERAL OCCURRENCES
COLUMN 17 PEAK WIND IN M.P.H.
PRELIMINARY LOCAL CLIMATOLOGICAL DATA (WS FORM: F-6) , PAGE 2
STATION: LAMAR CO
MONTH: SEPTEMBER
YEAR: 2020
LATITUDE: 38 4 N
LONGITUDE: 102 41 W
[TEMPERATURE DATA] [PRECIPITATION DATA] SYMBOLS USED IN COLUMN 16
AVERAGE MONTHLY: 66.6 TOTAL FOR MONTH: 0.26 1 = FOG OR MIST
DPTR FM NORMAL: 0.1 DPTR FM NORMAL: -0.99 2 = FOG REDUCING VISIBILITY
HIGHEST: 107 ON 6 GRTST 24HR 0.23 ON 9-10 TO 1/4 MILE OR LESS
LOWEST: 34 ON 9 3 = THUNDER
SNOW, ICE PELLETS, HAIL 4 = ICE PELLETS
TOTAL MONTH: 0.0 INCH 5 = HAIL
GRTST 24HR 0.0 6 = FREEZING RAIN OR DRIZZLE
GRTST DEPTH: 0 7 = DUSTSTORM OR SANDSTORM:
VSBY 1/2 MILE OR LESS
8 = SMOKE OR HAZE
[NO. OF DAYS WITH] [WEATHER - DAYS WITH] 9 = BLOWING SNOW
X = TORNADO
MAX 32 OR BELOW: 0 0.01 INCH OR MORE: 2
MAX 90 OR ABOVE: 13 0.10 INCH OR MORE: 1
MIN 32 OR BELOW: 0 0.50 INCH OR MORE: 0
MIN 0 OR BELOW: 0 1.00 INCH OR MORE: 0
[HDD (BASE 65) ]
TOTAL THIS MO. 79 CLEAR (SCALE 0-3) 25
DPTR FM NORMAL 1 PTCLDY (SCALE 4-7) 2
TOTAL FM JUL 1 79 CLOUDY (SCALE 8-10) 3
DPTR FM NORMAL -6
[CDD (BASE 65) ]
TOTAL THIS MO. 130
DPTR FM NORMAL 7 [PRESSURE DATA]
TOTAL FM JAN 1 1565 HIGHEST SLP 30.44 ON 10
DPTR FM NORMAL 453 LOWEST SLP 29.40 ON 7
[REMARKS]
#FINAL-09-20#