000
CXUS55 KPUB 011510
CF6LAA
PRELIMINARY LOCAL CLIMATOLOGICAL DATA (WS FORM: F-6)
STATION: LAMAR CO
MONTH: MARCH
YEAR: 2020
LATITUDE: 38 4 N
LONGITUDE: 102 41 W
TEMPERATURE IN F: :PCPN: SNOW: WIND :SUNSHINE: SKY :PK WND
================================================================================
1 2 3 4 5 6A 6B 7 8 9 10 11 12 13 14 15 16 17 18
12Z AVG MX 2MIN
DY MAX MIN AVG DEP HDD CDD WTR SNW DPTH SPD SPD DIR MIN PSBL S-S WX SPD DR
================================================================================
1 68 22 45 7 20 0 0.00 M M 9.6 20 80 M M 2 26 80
2 64 27 46 8 19 0 0.00 M M 7.8 22 280 M M 2 28 280
3 66 16 41 3 24 0 0.00 M M 7.9 18 30 M M 0 27 200
4 70 20 45 7 20 0 0.00 M M 12.6 24 200 M M 0 33 190
5 58 22 40 1 25 0 0.00 M M 7.9 17 40 M M 0 24 40
6 77 24 51 12 14 0 0.00 0.0 M 12.4 28 190 M M 0 39 170
7 78 38 58 18 7 0 0.00 0.0 M 11.2 25 220 M M 0 35 260
8 78 40 59 19 6 0 0.00 0.0 M 12.8 29 190 M M 0 36 180
9 65 41 53 13 12 0 0.00 0.0 M 12.0 35 10 M M 4 49 10
10 75 29 52 12 13 0 0.00 0.0 M 7.1 15 280 M M 0 23 110
11 75 26 51 10 14 0 0.00 0.0 M 12.0 25 180 M M 0 34 180
12 65 36 51 10 14 0 0.00 M M 10.0 22 60 M M 0 30 70
13 39 31 35 -7 30 0 0.13 M M 13.0 24 120 M M 10 12 32 120
14 42 32 37 -5 28 0 0.01 M M 11.6 18 90 M M 10 1 24 90
15 51 32 42 0 23 0 0.00 M M 14.1 29 150 M M 8 1 37 150
16 55 39 47 4 18 0 0.01 M M 10.2 18 80 M M 10 1 24 70
17 52 36 44 1 21 0 0.01 M M 11.5 23 160 M M 9 1 29 170
18 73 31 52 9 13 0 0.00 M M 11.3 31 210 M M 2 12 43 210
19 65 28 47 3 18 0 T M M 22.9 43 360 M M 4 8 59 340
20 45 23 34 -10 31 0 0.00 M M 10.4 17 150 M M 5 24 140
21 65 23 44 0 21 0 0.03 M M 7.6 21 130 M M 2 28 130
22 69 27 48 3 17 0 0.00 M M 5.3 26 360 M M 4 1 36 350
23 69 23 46 1 19 0 0.00 M M 9.3 25 110 M M 3 34 120
24 73 35 54 9 11 0 0.00 M M 8.4 16 220 M M 1 22 140
25 81 38 60 14 5 0 0.00 M M 13.6 32 280 M M 0 48 270
26 82 29 56 10 9 0 0.00 M M 11.0 30 230 M M 0 40 220
27 55 38 47 1 18 0 T M M 11.4 24 340 M M 8 13 34 90
28 55 25 40 -6 25 0 0.15 M M 17.3 37 340 M M 4 13 48 330
29 66 22 44 -3 21 0 0.00 M M 6.7 22 160 M M 1 29 170
30 68 31 50 3 15 0 0.00 0.0 M 9.6 33 350 M M 0 42 340
31 76 27 52 5 13 0 0.00 0.0 M 11.2 28 170 M M 0 39 170
================================================================================
SM 2020 911 544 0 0.34 0.0 339.7 M 89
================================================================================
AV 65.2 29.4 11.0 FASTST M M 3 MAX(MPH)
MISC ----> 43 360 59 340
================================================================================
NOTES:
# LAST OF SEVERAL OCCURRENCES
COLUMN 17 PEAK WIND IN M.P.H.
PRELIMINARY LOCAL CLIMATOLOGICAL DATA (WS FORM: F-6) , PAGE 2
STATION: LAMAR CO
MONTH: MARCH
YEAR: 2020
LATITUDE: 38 4 N
LONGITUDE: 102 41 W
[TEMPERATURE DATA] [PRECIPITATION DATA] SYMBOLS USED IN COLUMN 16
AVERAGE MONTHLY: 47.3 TOTAL FOR MONTH: 0.34 1 = FOG OR MIST
DPTR FM NORMAL: 4.8 DPTR FM NORMAL: -0.50 2 = FOG REDUCING VISIBILITY
HIGHEST: 82 ON 26 GRTST 24HR 0.15 ON 27-28 TO 1/4 MILE OR LESS
LOWEST: 16 ON 3 3 = THUNDER
SNOW, ICE PELLETS, HAIL 4 = ICE PELLETS
TOTAL MONTH: 0.0 INCH 5 = HAIL
GRTST 24HR 0.0 6 = FREEZING RAIN OR DRIZZLE
GRTST DEPTH: M ON M 7 = DUSTSTORM OR SANDSTORM:
VSBY 1/2 MILE OR LESS
8 = SMOKE OR HAZE
[NO. OF DAYS WITH] [WEATHER - DAYS WITH] 9 = BLOWING SNOW
X = TORNADO
MAX 32 OR BELOW: 0 0.01 INCH OR MORE: 6
MAX 90 OR ABOVE: 0 0.10 INCH OR MORE: 2
MIN 32 OR BELOW: 22 0.50 INCH OR MORE: 0
MIN 0 OR BELOW: 0 1.00 INCH OR MORE: 0
[HDD (BASE 65) ]
TOTAL THIS MO. 544 CLEAR (SCALE 0-3) 19
DPTR FM NORMAL -154 PTCLDY (SCALE 4-7) 7
TOTAL FM JUL 1 4726 CLOUDY (SCALE 8-10) 5
DPTR FM NORMAL -282
[CDD (BASE 65) ]
TOTAL THIS MO. 0
DPTR FM NORMAL 0 [PRESSURE DATA]
TOTAL FM JAN 1 0 HIGHEST SLP 30.57 ON 20
DPTR FM NORMAL 0 LOWEST SLP 29.41 ON 19
[REMARKS]
#FINAL-03-20#