000
CXUS53 KIND 011516
CLMLAF
CLIMATE REPORT
NATIONAL WEATHER SERVICE INDIANAPOLIS IN
1116 AM EDT TUE AUG 01 2023
...................................
...THE LAFAYETTE IN CLIMATE SUMMARY FOR THE MONTH OF JULY 2023...
CLIMATE NORMAL PERIOD 1991 TO 2020
CLIMATE RECORD PERIOD 9999 TO 9999
WEATHER OBSERVED NORMAL DEPART LAST YEAR`S
VALUE DATE(S) VALUE FROM VALUE DATE(S)
NORMAL
................................................................
TEMPERATURE (F)
HIGHEST 94 07/27 100 07/05
LOWEST 56 07/09 57 07/03
07/19
07/31
07/29
07/30
AVG. MAXIMUM 84.5 83.8 0.7 86.3
AVG. MINIMUM 63.3 63.4 -0.1 64.8
MEAN 73.9 73.6 0.3 75.6
DAYS MAX >= 90 4 6.6 -2.6 10
DAYS MAX <= 32 0 0.0 0.0 0
DAYS MIN <= 32 0 0.0 0.0 0
DAYS MIN <= 0 0 0.0 0.0 0
PRECIPITATION (INCHES)
TOTALS 6.47 4.08 2.39 0.58
DAILY AVG. 0.21 0.13 0.08 0.02
DAYS >= .01 10 11.8 -1.8 MM
DAYS >= .10 8 7.2 0.8 MM
DAYS >= .50 6 2.8 3.2 MM
DAYS >= 1.00 2 1.2 0.8 MM
GREATEST
24 HR. TOTAL 1.72 07/15 TO 07/15
DEGREE DAYS
HEATING TOTAL 0 3 -3 0
SINCE 7/1 0 0 0 MM
COOLING TOTAL 283 270 13 336
SINCE 1/1 536 537 -1 MM
................................................................
WIND (MPH)
AVERAGE WIND SPEED 4.2
HIGHEST WIND SPEED/DIRECTION 36/310 DATE 07/29
HIGHEST GUST SPEED/DIRECTION 51/320 DATE 07/29
SKY COVER
AVERAGE SKY COVER 0.29
AVERAGE RH (PERCENT) 75
WEATHER CONDITIONS. NUMBER OF DAYS WITH
THUNDERSTORM 11 MIXED PRECIP 0
HEAVY RAIN 8 RAIN 7
LIGHT RAIN 12 FREEZING RAIN 0
LT FREEZING RAIN 0 HAIL 0
HEAVY SNOW 0 SNOW 0
LIGHT SNOW 0 SLEET 0
FOG 26 FOG W/VIS <= 1/4 MILE 5
HAZE 5
- INDICATES NEGATIVE NUMBERS.
R INDICATES RECORD WAS SET OR TIED.
MM INDICATES DATA IS MISSING.
T INDICATES TRACE AMOUNT.
$$