000
CXUS53 KGRR 011010
CF6LAN
PRELIMINARY LOCAL CLIMATOLOGICAL DATA (WS FORM: F-6)
STATION: LANSING
MONTH: FEBRUARY
YEAR: 2023
LATITUDE: 42 46 N
LONGITUDE: 84 36 W
TEMPERATURE IN F: :PCPN: SNOW: WIND :SUNSHINE: SKY :PK WND
================================================================================
1 2 3 4 5 6A 6B 7 8 9 10 11 12 13 14 15 16 17 18
12Z AVG MX 2MIN
DY MAX MIN AVG DEP HDD CDD WTR SNW DPTH SPD SPD DIR MIN PSBL S-S WX SPD DR
================================================================================
1 26 10 18 -5 47 0 0.00 0.0 M 11.6 22 220 M M 3 8 26 210
2 34 14 24 0 41 0 T T 5 15.2 29 260 M M 5 8 38 260
3 14 2 8 -16 57 0 T T 4 7.5 17 290 M M 5 8 24 300
4 35 9 22 -2 43 0 0.00 0.0 4 13.2 25 190 M M 4 34 190
5 42 30 36 12 29 0 T T 4 14.5 23 240 M M 5 18 32 240
6 36 26 31 7 34 0 0.00 0.0 1 10.2 22 140 M M 6 31 160
7 47 31 39 15 26 0 0.01 0.0 1 17.4 32 260 M M 9 44 270
8 46 27 37 13 28 0 0.00 0.0 0 5.7 12 170 M M 2 18 17 180
9 49 36 43 19 22 0 1.09 0.0 0 11.4 31 230 M M 9 18 40 210
10 39 25 32 7 33 0 T T 0 15.0 24 260 M M 10 18 33 250
11 47 19 33 8 32 0 0.00 0.0 0 9.5 20 240 M M 0 25 240
12 52 28 40 15 25 0 0.00 0.0 0 6.8 17 260 M M 0 22 270
13 47 29 38 13 27 0 0.00 0.0 0 11.0 24 260 M M 0 18 32 260
14 58 28 43 17 22 0 0.01 0.0 0 11.5 22 150 M M 2 18 32 140
15 54 38 46 20 19 0 0.06 0.0 0 22.3 37 240 M M 10 52 220
16 38 22 30 4 35 0 0.25 0.9 0 12.0 23 50 M M 10 168 31 40
17 26 17 22 -4 43 0 0.02 0.7 1 10.5 20 340 M M 5 168 31 340
18 43 20 32 6 33 0 0.00 0.0 1 12.1 23 240 M M 0 31 230
19 51 36 44 17 21 0 0.00 0.0 T 13.3 28 250 M M 3 36 240
20 44 27 36 9 29 0 0.00 0.0 0 4.2 14 170 M M 5 18 170
21 39 28 34 7 31 0 0.00 0.0 0 13.8 29 260 M M 7 40 270
22 33 27 30 2 35 0 0.82 0.8 0 13.5 22 60 M M 10 16 31 60
23 37 27 32 4 33 0 0.01 T 1 13.6 33 260 M M 10 16 45 250
24 29 22 26 -2 39 0 T T 1 8.4 24 280 M M 7 38 280
25 33 23 28 0 37 0 0.03 0.9 2 9.3 17 210 M M 9 1 23 210
26 43 24 34 5 31 0 0.00 0.0 T 10.5 21 260 M M 1 18 27 230
27 36 22 29 0 36 0 0.82 T T 11.6 29 100 M M 7 16 38 100
28 46 32 39 9 26 0 0.01 T T 9.4 20 290 M M 6 1 29 310
================================================================================
SM 1124 679 914 0 3.13 3.3 325.0 M 150
================================================================================
AV 40.1 24.3 11.6 FASTST M M 5 MAX(MPH)
MISC ----> 37 240 52 220
================================================================================
NOTES:
# LAST OF SEVERAL OCCURRENCES
COLUMN 17 PEAK WIND IN M.P.H.
PRELIMINARY LOCAL CLIMATOLOGICAL DATA (WS FORM: F-6) , PAGE 2
STATION: LANSING
MONTH: FEBRUARY
YEAR: 2023
LATITUDE: 42 46 N
LONGITUDE: 84 36 W
[TEMPERATURE DATA] [PRECIPITATION DATA] SYMBOLS USED IN COLUMN 16
AVERAGE MONTHLY: 32.2 TOTAL FOR MONTH: 3.13 1 = FOG OR MIST
DPTR FM NORMAL: 6.3 DPTR FM NORMAL: 1.42 2 = FOG REDUCING VISIBILITY
HIGHEST: 58 ON 14 GRTST 24HR 1.09 ON 9- 9 TO 1/4 MILE OR LESS
LOWEST: 2 ON 3 3 = THUNDER
SNOW, ICE PELLETS, HAIL 4 = ICE PELLETS
TOTAL MONTH: 3.3 INCHES 5 = HAIL
GRTST 24HR 0.9 ON 16-16 6 = FREEZING RAIN OR DRIZZLE
GRTST DEPTH: 5 ON 2 7 = DUSTSTORM OR SANDSTORM:
VSBY 1/2 MILE OR LESS
8 = SMOKE OR HAZE
[NO. OF DAYS WITH] [WEATHER - DAYS WITH] 9 = BLOWING SNOW
X = TORNADO
MAX 32 OR BELOW: 4 0.01 INCH OR MORE: 11
MAX 90 OR ABOVE: 0 0.10 INCH OR MORE: 4
MIN 32 OR BELOW: 25 0.50 INCH OR MORE: 3
MIN 0 OR BELOW: 0 1.00 INCH OR MORE: 1
[HDD (BASE 65) ]
TOTAL THIS MO. 914 CLEAR (SCALE 0-3) 9
DPTR FM NORMAL -181 PTCLDY (SCALE 4-7) 11
TOTAL FM JUL 1 4168 CLOUDY (SCALE 8-10) 8
DPTR FM NORMAL -683
[CDD (BASE 65) ]
TOTAL THIS MO. 0
DPTR FM NORMAL 0 [PRESSURE DATA]
TOTAL FM JAN 1 0 HIGHEST SLP 30.66 ON 24
DPTR FM NORMAL 0 LOWEST SLP 29.25 ON 27
[REMARKS]
#FINAL-02-23#