000
CXUS53 KGRR 010910
CF6LAN
PRELIMINARY LOCAL CLIMATOLOGICAL DATA (WS FORM: F-6)
STATION: LANSING
MONTH: MARCH
YEAR: 2024
LATITUDE: 42 46 N
LONGITUDE: 84 36 W
TEMPERATURE IN F: :PCPN: SNOW: WIND :SUNSHINE: SKY :PK WND
================================================================================
1 2 3 4 5 6A 6B 7 8 9 10 11 12 13 14 15 16 17 18
12Z AVG MX 2MIN
DY MAX MIN AVG DEP HDD CDD WTR SNW DPTH SPD SPD DIR MIN PSBL S-S WX SPD DR
================================================================================
1 50 26 38 8 27 0 0.00 0.0 0 9.1 18 180 M M 3 25 160
2 54 39 47 17 18 0 0.00 0.0 0 6.6 16 200 M M 6 21 200
3 63 38 51 21 14 0 0.00 0.0 0 13.4 23 150 M M 2 1 31 130
4 69 45 57 26 8 0 0.00 0.0 0 11.4 23 190 M M 2 34 190
5 63 39 51 20 14 0 0.45 0.0 0 10.1 17 50 M M 8 13 24 180
6 48 33 41 9 24 0 0.00 0.0 0 12.1 23 20 M M 7 29 40
7 52 30 41 9 24 0 0.00 0.0 0 6.2 12 130 M M 5 16 90
8 50 39 45 13 20 0 0.65 0.0 0 8.7 15 130 M M 10 1 19 130
9 53 31 42 9 23 0 0.08 T 0 12.8 20 310 M M 10 1 30 310
10 39 28 34 1 31 0 0.03 0.3 T 14.6 26 290 M M 7 1 37 300
11 57 27 42 9 23 0 0.00 0.0 0 10.2 25 210 M M 0 34 210
12 69 43 56 22 9 0 0.00 0.0 0 12.8 25 220 M M 1 36 230
13 69 44 57 23 8 0 T 0.0 0 5.4 14 220 M M 2 21 210
14 55 42 49 15 16 0 0.36 0.0 0 9.4 22 30 M M 10 1 31 20
15 54 34 44 9 21 0 0.00 0.0 0 7.6 17 290 M M 2 25 290
16 56 31 44 9 21 0 T 0.0 0 14.4 29 260 M M 4 42 240
17 37 28 33 -3 32 0 T T 0 11.5 24 260 M M 9 8 30 250
18 37 24 31 -5 34 0 T T 0 11.9 18 300 M M 10 8 25 300
19 43 29 36 0 29 0 0.00 0.0 0 12.3 30 250 M M 8 40 250
20 36 20 28 -9 37 0 0.02 0.6 0 12.2 24 300 M M 8 1 36 300
21 36 16 26 -11 39 0 0.00 0.0 0 5.4 16 280 M M 1 25 310
22 29 24 27 -10 38 0 0.38 5.0 2 6.6 16 140 M M 9 128 22 130
23 34 23 29 -9 36 0 0.00 0.0 5 5.0 15 340 M M 4 1 23 350
24 39 18 29 -9 36 0 0.00 0.0 1 10.0 22 110 M M 6 28 100
25 65 32 49 11 16 0 0.00 0.0 0 14.2 21 140 M M 1 30 130
26 60 41 51 12 14 0 0.39 0.0 0 18.0 31 150 M M 9 1 46 130
27 41 26 34 -5 31 0 0.00 0.0 0 14.6 25 240 M M 8 34 250
28 45 26 36 -4 29 0 0.00 0.0 0 10.7 28 250 M M 1 33 250
29 52 24 38 -2 27 0 0.00 0.0 0 3.4 15 260 M M 0 18 320
30 44 30 37 -3 28 0 0.09 0.0 0 5.3 10 340 M M 8 1 15 330
31 45 36 41 0 24 0 0.00 0.0 0 4.6 9 60 M M 10 1 13 40
================================================================================
SM 1544 966 751 0 2.45 5.9 310.5 M 171
================================================================================
AV 49.8 31.2 10.0 FASTST M M 6 MAX(MPH)
MISC ----> 31 150 46 130
================================================================================
NOTES:
# LAST OF SEVERAL OCCURRENCES
COLUMN 17 PEAK WIND IN M.P.H.
PRELIMINARY LOCAL CLIMATOLOGICAL DATA (WS FORM: F-6) , PAGE 2
STATION: LANSING
MONTH: MARCH
YEAR: 2024
LATITUDE: 42 46 N
LONGITUDE: 84 36 W
[TEMPERATURE DATA] [PRECIPITATION DATA] SYMBOLS USED IN COLUMN 16
AVERAGE MONTHLY: 40.5 TOTAL FOR MONTH: 2.45 1 = FOG OR MIST
DPTR FM NORMAL: 5.3 DPTR FM NORMAL: 0.32 2 = FOG REDUCING VISIBILITY
HIGHEST: 69 ON 13,12 GRTST 24HR 0.73 ON 8- 9 TO 1/4 MILE OR LESS
LOWEST: 16 ON 21 3 = THUNDER
SNOW, ICE PELLETS, HAIL 4 = ICE PELLETS
TOTAL MONTH: 5.9 INCHES 5 = HAIL
GRTST 24HR 5.0 ON 22-22 6 = FREEZING RAIN OR DRIZZLE
GRTST DEPTH: 5 ON 23 7 = DUSTSTORM OR SANDSTORM:
VSBY 1/2 MILE OR LESS
8 = SMOKE OR HAZE
[NO. OF DAYS WITH] [WEATHER - DAYS WITH] 9 = BLOWING SNOW
X = TORNADO
MAX 32 OR BELOW: 1 0.01 INCH OR MORE: 9
MAX 90 OR ABOVE: 0 0.10 INCH OR MORE: 5
MIN 32 OR BELOW: 19 0.50 INCH OR MORE: 1
MIN 0 OR BELOW: 0 1.00 INCH OR MORE: 0
[HDD (BASE 65) ]
TOTAL THIS MO. 751 CLEAR (SCALE 0-3) 11
DPTR FM NORMAL -174 PTCLDY (SCALE 4-7) 10
TOTAL FM JUL 1 4889 CLOUDY (SCALE 8-10) 10
DPTR FM NORMAL -887
[CDD (BASE 65) ]
TOTAL THIS MO. 0
DPTR FM NORMAL -1 [PRESSURE DATA]
TOTAL FM JAN 1 0 HIGHEST SLP 30.36 ON 21
DPTR FM NORMAL -1 LOWEST SLP 29.48 ON 26
[REMARKS]
#FINAL-03-24#