000
CXUS55 KVEF 020140
CF6LAS
PRELIMINARY LOCAL CLIMATOLOGICAL DATA (WS FORM: F-6)
STATION: LAS VEGAS NV
MONTH: MAY
YEAR: 2023
LATITUDE: 36 4 N
LONGITUDE: 115 10 W
TEMPERATURE IN F: :PCPN: SNOW: WIND :SUNSHINE: SKY :PK WND
================================================================================
1 2 3 4 5 6A 6B 7 8 9 10 11 12 13 14 15 16 17 18
12Z AVG MX 2MIN
DY MAX MIN AVG DEP HDD CDD WTR SNW DPTH SPD SPD DIR MIN PSBL S-S WX SPD DR
================================================================================
1 89 60 75 3 0 10 0.00 0.0 0 13.6 25 230 M M 5 42 170
2 78 54 66 -6 0 1 0.00 0.0 0 10.2 26 230 M M 4 39 230
3 79 57 68 -5 0 3 0.00 0.0 0 9.5 22 160 M M 4 36 160
4 68 57 63 -10 2 0 T 0.0 0 12.0 25 230 M M 6 3 37 230
5 74 56 65 -8 0 0 0.00 0.0 0 10.0 17 230 M M 4 29 230
6 74 56 65 -9 0 0 0.00 0.0 0 12.7 22 220 M M 7 33 190
7 81 58 70 -4 0 5 0.00 0.0 0 7.5 18 220 M M 3 27 220
8 84 62 73 -1 0 8 0.00 0.0 0 12.6 23 240 M M 1 34 210
9 85 61 73 -2 0 8 0.00 0.0 0 9.5 21 230 M M 6 31 260
10 83 61 72 -3 0 7 0.00 0.0 0 9.7 18 260 M M 4 28 260
11 86 63 75 -1 0 10 0.00 0.0 0 4.3 13 350 M M 1 17 60
12 90 66 78 2 0 13 0.00 0.0 0 7.0 21 60 M M 1 28 30
13 92 72 82 6 0 17 0.00 0.0 0 10.2 29 30 M M 1 38 20
14 94 71 83 6 0 18 0.00 0.0 0 7.1 17 190 M M 3 28 160
15 96 73 85 8 0 20 0.00 0.0 0 4.4 13 40 M M 4 20 40
16 94 77 86 9 0 21 0.00 0.0 0 8.3 39 270 M M 7 78 48 270
17 95 74 85 7 0 20 0.00 0.0 0 5.3 29 360 M M 6 41 300
18 97 73 85 7 0 20 0.00 0.0 0 5.3 18 100 M M 3 3 26 100
19 96 75 86 8 0 21 0.00 0.0 0 6.8 30 310 M M 5 3 39 320
20 93 74 84 5 0 19 0.00 0.0 0 6.7 21 220 M M 7 30 220
21 95 73 84 5 0 19 0.00 0.0 0 5.8 15 190 M M 3 23 190
22 96 74 85 5 0 20 0.00 0.0 0 5.8 21 20 M M 4 30 100
23 95 74 85 5 0 20 0.00 0.0 0 7.2 21 190 M M 3 29 130
24 94 74 84 4 0 19 0.00 0.0 0 11.6 21 220 M M 4 33 240
25 91 71 81 0 0 16 0.00 0.0 0 8.7 17 200 M M 4 27 200
26 89 67 78 -3 0 13 0.00 0.0 0 7.6 18 230 M M 1 30 80
27 92 68 80 -1 0 15 0.00 0.0 0 5.3 13 140 M M 1 25 160
28 95 73 84 2 0 19 0.00 0.0 0 8.2 20 160 M M 1 31 170
29 92 71 82 0 0 17 0.00 0.0 0 8.3 17 220 M M 2 27 140
30 90 70 80 -2 0 15 0.00 0.0 0 6.9 16 180 M M 3 31 140
31 87 68 78 -5 0 13 0.00 0.0 0 6.0 20 180 M M 4 29 150
================================================================================
SM 2744 2083 2 407 T 0.0 254.1 M 112
================================================================================
AV 88.5 67.2 8.2 FASTST M M 4 MAX(MPH)
MISC ----> 39 270 48 270
================================================================================
NOTES:
# LAST OF SEVERAL OCCURRENCES
COLUMN 17 PEAK WIND IN M.P.H.
PRELIMINARY LOCAL CLIMATOLOGICAL DATA (WS FORM: F-6) , PAGE 2
STATION: LAS VEGAS NV
MONTH: MAY
YEAR: 2023
LATITUDE: 36 4 N
LONGITUDE: 115 10 W
[TEMPERATURE DATA] [PRECIPITATION DATA] SYMBOLS USED IN COLUMN 16
AVERAGE MONTHLY: 77.9 TOTAL FOR MONTH: T 1 = FOG OR MIST
DPTR FM NORMAL: 0.6 DPTR FM NORMAL: -0.07 2 = FOG REDUCING VISIBILITY
HIGHEST: 97 ON 18 GRTST 24HR T ON 4- 4 TO 1/4 MILE OR LESS
LOWEST: 54 ON 2 3 = THUNDER
SNOW, ICE PELLETS, HAIL 4 = ICE PELLETS
TOTAL MONTH: 0.0 INCH 5 = HAIL
GRTST 24HR 0.0 6 = FREEZING RAIN OR DRIZZLE
GRTST DEPTH: 0 7 = DUSTSTORM OR SANDSTORM:
VSBY 1/2 MILE OR LESS
8 = SMOKE OR HAZE
[NO. OF DAYS WITH] [WEATHER - DAYS WITH] 9 = BLOWING SNOW
X = TORNADO
MAX 32 OR BELOW: 0 0.01 INCH OR MORE: 0
MAX 90 OR ABOVE: 18 0.10 INCH OR MORE: 0
MIN 32 OR BELOW: 0 0.50 INCH OR MORE: 0
MIN 0 OR BELOW: 0 1.00 INCH OR MORE: 0
[HDD (BASE 65) ]
TOTAL THIS MO. 2 CLEAR (SCALE 0-3) 12
DPTR FM NORMAL -6 PTCLDY (SCALE 4-7) 19
TOTAL FM JUL 1 2302 CLOUDY (SCALE 8-10) 0
DPTR FM NORMAL 473
[CDD (BASE 65) ]
TOTAL THIS MO. 407
DPTR FM NORMAL 17 [PRESSURE DATA]
TOTAL FM JAN 1 585 HIGHEST SLP 30.07 ON 15
DPTR FM NORMAL 22 LOWEST SLP 29.41 ON 1
[REMARKS]
#FINAL-05-23#