000
CXUS55 KVEF 031005
CLMLAS
CLIMATE REPORT
NATIONAL WEATHER SERVICE LAS VEGAS, NV
305 AM PDT WED APR 03 2024
...................................
...THE LAS VEGAS NV CLIMATE SUMMARY FOR THE MONTH OF MARCH 2024...
CLIMATE NORMAL PERIOD: 1991 TO 2020
CLIMATE RECORD PERIOD: 1937 TO 2024
WEATHER OBSERVED NORMAL DEPART LAST YEAR`S
VALUE DATE(S) VALUE FROM VALUE DATE(S)
NORMAL
................................................................
TEMPERATURE (F)
RECORD
HIGH 93 03/26/2022
LOW 19 03/02/1939
HIGHEST 78 03/21 74 03/11
LOWEST 40 03/09 37 03/03
AVG. MAXIMUM 66.4 71.1 -4.7 62.9
AVG. MINIMUM 48.7 50.5 -1.8 45.9
MEAN 57.5 60.8 -3.3 54.4
DAYS MAX >= 90 0 0.3 -0.3 0
DAYS MAX <= 32 0 0.0 0.0 0
DAYS MIN <= 32 0 0.1 -0.1 0
DAYS MIN <= 0 0 0.0 0.0 0
PRECIPITATION (INCHES)
RECORD
MAXIMUM 4.80 1992
MINIMUM 0.00 2014
TOTALS 0.74 0.42 0.32 0.50
DAILY AVG. 0.02 0.01 0.01 0.02
DAYS >= .01 3 2.8 0.2 5
DAYS >= .10 2 1.3 0.7 3
DAYS >= .50 0 0.2 -0.2 0
DAYS >= 1.00 0 0.0 0.0 0
GREATEST
24 HR. TOTAL 0.62 03/15 TO 03/16 0.22 03/01 TO 03/01
SNOWFALL (INCHES)
RECORDS
TOTAL 0.1 1976
24 HR TOTAL T
TOTALS 0.0 0.0 0.0 0.0
SINCE 7/1 T
DAYS >= TRACE 0
DAYS >= 1.0 0
GREATEST
SNOW DEPTH 0
24 HR TOTAL MM
STORM TOTAL 0.0
DEGREE DAYS
HEATING TOTAL 230 166 64 324
SINCE 7/1 1623 1770 -147 MM
COOLING TOTAL 5 36 -31 3
SINCE 1/1 5 37 -32 MM
FREEZE DATES
RECORD
EARLIEST 10/21/1949
LATEST 04/12/1967
EARLIEST 01/10
LATEST 02/01
................................................................
WIND (MPH)
AVERAGE WIND SPEED 9.1
HIGHEST WIND SPEED/DIRECTION 43/230 DATE 03/02
HIGHEST GUST SPEED/DIRECTION 68/220 DATE 03/02
SKY COVER
POSSIBLE SUNSHINE (PERCENT) MM
AVERAGE SKY COVER 0.50
NUMBER OF DAYS FAIR 7
NUMBER OF DAYS PC 19
NUMBER OF DAYS CLOUDY 5
AVERAGE RH (PERCENT) 39
WEATHER CONDITIONS. NUMBER OF DAYS WITH
THUNDERSTORM 0 MIXED PRECIP 0
HEAVY RAIN 0 RAIN 2
LIGHT RAIN 7 FREEZING RAIN 0
LT FREEZING RAIN 0 HAIL 0
HEAVY SNOW 0 SNOW 0
LIGHT SNOW 0 SLEET 0
FOG 2 FOG W/VIS <= 1/4 MILE 0
HAZE 2
- INDICATES NEGATIVE NUMBERS.
R INDICATES RECORD WAS SET OR TIED.
MM INDICATES DATA IS MISSING.
T INDICATES TRACE AMOUNT.
$$