000
CXUS56 KLOX 011155
CF6LAX
PRELIMINARY LOCAL CLIMATOLOGICAL DATA (WS FORM: F-6)
STATION: LOS ANGELES INTL AIRPORT CA
MONTH: JUNE
YEAR: 2023
LATITUDE: 33 55 N
LONGITUDE: 118 24 W
TEMPERATURE IN F: :PCPN: SNOW: WIND :SUNSHINE: SKY :PK WND
================================================================================
1 2 3 4 5 6A 6B 7 8 9 10 11 12 13 14 15 16 17 18
12Z AVG MX 2MIN
DY MAX MIN AVG DEP HDD CDD WTR SNW DPTH SPD SPD DIR MIN PSBL S-S WX SPD DR
================================================================================
1 65 60 63 -2 2 0 0.00 M M 7.3 13 270 M M 10 18 280
2 69 59 64 -1 1 0 0.00 M M 11.9 21 260 M M 6 24 260
3 69 58 64 -1 1 0 0.00 M M 8.6 17 250 M M 4 23 240
4 67 59 63 -2 2 0 T M M 7.6 18 270 M M 9 18 22 260
5 66 58 62 -3 3 0 T M M 6.0 14 270 M M 9 1 18 240
6 65 57 61 -4 4 0 0.00 M M 6.6 17 260 M M 9 22 260
7 67 59 63 -2 2 0 T M M 7.9 16 270 M M 6 20 260
8 69 56 63 -3 2 0 0.00 M M 10.9 21 270 M M 4 28 250
9 68 58 63 -3 2 0 0.00 M M 8.8 17 260 M M M 8 21 260
10 68 61 65 -1 0 0 0.01 M M 6.9 14 250 M M 10 1 18 220
11 69 60 65 -1 0 0 0.00 M M 8.1 15 270 M M 9 22 270
12 70 60 65 -1 0 0 0.00 M M 10.6 18 250 M M 8 22 250
13 69 60 65 -1 0 0 0.00 M M 10.7 18 270 M M 6 25 250
14 65 59 62 -4 3 0 0.00 M M 7.6 14 260 M M 8 16 270
15 67 61 64 -2 1 0 0.00 M M 7.3 15 250 M M 9 1 18 270
16 70 61 66 0 0 1 0.00 M M 10.3 20 270 M M 8 28 270
17 69 61 65 -2 0 0 0.00 M M 8.8 20 270 M M 7 8 23 250
18 68 61 65 -2 0 0 T M M 7.5 15 250 M M 9 1 21 230
19 71 61 66 -1 0 1 0.00 M M 7.3 16 280 M M 7 21 250
20 71 59 65 -2 0 0 0.00 M M 6.7 17 250 M M 3 22 250
21 72 59 66 -1 0 1 0.00 M M 7.6 18 260 M M 2 23 230
22 70 59 65 -2 0 0 0.00 M M 9.2 18 270 M M 4 24 250
23 70 58 64 -3 1 0 0.00 M M 10.6 24 250 M M 3 8 29 270
24 72 56 64 -4 1 0 0.00 M M 8.8 22 250 M M 4 26 260
25 70 57 64 -4 1 0 0.00 M M 8.9 20 260 M M 3 23 260
26 69 58 64 -4 1 0 0.00 M M 8.2 18 260 M M 2 22 250
27 69 59 64 -4 1 0 0.00 M M 8.0 16 250 M M 4 20 260
28 70 59 65 -3 0 0 0.00 M M 7.2 15 260 M M 5 20 260
29 71 58 65 -3 0 0 0.00 M M 8.3 17 270 M M 6 1 22 250
30 69 57 63 -5 2 0 0.00 M M 6.9 16 250 M M 8 128 21 280
================================================================================
SM 2064 1768 30 3 0.01 M 251.1 M 182
================================================================================
AV 68.8 58.9 8.4 FASTST M M 6 MAX(MPH)
MISC ----> 24 250 29 270
================================================================================
NOTES:
# LAST OF SEVERAL OCCURRENCES
COLUMN 17 PEAK WIND IN M.P.H.
PRELIMINARY LOCAL CLIMATOLOGICAL DATA (WS FORM: F-6) , PAGE 2
STATION: LOS ANGELES INTL AIRPORT CA
MONTH: JUNE
YEAR: 2023
LATITUDE: 33 55 N
LONGITUDE: 118 24 W
[TEMPERATURE DATA] [PRECIPITATION DATA] SYMBOLS USED IN COLUMN 16
AVERAGE MONTHLY: 63.9 TOTAL FOR MONTH: 0.01 1 = FOG OR MIST
DPTR FM NORMAL: -2.5 DPTR FM NORMAL: -0.07 2 = FOG REDUCING VISIBILITY
HIGHEST: 72 ON 24,21 GRTST 24HR 0.01 ON 10-10 TO 1/4 MILE OR LESS
LOWEST: 56 ON 24, 8 3 = THUNDER
SNOW, ICE PELLETS, HAIL 4 = ICE PELLETS
TOTAL MONTH: M 5 = HAIL
GRTST 24HR M ON M 6 = FREEZING RAIN OR DRIZZLE
GRTST DEPTH: M ON M 7 = DUSTSTORM OR SANDSTORM:
VSBY 1/2 MILE OR LESS
8 = SMOKE OR HAZE
[NO. OF DAYS WITH] [WEATHER - DAYS WITH] 9 = BLOWING SNOW
X = TORNADO
MAX 32 OR BELOW: 0 0.01 INCH OR MORE: 1
MAX 90 OR ABOVE: 0 0.10 INCH OR MORE: 0
MIN 32 OR BELOW: 0 0.50 INCH OR MORE: 0
MIN 0 OR BELOW: 0 1.00 INCH OR MORE: 0
[HDD (BASE 65) ]
TOTAL THIS MO. 30 CLEAR (SCALE 0-3) 4
DPTR FM NORMAL 17 PTCLDY (SCALE 4-7) 16
TOTAL FM JUL 1 1581 CLOUDY (SCALE 8-10) 10
DPTR FM NORMAL 371
[CDD (BASE 65) ]
TOTAL THIS MO. 3
DPTR FM NORMAL -53 [PRESSURE DATA]
TOTAL FM JAN 1 11 HIGHEST SLP 30.07 ON 25
DPTR FM NORMAL -107 LOWEST SLP 29.83 ON 30
[REMARKS]
#FINAL-06-23#