000
CXUS56 KLOX 011155
CF6LAX
PRELIMINARY LOCAL CLIMATOLOGICAL DATA (WS FORM: F-6)
STATION: LOS ANGELES INTL AIRPORT CA
MONTH: SEPTEMBER
YEAR: 2021
LATITUDE: 33 55 N
LONGITUDE: 118 24 W
TEMPERATURE IN F: :PCPN: SNOW: WIND :SUNSHINE: SKY :PK WND
================================================================================
1 2 3 4 5 6A 6B 7 8 9 10 11 12 13 14 15 16 17 18
12Z AVG MX 2MIN
DY MAX MIN AVG DEP HDD CDD WTR SNW DPTH SPD SPD DIR MIN PSBL S-S WX SPD DR
================================================================================
1 76 66 71 0 0 6 0.00 M M 8.2 15 280 M M 6 8 20 280
2 75 64 70 -1 0 5 0.00 M M 9.1 20 260 M M 7 25 270
3 71 64 68 -3 0 3 0.00 M M 7.1 20 260 M M 6 18 23 270
4 77 62 70 -1 0 5 0.00 M M 6.7 17 260 M M 0 8 22 260
5 82 62 72 1 0 7 0.00 M M 7.7 21 270 M M 2 18 25 270
6 80 68 74 3 0 9 0.00 M M 7.4 14 240 M M 4 8 19 210
7 78 67 73 2 0 8 0.00 M M 7.2 15 270 M M 3 18 19 220
8 76 63 70 -1 0 5 0.00 M M 9.0 17 260 M M 7 18 22 280
9 87 63 75 4 0 10 T M M 8.4 16 260 M M 7 128 19 280
10 74 63 69 -2 0 4 0.00 M M 8.2 16 260 M M 5 128 20 260
11 80 65 73 2 0 8 0.00 M M 8.0 21 280 M M 1 25 270
12 74 60 67 -3 0 2 0.00 M M 8.7 21 270 M M 2 12 24 270
13 69 59 64 -6 1 0 0.00 M M 7.0 15 270 M M 7 128 20 290
14 72 59 66 -4 0 1 0.00 M M 6.5 14 250 M M 5 18 18 240
15 70 61 66 -4 0 1 0.00 M M 8.7 16 270 M M 6 18 22 270
16 71 61 66 -4 0 1 0.00 M M 8.5 16 270 M M 6 8 21 220
17 72 62 67 -3 0 2 0.00 M M 7.4 17 270 M M 5 8 24 280
18 71 62 67 -3 0 2 0.00 M M 9.4 20 270 M M 5 24 260
19 71 60 66 -4 0 1 0.00 M M 5.8 15 250 M M 3 8 21 250
20 79 61 70 0 0 5 0.00 M M 6.4 15 260 M M 2 18 19 250
21 82 64 73 3 0 8 0.00 M M 7.0 18 270 M M 1 8 21 270
22 77 65 71 1 0 6 0.00 M M 8.9 23 250 M M 2 27 250
23 71 61 66 -4 0 1 0.00 M M 8.0 17 260 M M 6 18 22 280
24 70 60 65 -4 0 0 0.00 M M 7.5 18 260 M M 6 18 23 280
25 69 61 65 -4 0 0 0.00 M M 9.2 17 270 M M 7 1 22 260
26 67 63 65 -4 0 0 0.00 M M 5.9 14 280 M M 10 17 280
27 68 63 66 -3 0 1 0.00 M M 5.8 10 280 M M 10 13 270
28 71 63 67 -2 0 2 0.00 M M 7.4 15 260 M M 7 20 260
29 72 61 67 -2 0 2 0.00 M M 6.6 16 270 M M 4 8 23 250
30 80 60 70 1 0 5 0.00 M M 5.4 17 260 M M 2 21 260
================================================================================
SM 2232 1873 1 110 T M 227.1 M 144
================================================================================
AV 74.4 62.4 7.6 FASTST M M 5 MAX(MPH)
MISC ----> 23 250 27 250
================================================================================
NOTES:
# LAST OF SEVERAL OCCURRENCES
COLUMN 17 PEAK WIND IN M.P.H.
PRELIMINARY LOCAL CLIMATOLOGICAL DATA (WS FORM: F-6) , PAGE 2
STATION: LOS ANGELES INTL AIRPORT CA
MONTH: SEPTEMBER
YEAR: 2021
LATITUDE: 33 55 N
LONGITUDE: 118 24 W
[TEMPERATURE DATA] [PRECIPITATION DATA] SYMBOLS USED IN COLUMN 16
AVERAGE MONTHLY: 68.4 TOTAL FOR MONTH: T 1 = FOG OR MIST
DPTR FM NORMAL: -1.7 DPTR FM NORMAL: -0.11 2 = FOG REDUCING VISIBILITY
HIGHEST: 87 ON 9 GRTST 24HR T ON 9- 9 TO 1/4 MILE OR LESS
LOWEST: 59 ON 14,13 3 = THUNDER
SNOW, ICE PELLETS, HAIL 4 = ICE PELLETS
TOTAL MONTH: M 5 = HAIL
GRTST 24HR M ON M 6 = FREEZING RAIN OR DRIZZLE
GRTST DEPTH: M ON M 7 = DUSTSTORM OR SANDSTORM:
VSBY 1/2 MILE OR LESS
8 = SMOKE OR HAZE
[NO. OF DAYS WITH] [WEATHER - DAYS WITH] 9 = BLOWING SNOW
X = TORNADO
MAX 32 OR BELOW: 0 0.01 INCH OR MORE: 0
MAX 90 OR ABOVE: 0 0.10 INCH OR MORE: 0
MIN 32 OR BELOW: 0 0.50 INCH OR MORE: 0
MIN 0 OR BELOW: 0 1.00 INCH OR MORE: 0
[HDD (BASE 65) ]
TOTAL THIS MO. 1 CLEAR (SCALE 0-3) 9
DPTR FM NORMAL -1 PTCLDY (SCALE 4-7) 19
TOTAL FM JUL 1 1 CLOUDY (SCALE 8-10) 2
DPTR FM NORMAL -2
[CDD (BASE 65) ]
TOTAL THIS MO. 110
DPTR FM NORMAL -45 [PRESSURE DATA]
TOTAL FM JAN 1 464 HIGHEST SLP 30.08 ON 22
DPTR FM NORMAL -130 LOWEST SLP 29.79 ON 8
[REMARKS]
#FINAL-09-21#