000
CXUS54 KLUB 011306
CF6LBB
PRELIMINARY LOCAL CLIMATOLOGICAL DATA (WS FORM: F-6)
STATION: LUBBOCK
MONTH: JUNE
YEAR: 2020
LATITUDE: 33 39 N
LONGITUDE: 101 49 W
TEMPERATURE IN F: :PCPN: SNOW: WIND :SUNSHINE: SKY :PK WND
================================================================================
1 2 3 4 5 6A 6B 7 8 9 10 11 12 13 14 15 16 17 18
12Z AVG MX 2MIN
DY MAX MIN AVG DEP HDD CDD WTR SNW DPTH SPD SPD DIR MIN PSBL S-S WX SPD DR
================================================================================
1 86 62 74 0 0 9 0.00 0.0 0 10.9 28 150 M M 6 35 150
2 89 63 76 1 0 11 0.00 0.0 0 12.0 18 150 M M 3 24 150
3 94 66 80 5 0 15 0.00 0.0 0 9.4 17 140 M M 3 21 140
4 99 64 82 7 0 17 0.69 0.0 0 15.6 55 360 M M 4 3 77 360
5 93 66 80 5 0 15 0.00 0.0 0 13.0 26 200 M M 3 33 200
6 93 68 81 5 0 16 0.00 0.0 0 16.3 28 160 M M 3 33 140
7 94 66 80 4 0 15 0.00 0.0 0 18.2 26 130 M M 3 34 160
8 101 70 86 10 0 21 0.00 0.0 0 14.5 23 220 M M 1 31 200
9 84 57 71 -5 0 6 0.00 0.0 0 20.5 37 290 M M 1 8 47 300
10 87 50 69 -7 0 4 0.00 0.0 0 7.4 18 140 M M 0 23 140
11 93 58 76 -1 0 11 0.00 0.0 0 16.3 30 150 M M 2 41 170
12 93 62 78 1 0 13 0.00 0.0 0 13.6 25 150 M M 4 33 140
13 94 63 79 2 0 14 0.00 0.0 0 15.6 25 160 M M 1 32 150
14 91 65 78 1 0 13 0.00 0.0 0 14.4 23 140 M M 2 30 120
15 90 63 77 -1 0 12 0.00 0.0 0 13.2 24 160 M M 4 31 120
16 92 69 81 3 0 16 0.00 0.0 0 15.3 26 160 M M 4 33 170
17 96 63 80 2 0 15 0.88 0.0 0 18.0 36 250 M M 4 358 44 260
18 91 71 81 3 0 16 0.00 0.0 0 10.5 24 170 M M 7 29 170
19 93 64 79 1 0 14 0.12 0.0 0 15.1 35 340 M M 6 35 47 340
20 89 61 75 -3 0 10 0.00 0.0 0 13.9 26 140 M M 6 32 140
21 98 68 83 4 0 18 0.00 0.0 0 15.5 30 150 M M 4 36 140
22 94 66 80 1 0 15 0.01 0.0 0 17.5 40 20 M M 5 38 52 20
23 87 65 76 -3 0 11 0.15 0.0 0 10.9 29 190 M M 6 3 32 190
24 89 66 78 -1 0 13 0.00 0.0 0 9.8 20 130 M M 4 24 130
25 93 66 80 1 0 15 0.00 0.0 0 12.0 21 140 M M 4 26 180
26 94 70 82 3 0 17 0.00 0.0 0 13.6 24 180 M M 6 31 180
27 95 73 84 5 0 19 0.00 0.0 0 17.7 24 160 M M 4 31 160
28 100 75 88 8 0 23 0.00 0.0 0 16.0 28 190 M M 8 33 180
29 102 76 89 9 0 24 0.00 0.0 0 17.5 29 210 M M 1 39 230
30 102 75 89 9 0 24 0.00 0.0 0 14.2 29 200 M M 1 38 190
================================================================================
SM 2796 1971 0 442 1.85 0.0 428.4 M 110
================================================================================
AV 93.2 65.7 14.3 FASTST M M 4 MAX(MPH)
MISC ----> # 55 360 # 77 360
================================================================================
NOTES:
# LAST OF SEVERAL OCCURRENCES
COLUMN 17 PEAK WIND IN M.P.H.
PRELIMINARY LOCAL CLIMATOLOGICAL DATA (WS FORM: F-6) , PAGE 2
STATION: LUBBOCK
MONTH: JUNE
YEAR: 2020
LATITUDE: 33 39 N
LONGITUDE: 101 49 W
[TEMPERATURE DATA] [PRECIPITATION DATA] SYMBOLS USED IN COLUMN 16
AVERAGE MONTHLY: 79.5 TOTAL FOR MONTH: 1.85 1 = FOG OR MIST
DPTR FM NORMAL: 2.0 DPTR FM NORMAL: -1.19 2 = FOG REDUCING VISIBILITY
HIGHEST: 102 ON 30,29 GRTST 24HR 0.88 ON 17-17 TO 1/4 MILE OR LESS
LOWEST: 50 ON 10 3 = THUNDER
SNOW, ICE PELLETS, HAIL 4 = ICE PELLETS
TOTAL MONTH: 0.0 INCH 5 = HAIL
GRTST 24HR 0.0 6 = FREEZING RAIN OR DRIZZLE
GRTST DEPTH: 0 7 = DUSTSTORM OR SANDSTORM:
VSBY 1/2 MILE OR LESS
8 = SMOKE OR HAZE
[NO. OF DAYS WITH] [WEATHER - DAYS WITH] 9 = BLOWING SNOW
X = TORNADO
MAX 32 OR BELOW: 0 0.01 INCH OR MORE: 5
MAX 90 OR ABOVE: 23 0.10 INCH OR MORE: 4
MIN 32 OR BELOW: 0 0.50 INCH OR MORE: 2
MIN 0 OR BELOW: 0 1.00 INCH OR MORE: 0
[HDD (BASE 65) ]
TOTAL THIS MO. 0 CLEAR (SCALE 0-3) 11
DPTR FM NORMAL -2 PTCLDY (SCALE 4-7) 19
TOTAL FM JUL 1 3153 CLOUDY (SCALE 8-10) 0
DPTR FM NORMAL -226
[CDD (BASE 65) ]
TOTAL THIS MO. 442
DPTR FM NORMAL 68 [PRESSURE DATA]
TOTAL FM JAN 1 772 HIGHEST SLP 30.22 ON 12
DPTR FM NORMAL 152 LOWEST SLP 29.44 ON 8
[REMARKS]
#FINAL-06-20#