000
CXUS54 KLUB 011311
CLMLBB
CLIMATE REPORT
NATIONAL WEATHER SERVICE LUBBOCK TX
811 AM CDT SAT APR 01 2023
...................................
...THE LUBBOCK CLIMATE SUMMARY FOR THE MONTH OF MARCH 2023...
CLIMATE NORMAL PERIOD 1991 TO 2020
CLIMATE RECORD PERIOD 1911 TO 2023
WEATHER OBSERVED NORMAL DEPART LAST YEAR`S
VALUE DATE(S) VALUE FROM VALUE DATE(S)
NORMAL
................................................................
TEMPERATURE (F)
RECORD
HIGH 95 03/11/1989
03/31/1946
LOW -2 03/02/1922
HIGHEST 86 03/22 94 03/28
LOWEST 25 03/19 17 03/07
03/12
AVG. MAXIMUM 68.7 67.8 0.9 68.7
AVG. MINIMUM 37.7 38.3 -0.6 34.2
MEAN 53.2 53.0 0.2 51.5
DAYS MAX >= 90 0 0.4 -0.4 2
DAYS MAX <= 32 0 0.2 -0.2 0
DAYS MIN <= 32 7 7.7 -0.7 12
DAYS MIN <= 0 0 0.0 0.0 0
PRECIPITATION (INCHES)
RECORD
MAXIMUM 5.94 2007
MINIMUM 0.00 1956
TOTALS T 1.10 -1.10 0.05
DAILY AVG. T 0.04 -0.04 0.00
DAYS >= .01 0 4.9 -4.9 2
DAYS >= .10 0 2.1 -2.1 0
DAYS >= .50 0 0.8 -0.8 0
DAYS >= 1.00 0 0.2 -0.2 0
GREATEST
24 HR. TOTAL T 03/02 TO 03/02
03/13 TO 03/13
03/16 TO 03/16
03/20 TO 03/20
SNOWFALL (INCHES)
RECORDS
TOTAL 16.5 1915
24 HR TOTAL 0.1 03/11/2022 TO 03/11/2022
SNOW DEPTH 8 03/15/1969
TOTALS 0.0 0.4 -0.4 0.1
SINCE 7/1 7.2 6.9 0.3 2.7
SNOWDEPTH AVG. 0 0
DAYS >= TRACE 0 0.7 -0.7 1
DAYS >= 1.0 0 0.1 -0.1 0
GREATEST
SNOW DEPTH 0 0
24 HR TOTAL 0 0.1 03/11 TO 03/11
DEGREE DAYS
HEATING TOTAL 364 381 -17 429
SINCE 7/1 2871 3031 -160 MM
COOLING TOTAL 5 10 -5 16
SINCE 1/1 5 10 -5 MM
................................................................
WIND (MPH)
AVERAGE WIND SPEED 13.4
HIGHEST WIND SPEED/DIRECTION 44/270 DATE 03/31
HIGHEST GUST SPEED/DIRECTION 60/240 DATE 03/16
SKY COVER
POSSIBLE SUNSHINE (PERCENT) MM
AVERAGE SKY COVER 0.53
NUMBER OF DAYS FAIR 6
NUMBER OF DAYS PC 20
NUMBER OF DAYS CLOUDY 5
AVERAGE RH (PERCENT) 44
WEATHER CONDITIONS. NUMBER OF DAYS WITH
THUNDERSTORM 0 MIXED PRECIP 0
HEAVY RAIN 0 RAIN 0
LIGHT RAIN 4 FREEZING RAIN 0
LT FREEZING RAIN 0 HAIL 0
HEAVY SNOW 0 SNOW 0
LIGHT SNOW 0 SLEET 0
FOG 2 FOG W/VIS <= 1/4 MILE 0
HAZE 7
- INDICATES NEGATIVE NUMBERS.
R INDICATES RECORD WAS SET OR TIED.
MM INDICATES DATA IS MISSING.
T INDICATES TRACE AMOUNT.
$$