000
CXUS54 KLCH 010830
CF6LCH
PRELIMINARY LOCAL CLIMATOLOGICAL DATA (WS FORM: F-6)
STATION: LAKE CHARLES
MONTH: JUNE
YEAR: 2022
LATITUDE: 30 7 N
LONGITUDE: 93 13 W
TEMPERATURE IN F: :PCPN: SNOW: WIND :SUNSHINE: SKY :PK WND
================================================================================
1 2 3 4 5 6A 6B 7 8 9 10 11 12 13 14 15 16 17 18
12Z AVG MX 2MIN
DY MAX MIN AVG DEP HDD CDD WTR SNW DPTH SPD SPD DIR MIN PSBL S-S WX SPD DR
================================================================================
1 87 72 80 0 0 15 0.54 0.0 M 4.1 17 160 M M 1 123 22 200
2 90 71 81 1 0 16 0.18 0.0 M 5.1 20 70 M M 3 138 30 80
3 85 71 78 -2 0 13 0.00 0.0 M 8.2 16 10 M M 4 25 20
4 88 68 78 -3 0 13 1.10 0.0 M 6.4 32 20 M M 4 138 44 20
5 90 67 79 -2 0 14 0.00 0.0 M 3.7 14 170 M M 1 1 18 180
6 88 76 82 1 0 17 0.00 0.0 M 10.7 18 200 M M 2 27 200
7 89 74 82 1 0 17 0.00 0.0 M 8.5 16 210 M M 2 24 210
8 90 74 82 1 0 17 0.00 0.0 M 8.9 15 200 M M 1 23 200
9 92 74 83 1 0 18 0.00 0.0 M 5.8 14 210 M M 1 1 21 190
10 92 74 83 1 0 18 0.00 0.0 M 7.7 21 200 M M 1 1 29 210
11 92 79 86 4 0 21 0.00 0.0 M 8.6 15 220 M M 2 1 22 210
12 92 79 86 4 0 21 0.00 0.0 M 10.4 21 240 M M 2 18 27 230
13 92 76 84 2 0 19 0.00 0.0 M 9.5 17 210 M M 1 18 24 210
14 92 74 83 1 0 18 0.00 0.0 M 8.2 16 190 M M 2 18 24 220
15 93 73 83 1 0 18 0.00 0.0 M 5.9 14 220 M M 1 18 22 210
16 95 73 84 2 0 19 0.84 0.0 M 3.9 24 120 M M 2 1238 34 80
17 89 74 82 0 0 17 0.06 0.0 M 2.8 15 150 M M 2 138 20 160
18 95 75 85 3 0 20 0.00 0.0 M 4.2 12 200 M M 1 1 15 120
19 98 74 86 3 0 21 0.92 T 0 5.1 49 60 M M 1 35 67 70
20 94 73 84 1 0 19 0.00 0.0 M 6.3 13 200 M M 2 20 210
21 93 77 85 2 0 20 T 0.0 0 6.1 22 190 M M 2 13 30 190
22 95 76 86 3 0 21 0.00 0.0 0 4.1 13 210 M M 0 1 18 200
23 95 76 86 3 0 21 0.00 0.0 0 5.7 15 190 M M 0 3 20 180
24 94 75 85 2 0 20 0.00 0.0 M 6.9 15 200 M M 0 1 22 200
25 95 75 85 2 0 20 0.00 0.0 0 6.2 14 200 M M 0 1 19 180
26 99 75 87 4 0 22 0.13 0.0 M 6.2 23 10 M M 2 138 33 10
27 91 76 84 1 0 19 0.00 0.0 M 8.6 20 60 M M 1 18 24 60
28 91 75 83 0 0 18 0.00 0.0 M 7.5 16 10 M M 1 3 20 10
29 91 74 83 0 0 18 T 0.0 M 6.5 20 150 M M 2 13 24 150
30 81 73 77 -6 0 12 0.01 0.0 M 5.2 15 140 M M 3 1 18 140
================================================================================
SM 2748 2223 0 542 3.78 T 197.0 M 47
================================================================================
AV 91.6 74.1 6.6 FASTST M M 2 MAX(MPH)
MISC ----> 49 60 67 70
================================================================================
NOTES:
# LAST OF SEVERAL OCCURRENCES
COLUMN 17 PEAK WIND IN M.P.H.
PRELIMINARY LOCAL CLIMATOLOGICAL DATA (WS FORM: F-6) , PAGE 2
STATION: LAKE CHARLES
MONTH: JUNE
YEAR: 2022
LATITUDE: 30 7 N
LONGITUDE: 93 13 W
[TEMPERATURE DATA] [PRECIPITATION DATA] SYMBOLS USED IN COLUMN 16
AVERAGE MONTHLY: 82.9 TOTAL FOR MONTH: 3.78 1 = FOG OR MIST
DPTR FM NORMAL: 0.8 DPTR FM NORMAL: -2.76 2 = FOG REDUCING VISIBILITY
HIGHEST: 99 ON 26 GRTST 24HR 1.10 ON 4- 4 TO 1/4 MILE OR LESS
LOWEST: 67 ON 5 3 = THUNDER
SNOW, ICE PELLETS, HAIL 4 = ICE PELLETS
TOTAL MONTH: T 5 = HAIL
GRTST 24HR T ON 19-19 6 = FREEZING RAIN OR DRIZZLE
GRTST DEPTH: 0 7 = DUSTSTORM OR SANDSTORM:
VSBY 1/2 MILE OR LESS
8 = SMOKE OR HAZE
[NO. OF DAYS WITH] [WEATHER - DAYS WITH] 9 = BLOWING SNOW
X = TORNADO
MAX 32 OR BELOW: 0 0.01 INCH OR MORE: 8
MAX 90 OR ABOVE: 23 0.10 INCH OR MORE: 6
MIN 32 OR BELOW: 0 0.50 INCH OR MORE: 4
MIN 0 OR BELOW: 0 1.00 INCH OR MORE: 1
[HDD (BASE 65) ]
TOTAL THIS MO. 0 CLEAR (SCALE 0-3) 26
DPTR FM NORMAL 0 PTCLDY (SCALE 4-7) 4
TOTAL FM JUL 1 1317 CLOUDY (SCALE 8-10) 0
DPTR FM NORMAL 3
[CDD (BASE 65) ]
TOTAL THIS MO. 542
DPTR FM NORMAL 29 [PRESSURE DATA]
TOTAL FM JAN 1 1168 HIGHEST SLP 30.19 ON 21
DPTR FM NORMAL 33 LOWEST SLP 29.75 ON 6
[REMARKS]
#FINAL-06-22#