000
CXUS54 KFWD 010830
CF6LHB
PRELIMINARY LOCAL CLIMATOLOGICAL DATA (WS FORM: F-6)
STATION: HEARNE
MONTH: DECEMBER
YEAR: 2022
LATITUDE: 30 52 N
LONGITUDE: 96 36 W
TEMPERATURE IN F: :PCPN: SNOW: WIND :SUNSHINE: SKY :PK WND
================================================================================
1 2 3 4 5 6A 6B 7 8 9 10 11 12 13 14 15 16 17 18
12Z AVG MX 2MIN
DY MAX MIN AVG DEP HDD CDD WTR SNW DPTH SPD SPD DIR MIN PSBL S-S WX SPD DR
================================================================================
1 58 33 46 M 19 0 0.00 M M 2.3 7 80 M M 5 M M
2 69 52 61 M 4 0 0.04 M M 3.5 8 170 M M 10 1 M M
3 69 55 62 M 3 0 0.00 M M 7.4 14 330 M M 10 21 330
4 60 54 57 M 8 0 0.00 M M 2.4 8 340 M M 10 M M
5 81 57 69 M 0 4 0.00 M M 5.8 18 190 M M 8 12 26 190
6 80 69 75 M 0 10 0.00 M M 8.2 12 200 M M 8 17 190
7 83 69 76 M 0 11 0.00 M M 7.1 16 180 M M 8 25 180
8 83 67 75 M 0 10 0.00 M M 7.2 14 190 M M 6 1 18 170
9 83 64 74 M 0 9 0.00 M M 3.8 9 160 M M 7 1 M M
10 79 66 73 M 0 8 0.20 M M 5.8 16 10 M M 9 3 22 10
11 67 60 64 M 1 0 0.20 M M 5.9 13 40 M M 10 1 18 40
12 70 60 65 M 0 0 0.00 M M 6.2 12 140 M M 10 1 17 130
13 75 59 67 M 0 2 0.43 M M 6.2 15 170 M M 10 3 22 140
14 67 41 54 M 11 0 0.03 M M 5.1 15 280 M M 4 22 320
15 61 33 47 M 18 0 0.00 M M 0.5 5 160 M M 0 M M
16 51 38 45 M 20 0 0.03 M M 4.5 16 350 M M 6 21 350
17 57 31 44 M 21 0 0.00 M M 2.9 13 340 M M 1 17 340
18 57 28 43 M 22 0 0.00 M M 2.4 9 90 M M 4 M M
19 52 42 47 M 18 0 1.46 M M 5.2 10 60 M M 10 1 21 50
20 52 35 44 M 21 0 0.00 M M 5.8 12 360 M M 8 1 10 360
21 48 34 41 M 24 0 0.00 M M 1.4 7 180 M M 9 12 M M
22 49 17 33 M 32 0 0.00 M M 13.5 29 330 M M 6 1 41 330
23 30 14 22 M 43 0 0.00 M M 14.1 21 340 M M 0 30 340
24 40 18 29 M 36 0 0.00 M M 4.0 9 320 M M 0 M M
25 50 20 35 M 30 0 0.00 M M 2.1 6 140 M M 0 M M
26 60 26 43 M 22 0 0.00 M M 4.2 9 330 M M 0 M M
27 52 26 39 M 26 0 0.00 M M 4.5 9 360 M M 0 M M
28 77 38 58 M 7 0 0.00 M M 9.0 22 190 M M 3 30 190
29 75 59 67 M 0 2 0.58 M M 5.7 15 200 M M 9 13 M M
30 62 55 59 M 6 0 0.00 M M 3.6 7 350 M M 8 1 M M
31 77 45 61 M 4 0 0.00 M M 4.9 13 200 M M 2 1 23 190
================================================================================
SM 1974 1365 396 56 2.97 M 165.3 M 181
================================================================================
AV 63.7 44.0 5.3 FASTST M M 6 MAX(MPH)
MISC ----> 29 330 41 330
================================================================================
NOTES:
# LAST OF SEVERAL OCCURRENCES
COLUMN 17 PEAK WIND IN M.P.H.
PRELIMINARY LOCAL CLIMATOLOGICAL DATA (WS FORM: F-6) , PAGE 2
STATION: HEARNE
MONTH: DECEMBER
YEAR: 2022
LATITUDE: 30 52 N
LONGITUDE: 96 36 W
[TEMPERATURE DATA] [PRECIPITATION DATA] SYMBOLS USED IN COLUMN 16
AVERAGE MONTHLY: 53.9 TOTAL FOR MONTH: 2.97 1 = FOG OR MIST
DPTR FM NORMAL: 0.0 DPTR FM NORMAL: M 2 = FOG REDUCING VISIBILITY
HIGHEST: 83 ON 9, 8 GRTST 24HR 1.46 ON 19-19 TO 1/4 MILE OR LESS
LOWEST: 14 ON 23 3 = THUNDER
SNOW, ICE PELLETS, HAIL 4 = ICE PELLETS
TOTAL MONTH: M 5 = HAIL
GRTST 24HR M ON M 6 = FREEZING RAIN OR DRIZZLE
GRTST DEPTH: M ON M 7 = DUSTSTORM OR SANDSTORM:
VSBY 1/2 MILE OR LESS
8 = SMOKE OR HAZE
[NO. OF DAYS WITH] [WEATHER - DAYS WITH] 9 = BLOWING SNOW
X = TORNADO
MAX 32 OR BELOW: 1 0.01 INCH OR MORE: 8
MAX 90 OR ABOVE: 0 0.10 INCH OR MORE: 5
MIN 32 OR BELOW: 8 0.50 INCH OR MORE: 2
MIN 0 OR BELOW: 0 1.00 INCH OR MORE: 1
[HDD (BASE 65) ]
TOTAL THIS MO. 396 CLEAR (SCALE 0-3) 9
DPTR FM NORMAL M PTCLDY (SCALE 4-7) 11
TOTAL FM JUL 1 709 CLOUDY (SCALE 8-10) 11
DPTR FM NORMAL M
[CDD (BASE 65) ]
TOTAL THIS MO. 56
DPTR FM NORMAL M [PRESSURE DATA]
TOTAL FM JAN 1 3603 HIGHEST SLP M ON M
DPTR FM NORMAL M LOWEST SLP M ON M
[REMARKS]
#FINAL-12-22#