000
CXUS54 KFWD 010838
CF6LHB
PRELIMINARY LOCAL CLIMATOLOGICAL DATA (WS FORM: F-6)
STATION: HEARNE
MONTH: FEBRUARY
YEAR: 2024
LATITUDE: 30 52 N
LONGITUDE: 96 36 W
TEMPERATURE IN F: :PCPN: SNOW: WIND :SUNSHINE: SKY :PK WND
================================================================================
1 2 3 4 5 6A 6B 7 8 9 10 11 12 13 14 15 16 17 18
12Z AVG MX 2MIN
DY MAX MIN AVG DEP HDD CDD WTR SNW DPTH SPD SPD DIR MIN PSBL S-S WX SPD DR
================================================================================
1 72 43 58 M 7 0 0.00 M M 4.2 12 150 M M 1 20 140
2 70 55 63 M 2 0 0.08 M M 6.0 14 140 M M 9 12 25 120
3 73 48 61 M 4 0 0.25 M M 4.7 21 130 M M 5 3 28 130
4 64 46 55 M 10 0 0.00 M M 9.4 22 310 M M 3 31 310
5 64 44 54 M 11 0 0.00 M M 12.3 18 350 M M 6 32 340
6 70 37 54 M 11 0 0.00 M M 0.6 5 320 M M 1 1 M M
7 69 46 58 M 7 0 0.00 M M 8.2 16 150 M M 3 8 22 150
8 71 60 66 M 0 1 0.00 M M 2.3 9 130 M M 9 M M
9 74 62 68 M 0 3 0.00 M M 6.2 10 180 M M 5 M M
10 67 58 63 M 2 0 0.38 M M 6.0 18 270 M M 9 1 23 270
11 62 46 54 M 11 0 0.16 M M 8.9 17 310 M M 10 13 22 310
12 59 38 49 M 16 0 0.00 M M 12.0 22 330 M M 4 28 330
13 66 32 49 M 16 0 0.00 M M 2.2 8 140 M M 0 M M
14 69 41 55 M 10 0 0.00 M M 5.4 12 150 M M 2 17 140
15 72 53 63 M 2 0 0.00 M M 4.3 9 180 M M 6 M M
16 74 53 64 M 1 0 0.00 M M 10.2 17 360 M M 5 24 340
17 53 37 45 M 20 0 0.00 M M 14.5 21 350 M M 4 29 360
18 53 31 42 M 23 0 0.00 M M 3.1 8 300 M M 1 M M
19 67 32 50 M 15 0 0.00 M M 5.6 15 170 M M 0 21 200
20 79 45 62 M 3 0 0.00 M M 5.5 13 160 M M 0 1 20 180
21 79 60 70 M 0 5 0.00 M M 13.5 21 190 M M 6 25 190
22 84 64 74 M 0 9 0.00 M M 10.2 17 180 M M 5 28 180
23 74 48 61 M 4 0 0.00 M M 6.0 18 360 M M 0 29 360
24 79 40 60 M 5 0 0.00 M M 1.7 9 180 M M 0 M M
25 82 53 68 M 0 3 0.00 M M 10.6 21 180 M M 0 26 180
26 84 64 74 M 0 9 0.00 M M 10.1 16 170 M M 5 23 150
27 80 69 75 M 0 10 0.00 M M 10.5 16 170 M M 6 23 190
28 71 47 59 M 6 0 0.00 M M 13.6 22 360 M M 2 1 35 310
29 51 44 48 M 17 0 0.03 M M 4.7 10 340 M M 7 1 M M
================================================================================
SM 2032 1396 203 40 0.90 M 212.4 M 114
================================================================================
AV 70.1 48.1 7.3 FASTST M M 4 MAX(MPH)
MISC ----> # 22 310 35 310
================================================================================
NOTES:
# LAST OF SEVERAL OCCURRENCES
COLUMN 17 PEAK WIND IN M.P.H.
PRELIMINARY LOCAL CLIMATOLOGICAL DATA (WS FORM: F-6) , PAGE 2
STATION: HEARNE
MONTH: FEBRUARY
YEAR: 2024
LATITUDE: 30 52 N
LONGITUDE: 96 36 W
[TEMPERATURE DATA] [PRECIPITATION DATA] SYMBOLS USED IN COLUMN 16
AVERAGE MONTHLY: 59.1 TOTAL FOR MONTH: 0.90 1 = FOG OR MIST
DPTR FM NORMAL: 0.0 DPTR FM NORMAL: M 2 = FOG REDUCING VISIBILITY
HIGHEST: 84 ON 26,22 GRTST 24HR 0.38 ON 10-10 TO 1/4 MILE OR LESS
LOWEST: 31 ON 18 3 = THUNDER
SNOW, ICE PELLETS, HAIL 4 = ICE PELLETS
TOTAL MONTH: M 5 = HAIL
GRTST 24HR M ON M 6 = FREEZING RAIN OR DRIZZLE
GRTST DEPTH: M ON M 7 = DUSTSTORM OR SANDSTORM:
VSBY 1/2 MILE OR LESS
8 = SMOKE OR HAZE
[NO. OF DAYS WITH] [WEATHER - DAYS WITH] 9 = BLOWING SNOW
X = TORNADO
MAX 32 OR BELOW: 0 0.01 INCH OR MORE: 5
MAX 90 OR ABOVE: 0 0.10 INCH OR MORE: 3
MIN 32 OR BELOW: 3 0.50 INCH OR MORE: 0
MIN 0 OR BELOW: 0 1.00 INCH OR MORE: 0
[HDD (BASE 65) ]
TOTAL THIS MO. 203 CLEAR (SCALE 0-3) 13
DPTR FM NORMAL M PTCLDY (SCALE 4-7) 12
TOTAL FM JUL 1 1373 CLOUDY (SCALE 8-10) 4
DPTR FM NORMAL M
[CDD (BASE 65) ]
TOTAL THIS MO. 40
DPTR FM NORMAL M [PRESSURE DATA]
TOTAL FM JAN 1 40 HIGHEST SLP M ON M
DPTR FM NORMAL M LOWEST SLP M ON M
[REMARKS]
#FINAL-02-24#