000
CXUS55 KBOU 010900
CF6LIC
PRELIMINARY LOCAL CLIMATOLOGICAL DATA (WS FORM: F-6)
STATION: LIMON CO
MONTH: AUGUST
YEAR: 2022
LATITUDE: 39 10 N
LONGITUDE: 103 42 W
TEMPERATURE IN F: :PCPN: SNOW: WIND :SUNSHINE: SKY :PK WND
================================================================================
1 2 3 4 5 6A 6B 7 8 9 10 11 12 13 14 15 16 17 18
12Z AVG MX 2MIN
DY MAX MIN AVG DEP HDD CDD WTR SNW DPTH SPD SPD DIR MIN PSBL S-S WX SPD DR
================================================================================
1 93 54 74 3 0 9 0.00 M M 6.9 20 140 M M 1 29 150
2 95 61 78 7 0 13 0.00 M M 6.9 25 350 M M 1 38 34 350
3 89 61 75 4 0 10 0.00 M M 8.8 20 360 M M 0 26 20
4 92 61 77 7 0 12 0.00 M M 12.9 29 170 M M 0 40 170
5 97 57 77 7 0 12 0.00 M M 7.4 21 130 M M 0 29 150
6 90 66 78 8 0 13 0.12 M M 13.2 26 360 M M 3 3 35 200
7 78 64 71 1 0 6 0.02 M M 6.5 20 310 M M 3 25 330
8 82 57 70 0 0 5 0.00 M M 9.2 20 160 M M 3 12 27 150
9 90 58 74 4 0 9 0.00 M M 7.2 17 160 M M 2 12 23 140
10 90 54 72 2 0 7 0.00 M M 9.2 20 140 M M 1 27 160
11 91 56 74 4 0 9 0.00 M M 12.6 24 170 M M 0 34 200
12 93 52 73 4 0 8 0.00 M M 6.6 20 140 M M 0 26 150
13 93 52 73 4 0 8 0.00 M M 7.0 21 330 M M 0 28 320
14 96 57 77 8 0 12 0.01 M M 9.0 30 340 M M 2 3 40 340
15 90 58 74 5 0 9 0.86 M M 11.6 33 330 M M 3 13 45 340
16 71 62 67 -2 0 2 0.06 M M 5.5 16 330 M M 8 20 330
17 82 57 70 2 0 5 0.00 M M 5.3 13 190 M M 2 12 18 60
18 88 53 71 3 0 6 0.00 M M 5.2 17 330 M M 0 1 23 360
19 86 54 70 2 0 5 0.00 M M 6.0 17 160 M M 2 3 28 40
20 76 54 65 -3 0 0 0.00 M M 7.8 22 150 M M 1 35 150
21 81 52 67 -1 0 2 0.00 M M 9.6 21 160 M M 2 30 170
22 82 54 68 0 0 3 0.00 M M 6.6 18 170 M M 1 25 190
23 84 47 66 -1 0 1 0.00 M M 6.1 15 140 M M 0 8 22 160
24 87 44 66 -1 0 1 0.00 M M 6.1 15 150 M M 0 21 120
25 88 46 67 0 0 2 0.00 M M 7.2 21 160 M M 0 31 160
26 89 49 69 2 0 4 T M M 7.0 31 270 M M 4 45 280
27 90 50 70 4 0 5 0.00 M M 7.6 23 330 M M 0 32 330
28 94 49 72 6 0 7 0.00 M M 8.1 24 280 M M 0 36 260
29 90 57 74 8 0 9 0.00 M M 9.0 21 60 M M 1 32 20
30 88 48 68 2 0 3 0.00 M M 7.7 18 140 M M 0 25 170
31 92 52 72 7 0 7 0.14 M M 6.5 30 300 M M 1 3 42 320
================================================================================
SM 2727 1696 0 204 1.21 M 246.3 M 41
================================================================================
AV 88.0 54.7 7.9 FASTST M M 1 MAX(MPH)
MISC ----> 33 330 # 45 340
================================================================================
NOTES:
# LAST OF SEVERAL OCCURRENCES
COLUMN 17 PEAK WIND IN M.P.H.
PRELIMINARY LOCAL CLIMATOLOGICAL DATA (WS FORM: F-6) , PAGE 2
STATION: LIMON CO
MONTH: AUGUST
YEAR: 2022
LATITUDE: 39 10 N
LONGITUDE: 103 42 W
[TEMPERATURE DATA] [PRECIPITATION DATA] SYMBOLS USED IN COLUMN 16
AVERAGE MONTHLY: 71.3 TOTAL FOR MONTH: 1.21 1 = FOG OR MIST
DPTR FM NORMAL: 2.8 DPTR FM NORMAL: -1.51 2 = FOG REDUCING VISIBILITY
HIGHEST: 97 ON 5 GRTST 24HR 0.92 ON 15-16 TO 1/4 MILE OR LESS
LOWEST: 44 ON 24 3 = THUNDER
SNOW, ICE PELLETS, HAIL 4 = ICE PELLETS
TOTAL MONTH: M 5 = HAIL
GRTST 24HR M ON M 6 = FREEZING RAIN OR DRIZZLE
GRTST DEPTH: M ON M 7 = DUSTSTORM OR SANDSTORM:
VSBY 1/2 MILE OR LESS
8 = SMOKE OR HAZE
[NO. OF DAYS WITH] [WEATHER - DAYS WITH] 9 = BLOWING SNOW
X = TORNADO
MAX 32 OR BELOW: 0 0.01 INCH OR MORE: 6
MAX 90 OR ABOVE: 16 0.10 INCH OR MORE: 3
MIN 32 OR BELOW: 0 0.50 INCH OR MORE: 1
MIN 0 OR BELOW: 0 1.00 INCH OR MORE: 0
[HDD (BASE 65) ]
TOTAL THIS MO. 0 CLEAR (SCALE 0-3) 29
DPTR FM NORMAL -22 PTCLDY (SCALE 4-7) 2
TOTAL FM JUL 1 0 CLOUDY (SCALE 8-10) 0
DPTR FM NORMAL -28
[CDD (BASE 65) ]
TOTAL THIS MO. 204
DPTR FM NORMAL 74 [PRESSURE DATA]
TOTAL FM JAN 1 674 HIGHEST SLP M ON M
DPTR FM NORMAL 298 LOWEST SLP 29.65 ON 28
[REMARKS]
#FINAL-08-22#