000
CXUS54 KLZK 011230
CF6LLQ
PRELIMINARY LOCAL CLIMATOLOGICAL DATA (WS FORM: F-6)
STATION: MONTICELLO
MONTH: SEPTEMBER
YEAR: 2023
LATITUDE: 33 37 N
LONGITUDE: 91 45 W
TEMPERATURE IN F: :PCPN: SNOW: WIND :SUNSHINE: SKY :PK WND
================================================================================
1 2 3 4 5 6A 6B 7 8 9 10 11 12 13 14 15 16 17 18
12Z AVG MX 2MIN
DY MAX MIN AVG DEP HDD CDD WTR SNW DPTH SPD SPD DIR MIN PSBL S-S WX SPD DR
================================================================================
1 92 67 80 0 0 15 0.00 0.0 0 3.5 14 50 M M 0 18 60
2 94 69 82 2 0 17 0.00 0.0 0 4.9 14 60 M M 1 17 70
3 96 75 86 6 0 21 0.00 0.0 0 3.6 10 150 M M 2 13 160
4 94 73 84 5 0 19 0.52 0.0 0 6.7 28 60 M M 3 13 37 140
5 93 73 83 4 0 18 0.00 0.0 0 4.6 9 200 M M 4 13 150
6 98 72 85 6 0 20 0.50 0.0 0 6.7 33 60 M M 1 13 58 310
7 89 71 80 1 0 15 0.00 0.0 0 2.6 13 50 M M 0 1 16 60
8 82 69 76 -2 0 11 0.12 0.0 0 3.5 13 70 M M 1 123 21 30
9 87 63 75 -3 0 10 0.00 0.0 0 3.5 14 50 M M 0 1 20 50
10 85 60 73 -5 0 8 0.00 0.0 0 3.3 12 60 M M 1 17 50
11 89 64 77 -1 0 12 0.00 0.0 0 1.0 9 50 M M 0 12 50
12 82 67 75 -2 0 10 0.03 0.0 0 2.3 8 50 M M 4 1 10 10
13 78 69 74 -3 0 9 0.18 0.0 0 2.7 10 50 M M 9 1 15 50
14 75 63 69 -8 0 4 0.19 0.0 0 3.3 12 60 M M 7 1 15 50
15 86 61 74 -3 0 9 0.00 0.0 0 3.2 10 50 M M 2 15 40
16 88 58 73 -3 0 8 0.00 0.0 0 2.2 8 20 M M 0 13 340
17 89 63 76 0 0 11 0.00 0.0 0 1.7 13 290 M M 4 20 270
18 87 59 73 -3 0 8 0.00 0.0 0 1.6 8 110 M M 1 11 110
19 88 58 73 -2 0 8 0.00 0.0 0 3.6 10 180 M M 0 17 150
20 87 65 76 1 0 11 0.00 0.0 0 3.7 14 220 M M 1 20 190
21 90 67 79 4 0 14 0.00 0.0 0 3.3 12 170 M M 1 18 170
22 88 68 78 4 0 13 T 0.0 0 2.7 17 220 M M 4 13 27 220
23 92 67 80 6 0 15 0.00 0.0 0 2.4 8 120 M M 1 1 12 130
24 81 71 76 2 0 11 0.11 0.0 0 3.2 9 90 M M 6 1 13 170
25 90 71 81 8 0 16 0.00 0.0 0 1.9 9 50 M M 5 1 15 70
26 94 66 80 7 0 15 0.00 0.0 0 2.3 10 70 M M 0 15 50
27 94 65 80 8 0 15 0.00 0.0 0 1.5 8 80 M M 0 12 80
28 92 65 79 7 0 14 0.00 0.0 0 2.9 9 160 M M 0 1 14 170
29 92 61 77 5 0 12 0.00 0.0 0 2.4 9 130 M M 1 12 13 150
30 94 62 78 7 0 13 0.00 0.0 0 0.9 8 60 M M 1 11 130
================================================================================
SM 2666 1982 0 382 1.65 0.0 91.7 M 60
================================================================================
AV 88.9 66.1 3.1 FASTST M M 2 MAX(MPH)
MISC ----> 33 60 58 310
================================================================================
NOTES:
# LAST OF SEVERAL OCCURRENCES
COLUMN 17 PEAK WIND IN M.P.H.
PRELIMINARY LOCAL CLIMATOLOGICAL DATA (WS FORM: F-6) , PAGE 2
STATION: MONTICELLO
MONTH: SEPTEMBER
YEAR: 2023
LATITUDE: 33 37 N
LONGITUDE: 91 45 W
[TEMPERATURE DATA] [PRECIPITATION DATA] SYMBOLS USED IN COLUMN 16
AVERAGE MONTHLY: 77.5 TOTAL FOR MONTH: 1.65 1 = FOG OR MIST
DPTR FM NORMAL: 1.3 DPTR FM NORMAL: -1.19 2 = FOG REDUCING VISIBILITY
HIGHEST: 98 ON 6 GRTST 24HR 0.52 ON 4- 4 TO 1/4 MILE OR LESS
LOWEST: 58 ON 19,16 3 = THUNDER
SNOW, ICE PELLETS, HAIL 4 = ICE PELLETS
TOTAL MONTH: 0.0 INCH 5 = HAIL
GRTST 24HR 0.0 6 = FREEZING RAIN OR DRIZZLE
GRTST DEPTH: 0 7 = DUSTSTORM OR SANDSTORM:
VSBY 1/2 MILE OR LESS
8 = SMOKE OR HAZE
[NO. OF DAYS WITH] [WEATHER - DAYS WITH] 9 = BLOWING SNOW
X = TORNADO
MAX 32 OR BELOW: 0 0.01 INCH OR MORE: 7
MAX 90 OR ABOVE: 14 0.10 INCH OR MORE: 6
MIN 32 OR BELOW: 0 0.50 INCH OR MORE: 2
MIN 0 OR BELOW: 0 1.00 INCH OR MORE: 0
[HDD (BASE 65) ]
TOTAL THIS MO. 0 CLEAR (SCALE 0-3) 22
DPTR FM NORMAL -7 PTCLDY (SCALE 4-7) 7
TOTAL FM JUL 1 0 CLOUDY (SCALE 8-10) 1
DPTR FM NORMAL -5
[CDD (BASE 65) ]
TOTAL THIS MO. 382
DPTR FM NORMAL 40 [PRESSURE DATA]
TOTAL FM JAN 1 2451 HIGHEST SLP 30.15 ON 30
DPTR FM NORMAL 258 LOWEST SLP 29.83 ON 24
[REMARKS]
#FINAL-09-23#