000
CXUS55 KRIW 010945
CF6LND
PRELIMINARY LOCAL CLIMATOLOGICAL DATA (WS FORM: F-6)
STATION: LANDER WY
MONTH: MARCH
YEAR: 2020
LATITUDE: 42 49 N
LONGITUDE: 108 44 W
TEMPERATURE IN F: :PCPN: SNOW: WIND :SUNSHINE: SKY :PK WND
================================================================================
1 2 3 4 5 6A 6B 7 8 9 10 11 12 13 14 15 16 17 18
12Z AVG MX 2MIN
DY MAX MIN AVG DEP HDD CDD WTR SNW DPTH SPD SPD DIR MIN PSBL S-S WX SPD DR
================================================================================
1 41 12 27 -3 38 0 0.50 6.9 14 7.3 18 350 M M 6 128 25 10
2 38 4 21 -9 44 0 0.00 0.0 13 4.3 26 310 M M 0 37 330
3 47 17 32 1 33 0 0.00 0.0 12 8.9 35 310 M M 0 46 310
4 51 20 36 5 29 0 0.00 0.0 10 7.0 23 280 M M 0 32 310
5 38 20 29 -3 36 0 0.00 0.0 9 4.6 18 80 M M 0 21 80
6 38 20 29 -3 36 0 0.00 0.0 9 3.8 10 250 M M 0 13 250
7 56 27 42 9 23 0 0.00 0.0 8 6.8 26 230 M M 2 39 240
8 48 27 38 5 27 0 0.00 0.0 7 5.9 22 180 M M 2 32 190
9 45 21 33 0 32 0 0.00 0.0 6 3.4 18 230 M M 5 12 26 260
10 48 23 36 2 29 0 0.00 0.0 5 6.1 20 260 M M 0 26 270
11 51 21 36 2 29 0 0.00 0.0 4 9.7 33 260 M M 1 44 260
12 43 26 35 1 30 0 0.02 0.1 4 4.3 15 20 M M 8 1 20 350
13 31 21 26 -9 39 0 T T 4 4.1 13 70 M M 9 1 16 60
14 44 19 32 -3 33 0 0.00 0.0 3 4.2 16 240 M M 3 22 210
15 55 28 42 6 23 0 0.00 0.0 2 7.6 24 200 M M 3 33 220
16 41 21 31 -5 34 0 0.00 0.0 2 3.2 10 290 M M 6 12 12 280
17 51 25 38 2 27 0 0.00 0.0 1 3.1 12 240 M M 5 13 240
18 47 31 39 3 26 0 T 0.0 T 7.9 16 310 M M 3 21 310
19 36 25 31 -6 34 0 0.06 0.5 T 4.5 16 50 M M 9 1 23 60
20 41 22 32 -5 33 0 T T 1 4.5 10 240 M M 9 1 12 240
21 53 22 38 1 27 0 0.00 0.0 0 3.7 15 280 M M 2 20 250
22 53 27 40 2 25 0 0.00 0.0 0 8.9 24 280 M M 1 30 300
23 54 28 41 3 24 0 0.00 0.0 0 9.7 24 210 M M 2 37 200
24 54 32 43 5 22 0 0.00 0.0 0 10.3 32 240 M M 3 44 230
25 48 32 40 2 25 0 0.00 0.0 0 10.4 24 240 M M 8 34 230
26 48 26 37 -2 28 0 T T 0 8.4 23 250 M M 5 1 31 240
27 44 23 34 -5 31 0 0.00 0.0 0 5.3 15 240 M M 1 19 240
28 51 19 35 -4 30 0 T 0.0 0 6.9 20 310 M M 5 29 300
29 54 25 40 1 25 0 0.00 0.0 0 6.1 17 270 M M 2 23 280
30 56 26 41 1 24 0 0.00 0.0 0 8.1 20 250 M M 1 27 210
31 57 35 46 6 19 0 T 0.0 0 11.5 36 250 M M 3 49 240
================================================================================
SM 1462 725 915 0 0.58 7.5 200.5 M 104
================================================================================
AV 47.2 23.4 6.5 FASTST M M 3 MAX(MPH)
MISC ----> # 36 250 # 49 240
================================================================================
NOTES:
# LAST OF SEVERAL OCCURRENCES
COLUMN 17 PEAK WIND IN M.P.H.
PRELIMINARY LOCAL CLIMATOLOGICAL DATA (WS FORM: F-6) , PAGE 2
STATION: LANDER WY
MONTH: MARCH
YEAR: 2020
LATITUDE: 42 49 N
LONGITUDE: 108 44 W
[TEMPERATURE DATA] [PRECIPITATION DATA] SYMBOLS USED IN COLUMN 16
AVERAGE MONTHLY: 35.3 TOTAL FOR MONTH: 0.58 1 = FOG OR MIST
DPTR FM NORMAL: -0.2 DPTR FM NORMAL: -0.58 2 = FOG REDUCING VISIBILITY
HIGHEST: 57 ON 31 GRTST 24HR 0.50 ON 1- 1 TO 1/4 MILE OR LESS
LOWEST: 4 ON 2 3 = THUNDER
SNOW, ICE PELLETS, HAIL 4 = ICE PELLETS
TOTAL MONTH: 7.5 INCHES 5 = HAIL
GRTST 24HR 6.9 ON 1- 1 6 = FREEZING RAIN OR DRIZZLE
GRTST DEPTH: 14 ON 1 7 = DUSTSTORM OR SANDSTORM:
VSBY 1/2 MILE OR LESS
8 = SMOKE OR HAZE
[NO. OF DAYS WITH] [WEATHER - DAYS WITH] 9 = BLOWING SNOW
X = TORNADO
MAX 32 OR BELOW: 1 0.01 INCH OR MORE: 3
MAX 90 OR ABOVE: 0 0.10 INCH OR MORE: 1
MIN 32 OR BELOW: 30 0.50 INCH OR MORE: 1
MIN 0 OR BELOW: 0 1.00 INCH OR MORE: 0
[HDD (BASE 65) ]
TOTAL THIS MO. 915 CLEAR (SCALE 0-3) 19
DPTR FM NORMAL 0 PTCLDY (SCALE 4-7) 8
TOTAL FM JUL 1 7037 CLOUDY (SCALE 8-10) 4
DPTR FM NORMAL 418
[CDD (BASE 65) ]
TOTAL THIS MO. 0
DPTR FM NORMAL 0 [PRESSURE DATA]
TOTAL FM JAN 1 0 HIGHEST SLP 30.43 ON 5
DPTR FM NORMAL 0 LOWEST SLP 29.57 ON 8
[REMARKS]
#FINAL-03-20#