000
CXUS53 KJKL 011310
CF6LOZ
PRELIMINARY LOCAL CLIMATOLOGICAL DATA (WS FORM: F-6)
STATION: LONDON KY
MONTH: JUNE
YEAR: 2023
LATITUDE: 37 4 N
LONGITUDE: 84 5 W
TEMPERATURE IN F: :PCPN: SNOW: WIND :SUNSHINE: SKY :PK WND
================================================================================
1 2 3 4 5 6A 6B 7 8 9 10 11 12 13 14 15 16 17 18
12Z AVG MX 2MIN
DY MAX MIN AVG DEP HDD CDD WTR SNW DPTH SPD SPD DIR MIN PSBL S-S WX SPD DR
================================================================================
1 85 59 72 3 0 7 0.00 M M 2.4 10 250 M M 1 15 240
2 88 58 73 3 0 8 0.00 M M 3.8 15 360 M M 0 1 22 20
3 90 57 74 4 0 9 0.00 M M 4.5 15 10 M M 0 8 21 360
4 87 63 75 5 0 10 0.00 M M 3.7 10 20 M M 1 16 50
5 86 62 74 4 0 9 0.00 M M 3.0 13 40 M M 2 1 19 20
6 84 55 70 -1 0 5 0.00 M M 2.5 12 300 M M 0 18 16 320
7 67 59 63 -8 2 0 0.45 M M 3.3 10 40 M M 8 12 14 20
8 75 53 64 -7 1 0 0.00 M M 3.3 13 360 M M 5 12 17 10
9 78 47 63 -9 2 0 0.00 M M 3.2 13 290 M M 0 18 17 280
10 82 49 66 -6 0 1 0.00 M M 3.5 14 200 M M 0 1 23 230
11 79 61 70 -2 0 5 1.62 M M 6.6 18 180 M M 7 138 27 180
12 72 56 64 -8 1 0 0.05 M M 8.0 18 290 M M 7 1 25 280
13 75 49 62 -11 3 0 0.00 M M 5.8 16 250 M M 2 12 23 250
14 82 55 69 -4 0 4 0.00 M M 8.2 20 250 M M 1 29 250
15 83 62 73 0 0 8 0.00 M M 4.5 13 290 M M 2 1 21 290
16 83 60 72 -1 0 7 0.00 M M 5.8 16 300 M M 1 18 26 300
17 79 53 66 -8 0 1 0.00 M M 2.9 10 30 M M 1 1 15 30
18 83 53 68 -6 0 3 0.16 M M 3.9 17 240 M M 1 1 24 250
19 75 64 70 -4 0 5 0.45 M M 4.1 12 180 M M 8 13 20 150
20 77 66 72 -2 0 7 0.59 M M 3.8 15 80 M M 6 13 28 70
21 76 65 71 -3 0 6 T M M 6.9 15 50 M M 8 23 100
22 72 60 66 -9 0 1 0.28 M M 4.5 10 80 M M 9 1 18 40
23 73 64 69 -6 0 4 0.04 M M 4.2 13 250 M M 10 1 15 280
24 83 64 74 -1 0 9 0.00 M M 3.4 13 260 M M 6 18 19 300
25 81 63 72 -3 0 7 1.10 M M 6.1 22 30 M M 3 138 33 320
26 84 63 74 -1 0 9 0.49 M M 10.0 23 130 M M 6 13 41 140
27 81 62 72 -3 0 7 0.00 M M 5.4 15 290 M M 4 28 310
28 83 63 73 -3 0 8 0.00 M M 2.2 9 20 M M 2 18 14 20
29 80 62 71 -5 0 6 T M M 3.8 16 330 M M 0 18 23 330
30 78 65 72 -4 0 7 1.28 M M 5.5 28 20 M M 7 13 43 10
================================================================================
SM 2401 1772 9 153 6.51 M 138.8 M 108
================================================================================
AV 80.0 59.1 4.6 FASTST M M 4 MAX(MPH)
MISC ----> 28 20 43 10
================================================================================
NOTES:
# LAST OF SEVERAL OCCURRENCES
COLUMN 17 PEAK WIND IN M.P.H.
PRELIMINARY LOCAL CLIMATOLOGICAL DATA (WS FORM: F-6) , PAGE 2
STATION: LONDON KY
MONTH: JUNE
YEAR: 2023
LATITUDE: 37 4 N
LONGITUDE: 84 5 W
[TEMPERATURE DATA] [PRECIPITATION DATA] SYMBOLS USED IN COLUMN 16
AVERAGE MONTHLY: 69.6 TOTAL FOR MONTH: 6.51 1 = FOG OR MIST
DPTR FM NORMAL: -3.3 DPTR FM NORMAL: 1.45 2 = FOG REDUCING VISIBILITY
HIGHEST: 90 ON 3 GRTST 24HR 1.65 ON 11-12 TO 1/4 MILE OR LESS
LOWEST: 47 ON 9 3 = THUNDER
SNOW, ICE PELLETS, HAIL 4 = ICE PELLETS
TOTAL MONTH: M 5 = HAIL
GRTST 24HR M ON M 6 = FREEZING RAIN OR DRIZZLE
GRTST DEPTH: M ON M 7 = DUSTSTORM OR SANDSTORM:
VSBY 1/2 MILE OR LESS
8 = SMOKE OR HAZE
[NO. OF DAYS WITH] [WEATHER - DAYS WITH] 9 = BLOWING SNOW
X = TORNADO
MAX 32 OR BELOW: 0 0.01 INCH OR MORE: 11
MAX 90 OR ABOVE: 1 0.10 INCH OR MORE: 9
MIN 32 OR BELOW: 0 0.50 INCH OR MORE: 4
MIN 0 OR BELOW: 0 1.00 INCH OR MORE: 3
[HDD (BASE 65) ]
TOTAL THIS MO. 9 CLEAR (SCALE 0-3) 17
DPTR FM NORMAL 2 PTCLDY (SCALE 4-7) 10
TOTAL FM JUL 1 3720 CLOUDY (SCALE 8-10) 3
DPTR FM NORMAL -435
[CDD (BASE 65) ]
TOTAL THIS MO. 153
DPTR FM NORMAL -93 [PRESSURE DATA]
TOTAL FM JAN 1 230 HIGHEST SLP 30.13 ON 29
DPTR FM NORMAL -143 LOWEST SLP 29.62 ON 12
[REMARKS]
#FINAL-06-23#