000
CXUS54 KCRP 011507
CF6LRD
PRELIMINARY LOCAL CLIMATOLOGICAL DATA (WS FORM: F-6)
STATION: LAREDO
MONTH: JUNE
YEAR: 2023
LATITUDE: 27 31 N
LONGITUDE: 99 28 W
TEMPERATURE IN F: :PCPN: SNOW: WIND :SUNSHINE: SKY :PK WND
================================================================================
1 2 3 4 5 6A 6B 7 8 9 10 11 12 13 14 15 16 17 18
12Z AVG MX 2MIN
DY MAX MIN AVG DEP HDD CDD WTR SNW DPTH SPD SPD DIR MIN PSBL S-S WX SPD DR
================================================================================
1 92 73 83 -3 0 18 0.00 0.0 0 M M M M M 6 M M
2 96 76 86 0 0 21 0.00 0.0 0 M M M M M 7 M M
3 96 70 83 -3 0 18 0.02 0.0 0 M M M M M 3 38 M M
4 92 67 80 -7 0 15 T 0.0 0 M M M M M 3 3 M M
5 93 69 81 -6 0 16 0.00 0.0 0 M M M M M 1 M M
6 95 70 83 -4 0 18 0.00 0.0 0 M M M M M 2 M M
7 98 74 86 -1 0 21 0.00 0.0 0 M M M M M 1 M M
8 96 67 82 -5 0 17 0.43 0.0 0 M M M M M 1 13 M M
9 104 76 90 3 0 25 0.00 0.0 0 M M M M M 0 M M
10 102 76 89 2 0 24 0.00 0.0 0 M M M M M 0 1 M M
11 101 79 90 3 0 25 0.00 0.0 0 M M M M M 3 8 M M
12 104 79 92 5 0 27 0.00 0.0 0 M M M M M 2 8 M M
13 110 78 94 7 0 29 0.00 0.0 0 M M M M M 2 18 M M
14 105 78 92 5 0 27 0.00 0.0 0 M M M M M 3 18 M M
15 109 81 95 8 0 30 0.00 0.0 0 M M M M M 0 8 M M
16 109 81 95 8 0 30 0.00 0.0 0 M M M M M 0 8 M M
17 109 81 95 8 0 30 0.00 0.0 0 M M M M M 2 8 M M
18 108 82 95 8 0 30 0.00 0.0 0 M M M M M 0 M M
19 115 80 98 11 0 33 0.00 0.0 0 M M M M M 0 M M
20 114 81 98 11 0 33 0.00 0.0 0 M M M M M 0 M M
21 114 80 97 10 0 32 0.00 0.0 0 M M M M M 0 M M
22 109 81 95 8 0 30 0.00 0.0 0 M M M M M 0 M M
23 111 79 95 8 0 30 0.00 0.0 0 M M M M M 0 M M
24 109 80 95 8 0 30 0.00 0.0 0 M M M M M 1 M M
25 109 80 95 8 0 30 0.00 0.0 0 M M M M M 0 M M
26 109 80 95 8 0 30 0.00 0.0 0 M M M M M 0 M M
27 110 79 95 8 0 30 0.00 0.0 0 M M M M M 0 M M
28 107 77 92 5 0 27 0.00 0.0 0 M M M M M 0 M M
29 104 78 91 4 0 26 0.00 0.0 0 M M M M M 2 M M
30 103 81 92 5 0 27 0.00 0.0 0 M M M M M 4 8 M M
================================================================================
SM 3133 2313 0 779 0.45 0.0 M M 43
================================================================================
AV104.4 77.1 M FASTST M M 1 MAX(MPH)
MISC ----> M M M M
================================================================================
NOTES:
# LAST OF SEVERAL OCCURRENCES
COLUMN 17 PEAK WIND IN M.P.H.
PRELIMINARY LOCAL CLIMATOLOGICAL DATA (WS FORM: F-6) , PAGE 2
STATION: LAREDO
MONTH: JUNE
YEAR: 2023
LATITUDE: 27 31 N
LONGITUDE: 99 28 W
[TEMPERATURE DATA] [PRECIPITATION DATA] SYMBOLS USED IN COLUMN 16
AVERAGE MONTHLY: 90.8 TOTAL FOR MONTH: 0.45 1 = FOG OR MIST
DPTR FM NORMAL: 3.8 DPTR FM NORMAL: -2.05 2 = FOG REDUCING VISIBILITY
HIGHEST: 115 ON 19 GRTST 24HR 0.43 ON 8- 8 TO 1/4 MILE OR LESS
LOWEST: 67 ON 8, 4 3 = THUNDER
SNOW, ICE PELLETS, HAIL 4 = ICE PELLETS
TOTAL MONTH: 0.0 INCH 5 = HAIL
GRTST 24HR 0.0 6 = FREEZING RAIN OR DRIZZLE
GRTST DEPTH: 0 7 = DUSTSTORM OR SANDSTORM:
VSBY 1/2 MILE OR LESS
8 = SMOKE OR HAZE
[NO. OF DAYS WITH] [WEATHER - DAYS WITH] 9 = BLOWING SNOW
X = TORNADO
MAX 32 OR BELOW: 0 0.01 INCH OR MORE: 2
MAX 90 OR ABOVE: 30 0.10 INCH OR MORE: 1
MIN 32 OR BELOW: 0 0.50 INCH OR MORE: 0
MIN 0 OR BELOW: 0 1.00 INCH OR MORE: 0
[HDD (BASE 65) ]
TOTAL THIS MO. 0 CLEAR (SCALE 0-3) 26
DPTR FM NORMAL 0 PTCLDY (SCALE 4-7) 4
TOTAL FM JUL 1 741 CLOUDY (SCALE 8-10) 0
DPTR FM NORMAL -71
[CDD (BASE 65) ]
TOTAL THIS MO. 779
DPTR FM NORMAL 119 [PRESSURE DATA]
TOTAL FM JAN 1 2185 HIGHEST SLP 29.94 ON 24
DPTR FM NORMAL 368 LOWEST SLP 29.58 ON 14
[REMARKS]
#FINAL-06-23#