000
CXUS54 KLZK 011230
CF6LRF
PRELIMINARY LOCAL CLIMATOLOGICAL DATA (WS FORM: F-6)
STATION: JACKSONVILLE/LITTLE ROCK AFB
MONTH: NOVEMBER
YEAR: 2021
LATITUDE: 34 55 N
LONGITUDE: 92 9 W
TEMPERATURE IN F: :PCPN: SNOW: WIND :SUNSHINE: SKY :PK WND
================================================================================
1 2 3 4 5 6A 6B 7 8 9 10 11 12 13 14 15 16 17 18
12Z AVG MX 2MIN
DY MAX MIN AVG DEP HDD CDD WTR SNW DPTH SPD SPD DIR MIN PSBL S-S WX SPD DR
================================================================================
1 64 43 54 -4 11 0 0.01 0.0 0 4.9 10 60 M M 4 1 M M
2 50 45 48 -9 17 0 0.01 0.0 0 6.6 13 70 M M 10 M M
3 48 34 41 -16 24 0 0.31 0.0 0 5.7 14 60 M M 8 20 60
4 56 30 43 -13 22 0 0.00 0.0 0 2.0 8 40 M M 0 M M
5 58 28 43 -13 22 0 0.00 0.0 0 1.4 7 80 M M 0 M M
6 63 29 46 -10 19 0 0.00 0.0 0 1.9 7 280 M M 0 1 M M
7 69 34 52 -3 13 0 0.00 M M 1.7 7 190 M M 0 M M
8 73 35 54 -1 11 0 0.00 M M 2.4 12 200 M M 0 M M
9 71 38 55 1 10 0 0.00 M M 2.4 10 200 M M 2 1 M M
10 70 42 56 2 9 0 0.04 0.0 0 2.8 9 200 M M 5 12 M M
11 65 40 53 -1 12 0 1.08 0.0 0 7.1 17 290 M M 4 13 25 280
12 56 35 46 -7 19 0 0.00 0.0 0 6.6 17 260 M M 3 25 260
13 53 29 41 -12 24 0 0.00 0.0 0 3.2 10 270 M M 0 M M
14 64 32 48 -5 17 0 0.00 0.0 0 2.6 9 290 M M 0 M M
15 69 32 51 -1 14 0 0.00 0.0 0 2.5 8 230 M M 0 M M
16 69 47 58 6 7 0 T 0.0 0 6.0 18 220 M M 5 18 24 200
17 75 49 62 11 3 0 0.29 M M 7.4 23 340 M M 8 3 33 330
18 56 31 44 -7 21 0 0.22 M M 5.4 13 20 M M 3 23 30
19 55 26 41 -10 24 0 0.00 0.0 0 2.5 10 90 M M 0 18 M M
20 61 31 46 -4 19 0 0.00 0.0 0 3.6 10 130 M M 1 M M
21 63 47 55 5 10 0 T 0.0 0 4.2 8 190 M M 8 18 M M
22 58 32 45 -5 20 0 0.00 0.0 0 2.9 9 60 M M 0 M M
23 59 29 44 -5 21 0 0.00 0.0 0 4.9 13 120 M M 0 M M
24 68 36 52 3 13 0 0.00 0.0 0 5.5 10 180 M M 6 17 180
25 60 31 46 -3 19 0 0.37 0.0 0 5.4 16 330 M M 6 13 23 330
26 51 26 39 -9 26 0 0.00 0.0 0 1.9 5 150 M M 0 1 M M
27 54 29 42 -6 23 0 0.00 0.0 0 4.7 14 210 M M 0 18 M M
28 62 33 48 0 17 0 0.00 0.0 0 3.4 9 20 M M 0 M M
29 64 29 47 0 18 0 0.00 0.0 0 4.5 12 210 M M 0 1 16 210
30 73 34 54 7 11 0 0.00 0.0 0 2.1 7 80 M M 0 M M
================================================================================
SM 1857 1036 496 0 2.33 0.0 118.3 M 73
================================================================================
AV 61.9 34.5 3.9 FASTST M M 2 MAX(MPH)
MISC ----> 23 340 33 330
================================================================================
NOTES:
# LAST OF SEVERAL OCCURRENCES
COLUMN 17 PEAK WIND IN M.P.H.
PRELIMINARY LOCAL CLIMATOLOGICAL DATA (WS FORM: F-6) , PAGE 2
STATION: JACKSONVILLE/LITTLE ROCK AFB
MONTH: NOVEMBER
YEAR: 2021
LATITUDE: 34 55 N
LONGITUDE: 92 9 W
[TEMPERATURE DATA] [PRECIPITATION DATA] SYMBOLS USED IN COLUMN 16
AVERAGE MONTHLY: 48.2 TOTAL FOR MONTH: 2.33 1 = FOG OR MIST
DPTR FM NORMAL: -3.9 DPTR FM NORMAL: M 2 = FOG REDUCING VISIBILITY
HIGHEST: 75 ON 17 GRTST 24HR 1.08 ON 11-11 TO 1/4 MILE OR LESS
LOWEST: 26 ON 19,26 3 = THUNDER
SNOW, ICE PELLETS, HAIL 4 = ICE PELLETS
TOTAL MONTH: 0.0 INCH 5 = HAIL
GRTST 24HR 0.0 6 = FREEZING RAIN OR DRIZZLE
GRTST DEPTH: 0 7 = DUSTSTORM OR SANDSTORM:
VSBY 1/2 MILE OR LESS
8 = SMOKE OR HAZE
[NO. OF DAYS WITH] [WEATHER - DAYS WITH] 9 = BLOWING SNOW
X = TORNADO
MAX 32 OR BELOW: 0 0.01 INCH OR MORE: 8
MAX 90 OR ABOVE: 0 0.10 INCH OR MORE: 5
MIN 32 OR BELOW: 15 0.50 INCH OR MORE: 1
MIN 0 OR BELOW: 0 1.00 INCH OR MORE: 1
[HDD (BASE 65) ]
TOTAL THIS MO. 496 CLEAR (SCALE 0-3) 19
DPTR FM NORMAL 89 PTCLDY (SCALE 4-7) 8
TOTAL FM JUL 1 583 CLOUDY (SCALE 8-10) 3
DPTR FM NORMAL 21
[CDD (BASE 65) ]
TOTAL THIS MO. 0
DPTR FM NORMAL -9 [PRESSURE DATA]
TOTAL FM JAN 1 2008 HIGHEST SLP M ON M
DPTR FM NORMAL -27 LOWEST SLP M ON M
[REMARKS]
#FINAL-11-21#