000
CXUS53 KARX 290900
CF6LSE
PRELIMINARY LOCAL CLIMATOLOGICAL DATA (WS FORM: F-6)
STATION: LA CROSSE WI
MONTH: MARCH
YEAR: 2024
LATITUDE: 43 52 N
LONGITUDE: 91 15 W
TEMPERATURE IN F: :PCPN: SNOW: WIND :SUNSHINE: SKY :PK WND
================================================================================
1 2 3 4 5 6A 6B 7 8 9 10 11 12 13 14 15 16 17 18
12Z AVG MX 2MIN
DY MAX MIN AVG DEP HDD CDD WTR SNW DPTH SPD SPD DIR MIN PSBL S-S WX SPD DR
================================================================================
1 55 35 45 16 20 0 0.00 0.0 0 15.3 24 170 M M 0 32 170
2 65 34 50 20 15 0 0.00 0.0 0 12.2 17 150 M M 0 30 160
3 74 41 58 28 7 0 T 0.0 0 17.4 25 180 M M 2 44 210
4 43 33 38 8 27 0 0.54 0.0 0 6.8 15 340 M M 7 13 19 340
5 52 26 39 8 26 0 0.00 0.0 0 6.5 13 330 M M 0 16 330
6 55 24 40 9 25 0 0.00 0.0 0 5.9 15 90 M M 0 21 90
7 57 37 47 15 18 0 0.00 0.0 0 4.7 13 130 M M 2 17 110
8 42 33 38 6 27 0 0.04 0.0 0 12.1 23 320 M M 8 1 29 320
9 44 26 35 2 30 0 0.00 0.0 0 13.6 23 330 M M 1 31 300
10 50 23 37 4 28 0 0.00 0.0 0 5.2 10 190 M M 0 14 190
11 70 32 51 17 14 0 0.00 0.0 0 10.8 23 180 M M 0 31 170
12 70 38 54 20 11 0 0.00 0.0 0 7.4 22 210 M M 0 34 200
13 70 29 50 16 15 0 0.00 0.0 0 2.4 10 130 M M 2 13 130
14 59 43 51 16 14 0 0.00 0.0 0 7.2 18 60 M M 5 29 70
15 60 30 45 10 20 0 0.00 0.0 0 7.0 17 280 M M 1 24 260
16 52 36 44 8 21 0 0.00 0.0 0 19.4 30 320 M M 5 38 310
17 36 27 32 -4 33 0 T T 0 16.9 29 330 M M 9 39 330
18 39 23 31 -6 34 0 T T 0 11.5 18 340 M M 5 24 350
19 56 31 44 7 21 0 0.00 0.0 0 15.7 26 320 M M 0 36 320
20 36 23 30 -8 35 0 0.00 0.0 0 12.5 25 340 M M 0 34 310
21 35 23 29 -9 36 0 0.03 T 0 4.3 12 160 M M 9 1 M M
22 34 22 28 -10 37 0 0.12 2.0 2 8.1 20 340 M M 9 18 24 340
23 38 16 27 -12 38 0 T T 1 5.4 12 150 M M 3 16 320
24 38 28 33 -6 32 0 0.57 4.4 1 9.2 18 130 M M 10 12 26 120
25 40 36 38 -2 27 0 0.28 0.0 3 3.9 12 110 M M 9 12 20 80
26 48 26 37 -3 28 0 0.28 T 0 13.3 25 290 M M 10 18 33 300
27 38 24 31 -10 34 0 T T T 14.0 24 290 M M 7 33 270
28 44 21 33 -8 32 0 0.00 0.0 0 6.1 17 300 M M 1 22 310
================================================================================
SM 1400 820 705 0 1.86 6.4 274.8 M 105
================================================================================
AV 50.0 29.3 9.8 FASTST M M 4 MAX(MPH)
MISC ----> 30 320 44 210
================================================================================
NOTES:
# LAST OF SEVERAL OCCURRENCES
COLUMN 17 PEAK WIND IN M.P.H.
PRELIMINARY LOCAL CLIMATOLOGICAL DATA (WS FORM: F-6) , PAGE 2
STATION: LA CROSSE WI
MONTH: MARCH
YEAR: 2024
LATITUDE: 43 52 N
LONGITUDE: 91 15 W
[TEMPERATURE DATA] [PRECIPITATION DATA] SYMBOLS USED IN COLUMN 16
AVERAGE MONTHLY: 39.6 TOTAL FOR MONTH: 1.86 1 = FOG OR MIST
DPTR FM NORMAL: 4.5 DPTR FM NORMAL: 0.10 2 = FOG REDUCING VISIBILITY
HIGHEST: 74 ON 3 GRTST 24HR 0.64 ON 24-25 TO 1/4 MILE OR LESS
LOWEST: 16 ON 23 3 = THUNDER
SNOW, ICE PELLETS, HAIL 4 = ICE PELLETS
TOTAL MONTH: 6.4 INCHES 5 = HAIL
GRTST 24HR 4.4 ON 24-24 6 = FREEZING RAIN OR DRIZZLE
GRTST DEPTH: 3 ON 25 7 = DUSTSTORM OR SANDSTORM:
VSBY 1/2 MILE OR LESS
8 = SMOKE OR HAZE
[NO. OF DAYS WITH] [WEATHER - DAYS WITH] 9 = BLOWING SNOW
X = TORNADO
MAX 32 OR BELOW: 0 0.01 INCH OR MORE: 7
MAX 90 OR ABOVE: 0 0.10 INCH OR MORE: 5
MIN 32 OR BELOW: 18 0.50 INCH OR MORE: 2
MIN 0 OR BELOW: 0 1.00 INCH OR MORE: 0
[HDD (BASE 65) ]
TOTAL THIS MO. 705 CLEAR (SCALE 0-3) 15
DPTR FM NORMAL -132 PTCLDY (SCALE 4-7) 7
TOTAL FM JUL 1 4927 CLOUDY (SCALE 8-10) 6
DPTR FM NORMAL -1099
[CDD (BASE 65) ]
TOTAL THIS MO. 0
DPTR FM NORMAL 0 [PRESSURE DATA]
TOTAL FM JAN 1 0 HIGHEST SLP M ON M
DPTR FM NORMAL 0 LOWEST SLP 29.20 ON 26
[REMARKS]