000
CXUS53 KARX 010737
CLMLSE
CLIMATE REPORT
NATIONAL WEATHER SERVICE LA CROSSE WI
137 AM CST MON JAN 01 2024
...................................
...THE LA CROSSE WI CLIMATE SUMMARY FOR THE MONTH OF DECEMBER 2023...
CLIMATE NORMAL PERIOD 1991 TO 2020
CLIMATE RECORD PERIOD 1872 TO 2023
WEATHER OBSERVED NORMAL DEPART LAST YEAR`S
VALUE DATE(S) VALUE FROM VALUE DATE(S)
NORMAL
................................................................
TEMPERATURE (F)
RECORD
HIGH 69 12/15/2021
12/15/2021
LOW -37 12/24/1872
HIGHEST 54 12/08 47 12/02
12/24
12/25
LOWEST 14 12/19 -11 12/22
12/23
AVG. MAXIMUM 41.7 32.6 9.1 28.8
AVG. MINIMUM 28.9 17.6 11.3 14.1
MEAN 35.3 25.1 10.2 21.5
DAYS MAX >= 90 0 0.0 0.0 0
DAYS MAX <= 32 1 15.3 -14.3 16
DAYS MIN <= 32 22 28.0 -6.0 26
DAYS MIN <= 0 0 4.0 -4.0 9
PRECIPITATION (INCHES)
RECORD
MAXIMUM 4.93 2015
TOTALS 0.96 1.49 -0.53 2.38
DAYS >= .01 7 9.8 -2.8 13
DAYS >= .10 5 4.0 1.0 7
DAYS >= .50 0 0.6 -0.6 1
DAYS >= 1.00 0 0.1 -0.1 0
GREATEST
24 HR. TOTAL 0.42 12/25 TO 12/26 0.68 12/14 TO 12/15
SNOWFALL (INCHES)
RECORDS
TOTAL 32.7 2008
SNOW DEPTH 21 12/24/2010
12/21/2010
TOTALS 1.5 10.9 -9.4 17.0
SINCE 7/1 4.4 14.6 -10.2 MM
SNOWDEPTH AVG. 0 4
DAYS >= TRACE 9 7.5 1.5 17
DAYS >= 1.0 1 3.0 -2.0 6
GREATEST
SNOW DEPTH 1 12/03 9 12/22
12/23
12/24
DEGREE DAYS
HEATING TOTAL 912 1237 -325 1342
SINCE 7/1 2103 2594 -491 MM
COOLING TOTAL 0 0 0 0
SINCE 1/1 1052 942 110 MM
................................................................
WIND (MPH)
AVERAGE WIND SPEED 7.3
HIGHEST WIND SPEED/DIRECTION 35/330 DATE 12/18
HIGHEST GUST SPEED/DIRECTION 48/330 DATE 12/18
AVERAGE RH (PERCENT) 75
WEATHER CONDITIONS. NUMBER OF DAYS WITH
THUNDERSTORM 0 MIXED PRECIP 0
HEAVY RAIN 0 RAIN 1
LIGHT RAIN 10 FREEZING RAIN 0
LT FREEZING RAIN 0 HAIL 0
HEAVY SNOW 0 SNOW 0
LIGHT SNOW 8 SLEET 0
FOG 15 FOG W/VIS <= 1/4 MILE 1
HAZE 3
- INDICATES NEGATIVE NUMBERS.
R INDICATES RECORD WAS SET OR TIED.
MM INDICATES DATA IS MISSING.
T INDICATES TRACE AMOUNT.
$$