000
CXUS54 KFWD 010730
CF6LUD
PRELIMINARY LOCAL CLIMATOLOGICAL DATA (WS FORM: F-6)
STATION: DECATUR
MONTH: SEPTEMBER
YEAR: 2022
LATITUDE: 33 15 N
LONGITUDE: 97 30 W
TEMPERATURE IN F: :PCPN: SNOW: WIND :SUNSHINE: SKY :PK WND
================================================================================
1 2 3 4 5 6A 6B 7 8 9 10 11 12 13 14 15 16 17 18
12Z AVG MX 2MIN
DY MAX MIN AVG DEP HDD CDD WTR SNW DPTH SPD SPD DIR MIN PSBL S-S WX SPD DR
================================================================================
1 80 73 77 -3 0 12 0.04 M M 4.6 10 220 M M 1 M M
2 85 71 78 -1 0 13 0.00 M M 5.6 13 160 M M 2 17 160
3 94 71 83 4 0 18 0.00 M M 3.2 8 50 M M 1 16 30
4 93 69 81 2 0 16 0.00 M M 3.8 16 50 M M 1 23 50
5 91 68 80 2 0 15 0.00 M M 2.8 8 190 M M 1 16 220
6 93 70 82 4 0 17 0.00 M M 1.2 5 120 M M 1 M M
7 92 69 81 3 0 16 0.00 M M 3.9 9 40 M M 1 M M
8 89 68 79 2 0 14 0.00 M M 4.7 10 70 M M 1 16 130
9 88 65 77 0 0 12 0.00 M M 4.9 9 140 M M 1 16 120
10 88 62 75 -2 0 10 0.00 M M 2.8 9 70 M M 0 M M
11 81 64 73 -3 0 8 0.00 M M 5.3 9 350 M M 2 17 340
12 85 62 74 -2 0 9 0.00 M M 2.9 7 150 M M 0 M M
13 89 67 78 2 0 13 0.00 M M 8.1 12 160 M M 1 20 170
14 88 64 76 1 0 11 0.00 M M 7.8 13 110 M M 0 20 120
15 87 60 74 -1 0 9 0.00 M M 7.0 13 150 M M 0 18 160
16 91 68 80 6 0 15 0.00 M M 8.9 15 170 M M 1 20 170
17 93 74 84 10 0 19 0.00 M M 9.8 14 160 M M 1 20 180
18 94 75 85 11 0 20 0.00 M M 9.6 14 170 M M 0 20 160
19 94 70 82 9 0 17 0.00 M M 6.6 14 130 M M 0 8 18 130
20 96 76 86 13 0 21 0.00 M M 6.7 12 170 M M 0 17 140
21 96 77 87 15 0 22 0.00 M M 6.7 10 170 M M 0 16 170
22 97 73 85 13 0 20 0.00 M M 3.4 9 180 M M 0 8 M M
23 96 65 81 9 0 16 0.00 M M 7.0 10 170 M M 0 18 160
24 95 75 85 14 0 20 0.00 M M 8.3 12 170 M M 0 17 180
25 97 73 85 14 0 20 0.00 M M 6.5 12 30 M M 0 23 40
26 85 63 74 4 0 9 0.00 M M 5.7 10 70 M M 0 8 21 50
27 89 66 78 8 0 13 0.00 M M 4.0 9 150 M M 0 M M
28 91 68 80 10 0 15 0.00 M M 8.5 13 200 M M 0 17 210
29 82 64 73 4 0 8 0.00 M M 9.9 17 140 M M 0 25 140
30 65 58 62 -7 3 0 0.00 M M 6.9 8 100 M M 0 M M
================================================================================
SM 2684 2048 3 428 0.04 M 177.1 M 15
================================================================================
AV 89.5 68.3 5.9 FASTST M M 1 MAX(MPH)
MISC ----> 17 140 25 140
================================================================================
NOTES:
# LAST OF SEVERAL OCCURRENCES
COLUMN 17 PEAK WIND IN M.P.H.
PRELIMINARY LOCAL CLIMATOLOGICAL DATA (WS FORM: F-6) , PAGE 2
STATION: DECATUR
MONTH: SEPTEMBER
YEAR: 2022
LATITUDE: 33 15 N
LONGITUDE: 97 30 W
[TEMPERATURE DATA] [PRECIPITATION DATA] SYMBOLS USED IN COLUMN 16
AVERAGE MONTHLY: 78.9 TOTAL FOR MONTH: 0.04 1 = FOG OR MIST
DPTR FM NORMAL: 4.4 DPTR FM NORMAL: -3.60 2 = FOG REDUCING VISIBILITY
HIGHEST: 97 ON 25,22 GRTST 24HR 0.04 ON 1- 1 TO 1/4 MILE OR LESS
LOWEST: 58 ON 30 3 = THUNDER
SNOW, ICE PELLETS, HAIL 4 = ICE PELLETS
TOTAL MONTH: M 5 = HAIL
GRTST 24HR M ON M 6 = FREEZING RAIN OR DRIZZLE
GRTST DEPTH: M ON M 7 = DUSTSTORM OR SANDSTORM:
VSBY 1/2 MILE OR LESS
8 = SMOKE OR HAZE
[NO. OF DAYS WITH] [WEATHER - DAYS WITH] 9 = BLOWING SNOW
X = TORNADO
MAX 32 OR BELOW: 0 0.01 INCH OR MORE: 1
MAX 90 OR ABOVE: 16 0.10 INCH OR MORE: 0
MIN 32 OR BELOW: 0 0.50 INCH OR MORE: 0
MIN 0 OR BELOW: 0 1.00 INCH OR MORE: 0
[HDD (BASE 65) ]
TOTAL THIS MO. 3 CLEAR (SCALE 0-3) 30
DPTR FM NORMAL -9 PTCLDY (SCALE 4-7) 0
TOTAL FM JUL 1 3 CLOUDY (SCALE 8-10) 0
DPTR FM NORMAL -7
[CDD (BASE 65) ]
TOTAL THIS MO. 428
DPTR FM NORMAL 132 [PRESSURE DATA]
TOTAL FM JAN 1 2948 HIGHEST SLP M ON M
DPTR FM NORMAL 942 LOWEST SLP M ON M
[REMARKS]
#FINAL-09-22#