000
CXUS54 KFWD 161604
CF6LUD
PRELIMINARY LOCAL CLIMATOLOGICAL DATA (WS FORM: F-6)
STATION: DECATUR
MONTH: JANUARY
YEAR: 2024
LATITUDE: 33 15 N
LONGITUDE: 97 30 W
TEMPERATURE IN F: :PCPN: SNOW: WIND :SUNSHINE: SKY :PK WND
================================================================================
1 2 3 4 5 6A 6B 7 8 9 10 11 12 13 14 15 16 17 18
12Z AVG MX 2MIN
DY MAX MIN AVG DEP HDD CDD WTR SNW DPTH SPD SPD DIR MIN PSBL S-S WX SPD DR
================================================================================
1 44 31 38 -4 27 0 0.00 M M 4.7 10 20 M M 3 17 20
2 47 32 40 -2 25 0 0.42 M M 2.6 8 90 M M 4 1 M M
3 55 40 48 6 17 0 0.00 M M 0.9 6 250 M M 5 1 M M
4 55 34 45 3 20 0 0.13 M M 7.0 16 120 M M 6 12 21 120
5 56 42 49 7 16 0 0.18 M M 6.6 13 290 M M 7 22 290
6 52 37 45 3 20 0 0.00 M M 6.1 8 280 M M 4 9 270
7 57 36 47 5 18 0 0.00 M M 9.6 17 160 M M 1 23 150
8 58 35 47 5 18 0 0.26 M M 15.9 27 260 M M 6 13 43 280
9 48 32 40 -2 25 0 0.00 M M 12.9 25 280 M M 2 44 290
10 66 37 52 10 13 0 0.00 M M 11.0 21 230 M M 0 29 230
11 72 38 55 13 10 0 0.00 M M 8.2 15 170 M M 0 21 170
12 60 25 43 1 22 0 0.00 M M 11.2 21 300 M M 2 33 310
13 57 17 37 -5 28 0 0.00 M M 10.5 17 340 M M 0 23 340
14 17 9 13 -29 52 0 0.00 M M 9.4 15 10 M M 5 22 10
15 25 8 17 -25 48 0 0.00 M M 7.9 12 360 M M 3 22 360
16 27 8 18 -24 47 0 0.00 M M 6.0 13 360 M M 0 21 360
17 42 19 31 -11 34 0 0.00 M M 12.7 21 160 M M 0 29 170
18 57 37 47 5 18 0 0.00 M M 8.1 14 200 M M 0 22 190
19 42 20 31 -11 34 0 0.00 M M 8.7 13 350 M M 0 22 350
20 35 16 26 -16 39 0 0.00 M M 5.8 10 80 M M 0 M M
21 37 29 33 -9 32 0 0.04 M M 9.4 14 130 M M 9 1 20 130
22 38 32 35 -7 30 0 0.08 M M 4.7 7 60 M M 10 12 M M
23 49 38 44 2 21 0 0.26 M M 2.9 8 30 M M 10 12 M M
24 50 41 46 4 19 0 0.00 M M 2.6 6 290 M M 10 1 M M
25 53 45 49 7 16 0 0.01 M M 2.6 7 110 M M 8 12 M M
26 49 46 48 6 17 0 0.15 M M 6.7 14 60 M M 10 1 17 60
27 48 34 41 -2 24 0 0.07 M M 7.0 10 330 M M 7 18 300
28 64 33 49 6 16 0 0.00 M M 3.4 8 170 M M 0 1 M M
29 73 47 60 17 5 0 0.00 M M 5.8 14 270 M M 0 21 270
30 76 48 62 19 3 0 0.00 M M 4.0 7 320 M M 0 M M
31 72 48 60 17 5 0 0.00 M M 4.2 9 180 M M 0 17 180
================================================================================
SM 1581 994 719 0 1.60 M 219.1 M 112
================================================================================
AV 51.0 32.1 7.1 FASTST M M 4 MAX(MPH)
MISC ----> 27 260 44 290
================================================================================
NOTES:
# LAST OF SEVERAL OCCURRENCES
COLUMN 17 PEAK WIND IN M.P.H.
PRELIMINARY LOCAL CLIMATOLOGICAL DATA (WS FORM: F-6) , PAGE 2
STATION: DECATUR
MONTH: JANUARY
YEAR: 2024
LATITUDE: 33 15 N
LONGITUDE: 97 30 W
[TEMPERATURE DATA] [PRECIPITATION DATA] SYMBOLS USED IN COLUMN 16
AVERAGE MONTHLY: 41.5 TOTAL FOR MONTH: 1.60 1 = FOG OR MIST
DPTR FM NORMAL: -0.5 DPTR FM NORMAL: -0.14 2 = FOG REDUCING VISIBILITY
HIGHEST: 76 ON 30 GRTST 24HR 0.42 ON 2- 2 TO 1/4 MILE OR LESS
LOWEST: 8 ON 16,15 3 = THUNDER
SNOW, ICE PELLETS, HAIL 4 = ICE PELLETS
TOTAL MONTH: M 5 = HAIL
GRTST 24HR M ON M 6 = FREEZING RAIN OR DRIZZLE
GRTST DEPTH: M ON M 7 = DUSTSTORM OR SANDSTORM:
VSBY 1/2 MILE OR LESS
8 = SMOKE OR HAZE
[NO. OF DAYS WITH] [WEATHER - DAYS WITH] 9 = BLOWING SNOW
X = TORNADO
MAX 32 OR BELOW: 3 0.01 INCH OR MORE: 10
MAX 90 OR ABOVE: 0 0.10 INCH OR MORE: 6
MIN 32 OR BELOW: 13 0.50 INCH OR MORE: 0
MIN 0 OR BELOW: 0 1.00 INCH OR MORE: 0
[HDD (BASE 65) ]
TOTAL THIS MO. 719 CLEAR (SCALE 0-3) 15
DPTR FM NORMAL 6 PTCLDY (SCALE 4-7) 10
TOTAL FM JUL 1 1529 CLOUDY (SCALE 8-10) 6
DPTR FM NORMAL -324
[CDD (BASE 65) ]
TOTAL THIS MO. 0
DPTR FM NORMAL 0 [PRESSURE DATA]
TOTAL FM JAN 1 0 HIGHEST SLP M ON M
DPTR FM NORMAL 0 LOWEST SLP M ON M
[REMARKS]
#FINAL-01-24#