000
CXUS56 KMTR 010842
CLMLVK
CLIMATE REPORT
NATIONAL WEATHER SERVICE SAN FRANCISCO BAY AREA
142 AM PDT TUE AUG 01 2023
...................................
...THE LIVERMORE AIRPORT CLIMATE SUMMARY FOR THE MONTH OF JULY 2023...
CLIMATE NORMAL PERIOD: 1991 TO 2020
CLIMATE RECORD PERIOD: 1930 TO 2023
WEATHER OBSERVED NORMAL DEPART LAST YEAR`S
VALUE DATE(S) VALUE FROM VALUE DATE(S)
NORMAL
................................................................
TEMPERATURE (F)
RECORD
HIGH 112 MM
LOW 50 07/01/2010
HIGHEST 107 07/01 100 07/16
LOWEST 52 07/08 53 07/01
07/23
AVG. MAXIMUM 91.2 87.7 3.5 86.4
AVG. MINIMUM 57.0 56.8
MEAN 74.1 72.2 1.9 71.6
DAYS MAX >= 90 20 11
DAYS MAX <= 32 0 0
DAYS MIN <= 32 0 0
DAYS MIN <= 0 0 0
PRECIPITATION (INCHES)
RECORD
MAXIMUM T 2022
MINIMUM 0.00 2021
TOTALS TR 0.00 0.00 T
DAILY AVG. T T
DAYS >= .01 0 0
DAYS >= .10 0 0
DAYS >= .50 0 0
DAYS >= 1.00 0 0
GREATEST
24 HR. TOTAL T 07/17 TO 07/17 T 07/26 TO 07/26
07/03 TO 07/03
07/26 TO 07/26
DEGREE DAYS
HEATING TOTAL 10 4 6 6
SINCE 7/1 10 0 10 MM
COOLING TOTAL 299 226 73 220
SINCE 1/1 400 403 -3 MM
................................................................
WIND (MPH)
AVERAGE WIND SPEED 7.7
RESULTANT WIND SPEED/DIRECTION 7/290
HIGHEST WIND SPEED/DIRECTION 22/290 DATE 07/07
22/300 07/27
HIGHEST GUST SPEED/DIRECTION 26/290 DATE 07/07
26/300 07/27
SKY COVER
POSSIBLE SUNSHINE (PERCENT) MM
AVERAGE SKY COVER 0.09
NUMBER OF DAYS FAIR 27
NUMBER OF DAYS PC 4
NUMBER OF DAYS CLOUDY 0
AVERAGE RH (PERCENT) 54
WEATHER CONDITIONS. NUMBER OF DAYS WITH
THUNDERSTORM 0 MIXED PRECIP 0
HEAVY RAIN 0 RAIN 0
LIGHT RAIN 0 FREEZING RAIN 0
LT FREEZING RAIN 0 HAIL 0
HEAVY SNOW 0 SNOW 0
LIGHT SNOW 0 SLEET 0
FOG 3 FOG W/VIS <= 1/4 MILE 0
HAZE 4
- INDICATES NEGATIVE NUMBERS.
R INDICATES RECORD WAS SET OR TIED.
MM INDICATES DATA IS MISSING.
T INDICATES TRACE AMOUNT.
$$