000
CXUS55 KBYZ 011000
CF6LVM
PRELIMINARY LOCAL CLIMATOLOGICAL DATA (WS FORM: F-6)
STATION: LIVINGSTON MT
MONTH: AUGUST
YEAR: 2022
LATITUDE: 45 41 N
LONGITUDE: 110 26 W
TEMPERATURE IN F: :PCPN: SNOW: WIND :SUNSHINE: SKY :PK WND
================================================================================
1 2 3 4 5 6A 6B 7 8 9 10 11 12 13 14 15 16 17 18
12Z AVG MX 2MIN
DY MAX MIN AVG DEP HDD CDD WTR SNW DPTH SPD SPD DIR MIN PSBL S-S WX SPD DR
================================================================================
1 100 57 79 9 0 14 0.00 M M 14.5 33 220 M M 0 48 220
2 94 66 80 10 0 15 0.00 M M 16.1 37 220 M M 1 45 210
3 92 52 72 3 0 7 0.00 M M 14.9 28 280 M M 0 37 280
4 98 56 77 8 0 12 0.01 M M 18.5 39 210 M M 1 46 210
5 83 55 69 0 0 4 0.39 M M 7.3 21 100 M M 3 13 26 100
6 61 50 56 -13 9 0 0.09 M M 10.9 28 90 M M 8 1 35 100
7 85 46 66 -3 0 1 0.00 M M 9.3 18 240 M M 1 12 23 240
8 93 48 71 2 0 6 0.00 M M 9.4 23 240 M M 0 28 230
9 97 50 74 6 0 9 0.00 M M 9.7 23 70 M M 0 28 70
10 97 54 76 8 0 11 T M M 6.5 23 240 M M 1 31 260
11 93 59 76 8 0 11 T M M 12.0 28 260 M M 2 34 260
12 97 57 77 9 0 12 T M M 6.1 35 260 M M 1 3 41 250
13 92 57 75 8 0 10 0.07 M M 5.5 30 270 M M 1 3 38 270
14 93 55 74 7 0 9 0.00 M M 6.7 20 250 M M 1 24 250
15 93 52 73 6 0 8 0.00 M M 6.5 15 130 M M 0 8 20 290
16 96 46 71 4 0 6 0.00 M M 4.5 16 220 M M 0 8 21 220
17 95 52 74 8 0 9 0.00 M M 9.2 20 80 M M 0 8 25 80
18 89 49 69 3 0 4 0.00 M M 10.7 21 80 M M 0 8 25 80
19 86 52 69 3 0 4 0.00 M M 13.7 25 80 M M 0 8 32 70
20 94 49 72 6 0 7 0.00 M M 4.3 12 130 M M 0 16 50
21 92 54 73 8 0 8 0.10 M M 8.3 26 160 M M 1 38 34 200
22 92 53 73 8 0 8 0.00 M M 9.3 35 220 M M 1 38 45 210
23 89 55 72 7 0 7 0.00 M M 12.3 25 100 M M 1 8 33 70
24 78 57 68 4 0 3 T M M 16.0 30 80 M M 3 8 38 80
25 80 59 70 6 0 5 0.08 M M 8.8 33 260 M M 4 38 40 260
26 87 51 69 5 0 4 T M M 10.3 36 330 M M 2 46 320
27 85 46 66 2 0 1 T M M 14.7 40 240 M M 1 3 53 240
28 78 50 64 1 1 0 0.00 M M 11.9 24 260 M M 2 29 270
29 88 36 62 -1 3 0 0.00 M M 5.8 15 250 M M 0 28 320
30 95 46 71 8 0 6 0.00 M M 4.7 14 340 M M 0 18 340
31 97 48 73 11 0 8 0.00 M M 8.5 21 280 M M 0 26 280
================================================================================
SM 2789 1617 13 209 0.74 M 306.9 M 35
================================================================================
AV 90.0 52.2 9.9 FASTST M M 1 MAX(MPH)
MISC ----> 40 240 53 240
================================================================================
NOTES:
# LAST OF SEVERAL OCCURRENCES
COLUMN 17 PEAK WIND IN M.P.H.
PRELIMINARY LOCAL CLIMATOLOGICAL DATA (WS FORM: F-6) , PAGE 2
STATION: LIVINGSTON MT
MONTH: AUGUST
YEAR: 2022
LATITUDE: 45 41 N
LONGITUDE: 110 26 W
[TEMPERATURE DATA] [PRECIPITATION DATA] SYMBOLS USED IN COLUMN 16
AVERAGE MONTHLY: 71.1 TOTAL FOR MONTH: 0.74 1 = FOG OR MIST
DPTR FM NORMAL: 4.6 DPTR FM NORMAL: -0.33 2 = FOG REDUCING VISIBILITY
HIGHEST: 100 ON 1 GRTST 24HR 0.48 ON 5- 6 TO 1/4 MILE OR LESS
LOWEST: 36 ON 29 3 = THUNDER
SNOW, ICE PELLETS, HAIL 4 = ICE PELLETS
TOTAL MONTH: M 5 = HAIL
GRTST 24HR M ON M 6 = FREEZING RAIN OR DRIZZLE
GRTST DEPTH: M ON M 7 = DUSTSTORM OR SANDSTORM:
VSBY 1/2 MILE OR LESS
8 = SMOKE OR HAZE
[NO. OF DAYS WITH] [WEATHER - DAYS WITH] 9 = BLOWING SNOW
X = TORNADO
MAX 32 OR BELOW: 0 0.01 INCH OR MORE: 6
MAX 90 OR ABOVE: 19 0.10 INCH OR MORE: 2
MIN 32 OR BELOW: 0 0.50 INCH OR MORE: 0
MIN 0 OR BELOW: 0 1.00 INCH OR MORE: 0
[HDD (BASE 65) ]
TOTAL THIS MO. 13 CLEAR (SCALE 0-3) 28
DPTR FM NORMAL -45 PTCLDY (SCALE 4-7) 3
TOTAL FM JUL 1 15 CLOUDY (SCALE 8-10) 0
DPTR FM NORMAL -82
[CDD (BASE 65) ]
TOTAL THIS MO. 209
DPTR FM NORMAL 106 [PRESSURE DATA]
TOTAL FM JAN 1 417 HIGHEST SLP 30.21 ON 7
DPTR FM NORMAL 161 LOWEST SLP 29.50 ON 27
[REMARKS]
#FINAL-08-22#