000
CXUS56 KOTX 111656
CF6LWS
PRELIMINARY LOCAL CLIMATOLOGICAL DATA (WS FORM: F-6)
STATION: LEWISTON ID AIRPORT
MONTH: OCTOBER
YEAR: 2023
LATITUDE: 46 22 N
LONGITUDE: 117 1 W
TEMPERATURE IN F: :PCPN: SNOW: WIND :SUNSHINE: SKY :PK WND
================================================================================
1 2 3 4 5 6A 6B 7 8 9 10 11 12 13 14 15 16 17 18
12Z AVG MX 2MIN
DY MAX MIN AVG DEP HDD CDD WTR SNW DPTH SPD SPD DIR MIN PSBL S-S WX SPD DR
================================================================================
1 61 47 54 -6 11 0 0.00 0.0 0 3.8 10 170 M M 8 1 12 170
2 71 55 63 4 2 0 0.06 0.0 0 4.6 13 180 M M 8 15 170
3 67 55 61 2 4 0 0.25 0.0 0 4.8 15 310 M M 7 1 20 300
4 74 48 61 3 4 0 0.00 0.0 0 2.6 8 120 M M 0 12 11 10
5 76 49 63 5 2 0 0.00 0.0 0 4.0 9 200 M M 0 11 210
6 78 51 65 8 0 0 0.00 0.0 0 2.0 9 190 M M 0 11 190
7 81 52 67 10 0 2 0.00 0.0 0 2.9 10 90 M M 0 8 13 90
8 83 54 69 13 0 4 0.00 0.0 0 4.8 12 210 M M 0 13 210
9 80 55 68 12 0 3 0.00 0.0 0 5.5 18 300 M M 1 8 29 290
10 63 50 57 2 8 0 0.50 0.0 0 3.2 13 250 M M 7 18 16 260
11 60 49 55 0 10 0 0.05 0.0 0 2.6 12 340 M M 9 14 320
12 64 47 56 2 9 0 0.04 0.0 0 3.5 10 90 M M 6 1 13 80
13 70 43 57 3 8 0 0.00 0.0 0 4.1 9 70 M M 0 8 11 70
14 71 50 61 8 4 0 0.02 0.0 0 3.3 9 160 M M 7 11 50
15 71 56 64 11 1 0 0.00 0.0 0 3.6 8 90 M M 5 14 150
16 70 54 62 10 3 0 0.01 0.0 0 4.7 12 60 M M 2 14 60
17 67 50 59 7 6 0 0.00 0.0 0 4.6 17 280 M M 2 22 280
18 73 45 59 8 6 0 0.00 0.0 0 3.1 9 80 M M 0 11 90
19 78 50 64 13 1 0 0.00 0.0 0 2.3 7 200 M M 0 8 9 80
20 72 50 61 11 4 0 0.00 0.0 0 1.7 7 140 M M 0 9 50
21 72 49 61 11 4 0 0.00 0.0 0 2.0 7 180 M M 0 9 340
22 67 51 59 9 6 0 T 0.0 0 2.8 15 310 M M 4 18 320
23 63 49 56 7 9 0 0.00 0.0 0 3.1 14 270 M M 5 21 300
24 52 42 47 -2 18 0 0.28 0.0 0 3.4 8 70 M M 7 11 80
25 50 41 46 -2 19 0 0.22 0.0 0 3.3 9 280 M M 9 1 11 270
26 43 37 40 -8 25 0 T 0.0 0 6.1 16 290 M M 10 20 290
27 45 32 39 -9 26 0 T 0.0 0 4.6 14 290 M M 8 17 280
28 44 27 36 -11 29 0 0.00 0.0 0 2.4 7 190 M M 0 8 200
29 45 25 35 -12 30 0 0.00 0.0 0 3.0 9 50 M M 0 11 50
30 53 27 40 -7 25 0 0.00 0.0 0 3.5 10 70 M M 0 18 15 80
31 56 30 43 -3 22 0 0.00 0.0 0 4.0 12 50 M M 0 15 70
================================================================================
SM 2020 1420 296 9 1.43 0.0 109.9 M 105
================================================================================
AV 65.2 45.8 3.5 FASTST M M 3 MAX(MPH)
MISC ----> 18 300 29 290
================================================================================
NOTES:
# LAST OF SEVERAL OCCURRENCES
COLUMN 17 PEAK WIND IN M.P.H.
PRELIMINARY LOCAL CLIMATOLOGICAL DATA (WS FORM: F-6) , PAGE 2
STATION: LEWISTON ID AIRPORT
MONTH: OCTOBER
YEAR: 2023
LATITUDE: 46 22 N
LONGITUDE: 117 1 W
[TEMPERATURE DATA] [PRECIPITATION DATA] SYMBOLS USED IN COLUMN 16
AVERAGE MONTHLY: 55.5 TOTAL FOR MONTH: 1.43 1 = FOG OR MIST
DPTR FM NORMAL: 3.0 DPTR FM NORMAL: 0.35 2 = FOG REDUCING VISIBILITY
HIGHEST: 83 ON 8 GRTST 24HR 0.54 ON 10-11 TO 1/4 MILE OR LESS
LOWEST: 25 ON 29 3 = THUNDER
SNOW, ICE PELLETS, HAIL 4 = ICE PELLETS
TOTAL MONTH: 0.0 INCH 5 = HAIL
GRTST 24HR 0.0 6 = FREEZING RAIN OR DRIZZLE
GRTST DEPTH: 0 7 = DUSTSTORM OR SANDSTORM:
VSBY 1/2 MILE OR LESS
8 = SMOKE OR HAZE
[NO. OF DAYS WITH] [WEATHER - DAYS WITH] 9 = BLOWING SNOW
X = TORNADO
MAX 32 OR BELOW: 0 0.01 INCH OR MORE: 9
MAX 90 OR ABOVE: 0 0.10 INCH OR MORE: 4
MIN 32 OR BELOW: 5 0.50 INCH OR MORE: 1
MIN 0 OR BELOW: 0 1.00 INCH OR MORE: 0
[HDD (BASE 65) ]
TOTAL THIS MO. 296 CLEAR (SCALE 0-3) 17
DPTR FM NORMAL -96 PTCLDY (SCALE 4-7) 9
TOTAL FM JUL 1 379 CLOUDY (SCALE 8-10) 5
DPTR FM NORMAL -98
[CDD (BASE 65) ]
TOTAL THIS MO. 9
DPTR FM NORMAL 5 [PRESSURE DATA]
TOTAL FM JAN 1 1321 HIGHEST SLP 30.67 ON 29
DPTR FM NORMAL 409 LOWEST SLP 29.54 ON 10
[REMARKS]
#FINAL-10-23#