000
CXUS51 KRNK 012020
CF6LYH
PRELIMINARY LOCAL CLIMATOLOGICAL DATA (WS FORM: F-6)
STATION: LYNCHBURG VA
MONTH: NOVEMBER
YEAR: 2022
LATITUDE: 37 19 N
LONGITUDE: 79 12 W
TEMPERATURE IN F: :PCPN: SNOW: WIND :SUNSHINE: SKY :PK WND
================================================================================
1 2 3 4 5 6A 6B 7 8 9 10 11 12 13 14 15 16 17 18
12Z AVG MX 2MIN
DY MAX MIN AVG DEP HDD CDD WTR SNW DPTH SPD SPD DIR MIN PSBL S-S WX SPD DR
================================================================================
1 77 50 64 13 1 0 0.00 0.0 0 2.6 12 300 M M 5 12 17 250
2 69 47 58 7 7 0 0.00 0.0 0 2.3 9 70 M M 1 14 10
3 72 46 59 8 6 0 0.00 0.0 0 3.3 12 50 M M 0 1 19 60
4 77 53 65 15 0 0 T 0.0 0 3.6 13 160 M M 5 18 140
5 80 65 73 23 0 8 0.26 0.0 0 9.3 16 190 M M 8 1 20 170
6 74 67 71 21 0 6 0.09 0.0 0 6.1 15 160 M M 10 1 20 160
7 84 56 70 21 0 5 T 0.0 0 3.3 12 20 M M 4 12 15 10
8 67 49 58 9 7 0 0.00 0.0 0 9.2 20 40 M M 0 24 20
9 62 41 52 4 13 0 0.00 0.0 0 7.4 16 30 M M 1 20 20
10 66 48 57 9 8 0 0.05 0.0 0 8.1 14 30 M M 10 1 18 40
11 78 56 67 19 0 2 2.15 0.0 0 9.6 22 150 M M 10 1 31 140
12 72 51 62 14 3 0 0.11 0.0 0 6.3 16 190 M M 4 1 20 200
13 51 32 42 -5 23 0 0.00 0.0 0 5.3 14 10 M M 2 20 310
14 49 27 38 -9 27 0 0.00 0.0 0 1.9 8 90 M M 0 11 50
15 41 31 36 -10 29 0 0.98 0.0 0 5.2 15 20 M M 9 1 19 20
16 53 34 44 -2 21 0 0.00 0.0 0 4.5 13 260 M M 3 1 20 260
17 46 28 37 -9 28 0 0.00 0.0 0 4.9 14 300 M M 2 20 300
18 50 25 38 -8 27 0 0.00 0.0 0 4.7 15 190 M M 1 22 260
19 52 27 40 -5 25 0 0.00 0.0 0 4.8 15 190 M M 1 22 220
20 46 26 36 -9 29 0 0.00 0.0 0 5.1 14 260 M M 0 24 300
21 51 22 37 -8 28 0 0.00 0.0 0 3.0 13 190 M M 0 17 190
22 61 23 42 -2 23 0 0.00 0.0 0 1.5 9 190 M M 0 12 20
23 66 27 47 3 18 0 0.00 0.0 0 1.7 12 360 M M 0 13 10
24 62 33 48 4 17 0 0.00 0.0 0 1.4 10 150 M M 0 12 150
25 70 36 53 9 12 0 0.00 0.0 0 3.6 17 290 M M 3 30 280
26 63 30 47 4 18 0 0.00 0.0 0 2.7 10 250 M M 0 38 220
27 60 47 54 11 11 0 0.28 0.0 0 5.4 14 210 M M 5 1 19 200
28 60 35 48 5 17 0 0.00 0.0 0 4.5 14 260 M M 3 20 260
29 58 32 45 3 20 0 0.00 0.0 0 3.3 13 180 M M 1 18 170
30 64 38 51 9 14 0 0.81 0.0 0 7.8 21 150 M M 6 1 31 280
================================================================================
SM 1881 1182 432 21 4.73 0.0 142.4 M 94
================================================================================
AV 62.7 39.4 4.7 FASTST M M 3 MAX(MPH)
MISC ----> 22 150 38 220
================================================================================
NOTES:
# LAST OF SEVERAL OCCURRENCES
COLUMN 17 PEAK WIND IN M.P.H.
PRELIMINARY LOCAL CLIMATOLOGICAL DATA (WS FORM: F-6) , PAGE 2
STATION: LYNCHBURG VA
MONTH: NOVEMBER
YEAR: 2022
LATITUDE: 37 19 N
LONGITUDE: 79 12 W
[TEMPERATURE DATA] [PRECIPITATION DATA] SYMBOLS USED IN COLUMN 16
AVERAGE MONTHLY: 51.1 TOTAL FOR MONTH: 4.73 1 = FOG OR MIST
DPTR FM NORMAL: 4.6 DPTR FM NORMAL: 1.34 2 = FOG REDUCING VISIBILITY
HIGHEST: 84 ON 7 GRTST 24HR 2.19 ON 10-11 TO 1/4 MILE OR LESS
LOWEST: 22 ON 21 3 = THUNDER
SNOW, ICE PELLETS, HAIL 4 = ICE PELLETS
TOTAL MONTH: 0.0 INCH 5 = HAIL
GRTST 24HR 0.0 6 = FREEZING RAIN OR DRIZZLE
GRTST DEPTH: 0 7 = DUSTSTORM OR SANDSTORM:
VSBY 1/2 MILE OR LESS
8 = SMOKE OR HAZE
[NO. OF DAYS WITH] [WEATHER - DAYS WITH] 9 = BLOWING SNOW
X = TORNADO
MAX 32 OR BELOW: 0 0.01 INCH OR MORE: 8
MAX 90 OR ABOVE: 0 0.10 INCH OR MORE: 6
MIN 32 OR BELOW: 12 0.50 INCH OR MORE: 3
MIN 0 OR BELOW: 0 1.00 INCH OR MORE: 1
[HDD (BASE 65) ]
TOTAL THIS MO. 432 CLEAR (SCALE 0-3) 19
DPTR FM NORMAL -124 PTCLDY (SCALE 4-7) 6
TOTAL FM JUL 1 724 CLOUDY (SCALE 8-10) 5
DPTR FM NORMAL -148
[CDD (BASE 65) ]
TOTAL THIS MO. 21
DPTR FM NORMAL 20 [PRESSURE DATA]
TOTAL FM JAN 1 1540 HIGHEST SLP 30.60 ON 9
DPTR FM NORMAL 425 LOWEST SLP 29.51 ON 27
[REMARKS]
#FINAL-11-22#