000
CXUS51 KRNK 011826
CF6LYH
PRELIMINARY LOCAL CLIMATOLOGICAL DATA (WS FORM: F-6)
STATION: LYNCHBURG VA
MONTH: OCTOBER
YEAR: 2021
LATITUDE: 37 19 N
LONGITUDE: 79 12 W
TEMPERATURE IN F: :PCPN: SNOW: WIND :SUNSHINE: SKY :PK WND
================================================================================
1 2 3 4 5 6A 6B 7 8 9 10 11 12 13 14 15 16 17 18
12Z AVG MX 2MIN
DY MAX MIN AVG DEP HDD CDD WTR SNW DPTH SPD SPD DIR MIN PSBL S-S WX SPD DR
================================================================================
1 76 54 65 2 0 0 0.00 0.0 0 3.4 13 40 M M 1 18 40
2 83 52 68 6 0 3 0.00 0.0 0 2.1 10 210 M M 1 1 14 200
3 84 61 73 11 0 8 0.07 0.0 0 4.6 14 200 M M 6 12 18 190
4 81 65 73 12 0 8 T 0.0 0 4.1 14 180 M M 5 123 18 170
5 85 63 74 13 0 9 0.00 0.0 0 2.3 10 160 M M 7 12 12 170
6 80 70 75 14 0 10 T 0.0 0 5.3 12 40 M M 9 1 14 50
7 73 62 68 8 0 3 T 0.0 0 5.1 12 50 M M 9 1 16 60
8 73 61 67 7 0 2 0.04 0.0 0 3.1 9 40 M M 10 1 11 40
9 69 63 66 6 0 1 0.02 0.0 0 7.0 16 50 M M 9 1 23 40
10 74 62 68 9 0 3 0.00 0.0 0 6.6 16 40 M M 7 20 40
11 74 60 67 8 0 2 0.00 0.0 0 3.6 10 100 M M 8 15 100
12 77 61 69 11 0 4 0.00 0.0 0 1.2 8 130 M M 8 13 260
13 84 55 70 12 0 5 0.00 0.0 0 1.1 7 260 M M 3 12 10 270
14 83 52 68 10 0 3 0.00 0.0 0 1.0 9 40 M M 0 1 12 20
15 88 59 74 17 0 9 0.00 0.0 0 2.8 13 180 M M 1 17 170
16 76 47 62 5 3 0 0.03 0.0 0 5.3 14 280 M M 3 1 27 300
17 67 41 54 -3 11 0 0.00 0.0 0 4.5 13 300 M M 1 21 270
18 72 41 57 1 8 0 0.00 0.0 0 5.2 14 310 M M 0 22 310
19 74 39 57 1 8 0 0.00 0.0 0 3.2 9 270 M M 0 14 220
20 78 41 60 4 5 0 0.00 0.0 0 2.1 10 260 M M 0 16 250
21 80 43 62 7 3 0 T 0.0 0 4.9 16 200 M M 2 21 200
22 71 46 59 4 6 0 0.00 0.0 0 2.3 10 300 M M 5 17 240
23 70 45 58 4 7 0 0.00 0.0 0 2.7 12 230 M M 2 16 250
24 77 53 65 11 0 0 0.02 0.0 0 4.1 16 190 M M 4 22 220
25 80 54 67 13 0 2 1.47 0.0 0 5.6 17 190 M M 4 13 24 180
26 66 50 58 5 7 0 0.00 0.0 0 8.6 18 300 M M 2 33 330
27 72 47 60 7 5 0 0.00 0.0 0 4.3 13 310 M M 1 23 310
28 68 45 57 4 8 0 0.36 0.0 0 6.1 13 70 M M 6 1 19 120
29 72 55 64 12 1 0 0.75 0.0 0 6.4 16 190 M M 7 1 23 70
30 61 50 56 4 9 0 T 0.0 0 6.2 16 200 M M 9 21 200
31 69 43 56 4 9 0 0.00 0.0 0 4.5 16 300 M M 2 1 27 310
================================================================================
SM 2337 1640 90 72 2.76 0.0 129.3 M 132
================================================================================
AV 75.4 52.9 4.2 FASTST M M 4 MAX(MPH)
MISC ----> 18 300 33 330
================================================================================
NOTES:
# LAST OF SEVERAL OCCURRENCES
COLUMN 17 PEAK WIND IN M.P.H.
PRELIMINARY LOCAL CLIMATOLOGICAL DATA (WS FORM: F-6) , PAGE 2
STATION: LYNCHBURG VA
MONTH: OCTOBER
YEAR: 2021
LATITUDE: 37 19 N
LONGITUDE: 79 12 W
[TEMPERATURE DATA] [PRECIPITATION DATA] SYMBOLS USED IN COLUMN 16
AVERAGE MONTHLY: 64.1 TOTAL FOR MONTH: 2.76 1 = FOG OR MIST
DPTR FM NORMAL: 7.1 DPTR FM NORMAL: -0.36 2 = FOG REDUCING VISIBILITY
HIGHEST: 88 ON 15 GRTST 24HR 1.47 ON 25-25 TO 1/4 MILE OR LESS
LOWEST: 39 ON 19 3 = THUNDER
SNOW, ICE PELLETS, HAIL 4 = ICE PELLETS
TOTAL MONTH: 0.0 INCH 5 = HAIL
GRTST 24HR 0.0 6 = FREEZING RAIN OR DRIZZLE
GRTST DEPTH: 0 7 = DUSTSTORM OR SANDSTORM:
VSBY 1/2 MILE OR LESS
8 = SMOKE OR HAZE
[NO. OF DAYS WITH] [WEATHER - DAYS WITH] 9 = BLOWING SNOW
X = TORNADO
MAX 32 OR BELOW: 0 0.01 INCH OR MORE: 8
MAX 90 OR ABOVE: 0 0.10 INCH OR MORE: 3
MIN 32 OR BELOW: 0 0.50 INCH OR MORE: 2
MIN 0 OR BELOW: 0 1.00 INCH OR MORE: 1
[HDD (BASE 65) ]
TOTAL THIS MO. 90 CLEAR (SCALE 0-3) 15
DPTR FM NORMAL -177 PTCLDY (SCALE 4-7) 9
TOTAL FM JUL 1 107 CLOUDY (SCALE 8-10) 7
DPTR FM NORMAL -208
[CDD (BASE 65) ]
TOTAL THIS MO. 72
DPTR FM NORMAL 53 [PRESSURE DATA]
TOTAL FM JAN 1 1548 HIGHEST SLP 30.32 ON 6
DPTR FM NORMAL 434 LOWEST SLP 29.42 ON 29
[REMARKS]
#FINAL-10-21#