000
CXUS54 KLZK 031902
CLSLZK
CLIMATE REPORT...UPDATED WITH SUPPLEMENTAL DATA
NATIONAL WEATHER SERVICE LITTLE ROCK AR
1253 PM CST SUN DEC 03 2023
...................................
...THE NORTH LITTLE ROCK CLIMATE SUMMARY FOR THE SEASON, FROM
9/1/2023 TO 11/30/2023...
CLIMATE NORMAL PERIOD 1991 TO 2020
CLIMATE RECORD PERIOD 1975 TO 2023
WEATHER OBSERVED NORMAL DEPART LAST YEAR`S
VALUE DATE(S) VALUE FROM VALUE DATE(S)
NORMAL
................................................................
TEMPERATURE (F)
RECORD
HIGH 105 09/03/2000
09/01/2000
LOW 14 11/29/1976
HIGHEST 98 09/06 74 24 99 09/21
LOWEST 29 11/01 54 -25 25 11/13
AVG. MAXIMUM 75.1 72.4 2.7 73.9
AVG. MINIMUM 55.5 53.0 2.5 53.1
MEAN 65.3 62.7 2.6 63.5
DAYS MAX >= 90 16 9.7 6.3 8
DAYS MAX <= 32 0 0.1 -0.1 0
DAYS MIN <= 32 3 3.3 -0.3 10
DAYS MIN <= 0 0 0.0 0.0 0
PRECIPITATION (INCHES)
TOTALS 10.48 12.36 -1.88 8.12
DAILY AVG. 0.11 0.14 -0.03 0.09
DAYS >= .01 19 23.6 -4.6 21
DAYS >= .10 14 15.9 -1.9 14
DAYS >= .50 5 8.0 -3.0 7
DAYS >= 1.00 4 4.0 0.0 2
GREATEST
24 HR. TOTAL 3.43 MM
STORM TOTAL 3.43 1.87
(MM/DD(HH)) MM
SNOWFALL (INCHES)
RECORDS
TOTAL 4.0 1983
24 HR TOTAL 4.0 11/26/1980 TO 11/26/1980
SNOW DEPTH 4 11/27/1980
TOTALS 0.0 0.1 -0.1 T
LIQUID EQUIV 0.00 0.00 0.00 T
SINCE 7/1 0.0 0.1 -0.1 MM
LIQUID 7/1 0.00 0.00 0.00 MM
SNOWDEPTH AVG. 0 0
DAYS >= TRACE 0 0.2 -0.2 2
DAYS >= 1.0 0 0.0 0.0 0
GREATEST
SNOW DEPTH 0 0 MM
24 HR TOTAL MM T 11/14 TO 11/14
11/12 TO 11/12
STORM TOTAL 0.0 T
(MM/DD(HH)) MM
DEGREE DAYS
HEATING TOTAL 473 571 -98 556
SINCE 7/1 473 572 -99 MM
COOLING TOTAL 520 363 157 447
SINCE 1/1 2347 2008 339 MM
FREEZE DATES
RECORD
EARLIEST 10/20/1989
LATEST 04/19/1983
EARLIEST 10/31
LATEST 03/20
................................................................
WIND (MPH)
AVERAGE WIND SPEED MM
HIGHEST WIND SPEED/DIRECTION MM DATE MM
HIGHEST GUST SPEED/DIRECTION MM DATE MM
SKY COVER
AVERAGE SKY COVER MM
NUMBER OF DAYS FAIR 0
NUMBER OF DAYS PC 0
NUMBER OF DAYS CLOUDY 0
WEATHER CONDITIONS. NUMBER OF DAYS WITH
THUNDERSTORM 7 MIXED PRECIP 0
HEAVY RAIN 2 RAIN 10
LIGHT RAIN 23 FREEZING RAIN 0
LT FREEZING RAIN 0 HAIL 0
HEAVY SNOW 0 SLEET 0
FOG 8 FOG W/VIS <= 1/4 MILE 4
HAZE 0
- INDICATES NEGATIVE NUMBERS.
R INDICATES RECORD WAS SET OR TIED.
MM INDICATES DATA IS MISSING.
T INDICATES TRACE AMOUNT.
&&
.SEASONAL TEMPERATURES...
THE AVERAGE HIGH TEMPERATURE OF 75.1 (+2.7) RANKED AS THE 10TH
HOTTEST SEASONAL AVERAGE HIGH ON RECORD.
THE AVERAGE LOW TEMPERATURE OF 55.5 (+2.5) RANKED AS THE 12TH
HOTTEST SEASONAL AVERAGE LOW ON RECORD.
THE AVERAGE TEMPERATURE OF 65.3 (+2.6) WAS THE 3RD HOTTEST SEASONAL
AVERAGE TEMPERATURE ON RECORD.
THE HOTTEST TEMPERATURE OF 98 DEGREES OCCURRED ON SEPTEMBER 6TH,
WHICH WAS THE 8TH HOTTEST ON RECORD FOR THE SEASON ALONG WITH 2011
AND 2005.
THERE WERE 16 DAYS WITH HIGH TEMPERATURES OF 90-DEGREES OR GREATER.
ALONG WITH 2013, 2002, AND 2000, THIS IS THE 5TH MOST NUMBER OF DAYS
WITH HIGHS OF 90-DEGREES OR GREATER DURING THE SEASON.
THE COLDEST TEMPERATURE OF 29 DEGREES OCCURRED ON NOVEMBER 1ST, AND
THIS RANKED AS THE 18TH HOTTEST COLDEST TEMPERATURE OF THE SEASON
ALONG WITH 2021, 2015, 2006, 2002, 1992, AND 1985.
THERE WERE 3 DAYS WHEN LOW TEMPERATURES FELL TO OR BELOW 32 DEGREES.
.SEASONAL RAINFALL...
SEASONAL RAINFALL WAS BELOW AVERAGE WITH A TOTAL OF 10.48 INCHES (-
1.88). THIS IS THE 19TH DRIEST ON RECORD FOR THE SEASON.
.SEASONAL SNOWFALL...
THERE WAS NO MEASURABLE SEASONAL SNOWFALL.
$$
69