000
CXUS56 KHNX 011420
CF6MAE
PRELIMINARY LOCAL CLIMATOLOGICAL DATA (WS FORM: F-6)
STATION: MADERA CA AIRPORT
MONTH: SEPTEMBER
YEAR: 2021
LATITUDE: 36 58 N
LONGITUDE: 120 7 W
TEMPERATURE IN F: :PCPN: SNOW: WIND :SUNSHINE: SKY :PK WND
================================================================================
1 2 3 4 5 6A 6B 7 8 9 10 11 12 13 14 15 16 17 18
12Z AVG MX 2MIN
DY MAX MIN AVG DEP HDD CDD WTR SNW DPTH SPD SPD DIR MIN PSBL S-S WX SPD DR
================================================================================
1 92 53 73 -5 0 8 0.00 0.0 0 5.9 13 310 M M 0 8 20 310
2 89 53 71 -7 0 6 0.00 0.0 0 5.9 12 300 M M 0 18 17 30
3 93 53 73 -5 0 8 0.00 0.0 0 4.5 8 310 M M 0 18 11 300
4 97 54 76 -1 0 11 0.00 0.0 0 4.4 12 310 M M 0 18 17 310
5 101 55 78 1 0 13 0.00 0.0 0 3.9 13 320 M M 0 8 16 290
6 104 59 82 5 0 17 0.00 0.0 0 3.5 9 300 M M 0 8 19 330
7 105 61 83 6 0 18 0.00 0.0 0 6.0 20 320 M M 0 33 360
8 104 64 84 7 0 19 0.00 0.0 0 4.1 13 300 M M 0 28 10
9 106 67 87 11 0 22 0.00 0.0 0 4.9 13 80 M M 0 26 350
10 97 71 84 8 0 19 T 0.0 0 9.0 16 340 M M 0 29 350
11 96 61 79 3 0 14 0.00 0.0 0 6.4 10 320 M M 0 27 350
12 99 59 79 3 0 14 0.00 0.0 0 4.9 13 280 M M 0 27 360
13 99 59 79 3 0 14 0.00 0.0 0 3.5 9 310 M M 0 30 30
14 101 59 80 4 0 15 0.00 0.0 0 3.7 9 310 M M 0 8 16 20
15 97 57 77 2 0 12 0.00 0.0 0 4.9 13 330 M M 0 8 27 350
16 91 54 73 -2 0 8 0.00 0.0 0 5.6 12 300 M M 0 8 26 350
17 92 53 73 -2 0 8 0.00 0.0 0 4.8 9 300 M M 0 18 39 30
18 85 56 71 -3 0 6 0.00 0.0 0 8.9 16 320 M M 0 8 23 320
19 84 54 69 -5 0 4 0.00 0.0 0 9.3 21 330 M M 0 32 340
20 88 50 69 -5 0 4 0.00 0.0 0 3.2 8 350 M M 0 11 320
21 95 58 77 3 0 12 0.00 0.0 0 2.8 7 340 M M 0 8 9 150
22 99 57 78 5 0 13 0.00 0.0 0 3.9 12 320 M M 3 8 16 320
23 96 57 77 4 0 12 0.00 0.0 0 4.2 12 300 M M 0 8 19 330
24 96 59 78 5 0 13 0.00 0.0 0 3.1 8 260 M M 0 8 10 260
25 94 58 76 4 0 11 0.00 0.0 0 2.8 9 340 M M 0 18 11 350
26 86 55 71 -1 0 6 0.00 0.0 0 5.7 13 280 M M 0 8 15 270
27 86 52 69 -3 0 4 0.00 0.0 0 8.8 18 320 M M 0 25 320
28 78 50 64 -7 1 0 0.00 0.0 0 10.6 21 310 M M 0 26 310
29 81 46 64 -7 1 0 0.00 0.0 0 4.0 12 360 M M 0 8 14 290
30 87 49 68 -3 0 3 0.00 0.0 0 3.3 8 320 M M 0 8 11 300
================================================================================
SM 2818 1693 2 314 T 0.0 156.5 M 3
================================================================================
AV 93.9 56.4 5.2 FASTST M M 0 MAX(MPH)
MISC ----> # 21 330 39 30
================================================================================
NOTES:
# LAST OF SEVERAL OCCURRENCES
COLUMN 17 PEAK WIND IN M.P.H.
PRELIMINARY LOCAL CLIMATOLOGICAL DATA (WS FORM: F-6) , PAGE 2
STATION: MADERA CA AIRPORT
MONTH: SEPTEMBER
YEAR: 2021
LATITUDE: 36 58 N
LONGITUDE: 120 7 W
[TEMPERATURE DATA] [PRECIPITATION DATA] SYMBOLS USED IN COLUMN 16
AVERAGE MONTHLY: 75.2 TOTAL FOR MONTH: T 1 = FOG OR MIST
DPTR FM NORMAL: 0.4 DPTR FM NORMAL: -0.03 2 = FOG REDUCING VISIBILITY
HIGHEST: 106 ON 9 GRTST 24HR T ON 10-10 TO 1/4 MILE OR LESS
LOWEST: 46 ON 29 3 = THUNDER
SNOW, ICE PELLETS, HAIL 4 = ICE PELLETS
TOTAL MONTH: 0.0 INCH 5 = HAIL
GRTST 24HR 0.0 6 = FREEZING RAIN OR DRIZZLE
GRTST DEPTH: 0 7 = DUSTSTORM OR SANDSTORM:
VSBY 1/2 MILE OR LESS
8 = SMOKE OR HAZE
[NO. OF DAYS WITH] [WEATHER - DAYS WITH] 9 = BLOWING SNOW
X = TORNADO
MAX 32 OR BELOW: 0 0.01 INCH OR MORE: 0
MAX 90 OR ABOVE: 21 0.10 INCH OR MORE: 0
MIN 32 OR BELOW: 0 0.50 INCH OR MORE: 0
MIN 0 OR BELOW: 0 1.00 INCH OR MORE: 0
[HDD (BASE 65) ]
TOTAL THIS MO. 2 CLEAR (SCALE 0-3) 30
DPTR FM NORMAL -2 PTCLDY (SCALE 4-7) 0
TOTAL FM JUL 1 2 CLOUDY (SCALE 8-10) 0
DPTR FM NORMAL 2
[CDD (BASE 65) ]
TOTAL THIS MO. 314
DPTR FM NORMAL 18 [PRESSURE DATA]
TOTAL FM JAN 1 1912 HIGHEST SLP 30.11 ON 21
DPTR FM NORMAL 239 LOWEST SLP 29.67 ON 1
[REMARKS]
#FINAL-09-21#