000
CXUS54 KMAF 012127
CF6MAF
PRELIMINARY LOCAL CLIMATOLOGICAL DATA (WS FORM: F-6)
STATION: MIDLAND INTERNATIONAL AIRPORT
MONTH: JANUARY
YEAR: 2024
LATITUDE: 31 57 N
LONGITUDE: 102 11 W
TEMPERATURE IN F: :PCPN: SNOW: WIND :SUNSHINE: SKY :PK WND
================================================================================
1 2 3 4 5 6A 6B 7 8 9 10 11 12 13 14 15 16 17 18
12Z AVG MX 2MIN
DY MAX MIN AVG DEP HDD CDD WTR SNW DPTH SPD SPD DIR MIN PSBL S-S WX SPD DR
================================================================================
1 51 27 39 -6 26 0 0.00 0.0 0 6.1 12 100 M M 0 15 30
2 43 35 39 -6 26 0 0.00 0.0 0 6.7 15 130 M M 7 1 18 130
3 48 32 40 -5 25 0 0.00 0.0 0 4.3 12 150 M M 5 12 14 150
4 43 35 39 -6 26 0 T 0.0 0 15.1 28 160 M M 8 12 33 160
5 55 31 43 -2 22 0 0.00 0.0 0 11.4 26 290 M M 0 35 290
6 53 28 41 -4 24 0 0.00 0.0 0 8.4 30 310 M M 1 40 310
7 58 27 43 -2 22 0 0.00 0.0 0 19.4 39 170 M M 0 53 170
8 53 33 43 -2 22 0 0.00 0.0 0 24.3 43 280 M M 3 78 57 290
9 50 25 38 -7 27 0 0.00 0.0 0 11.0 21 280 M M 0 31 280
10 66 36 51 6 14 0 0.00 0.0 0 13.2 24 260 M M 0 34 230
11 67 38 53 8 12 0 0.00 0.0 0 20.1 41 270 M M 1 78 56 280
12 52 29 41 -4 24 0 0.00 0.0 0 14.7 40 310 M M 0 7 54 300
13 65 21 43 -2 22 0 0.00 0.0 0 10.9 29 60 M M 0 36 50
14 24 11 18 -27 47 0 0.00 0.0 0 12.9 21 50 M M 2 26 50
15 32 9 21 -24 44 0 0.00 0.0 0 12.5 32 50 M M 1 32 50
16 28 11 20 -25 45 0 0.00 0.0 0 6.1 9 130 M M 0 11 180
17 59 18 39 -7 26 0 0.00 0.0 0 10.5 18 210 M M 0 24 190
18 74 35 55 9 10 0 0.00 0.0 0 10.2 22 310 M M 0 28 290
19 48 21 35 -11 30 0 0.00 0.0 0 14.6 32 40 M M 0 42 50
20 38 20 29 -17 36 0 0.00 0.0 0 9.6 17 120 M M 0 23 140
21 42 29 36 -10 29 0 0.01 0.0 0 12.2 31 160 M M 7 1 38 160
22 57 35 46 0 19 0 0.01 0.0 0 3.5 20 160 M M 5 1 25 160
23 62 40 51 5 14 0 0.06 0.0 0 5.2 17 60 M M 5 12 22 60
24 60 42 51 5 14 0 0.00 0.0 0 6.1 15 50 M M 6 1 23 250
25 62 38 50 4 15 0 0.00 0.0 0 7.3 21 260 M M 2 12 27 250
26 62 39 51 4 14 0 0.12 T 0 8.9 24 310 M M 6 35 28 270
27 60 37 49 2 16 0 0.00 0.0 0 8.9 17 350 M M 2 22 320
28 63 33 48 1 17 0 0.00 0.0 0 3.4 13 220 M M 0 17 180
29 66 32 49 2 16 0 0.00 0.0 0 4.0 12 180 M M 0 16 150
30 67 34 51 4 14 0 0.00 0.0 0 2.2 9 170 M M 0 11 80
31 67 37 52 5 13 0 T 0.0 0 6.7 17 130 M M 2 22 170
================================================================================
SM 1675 918 711 0 0.20 T 310.4 M 63
================================================================================
AV 54.0 29.6 10.0 FASTST M M 2 MAX(MPH)
MISC ----> 43 280 57 290
================================================================================
NOTES:
# LAST OF SEVERAL OCCURRENCES
COLUMN 17 PEAK WIND IN M.P.H.
PRELIMINARY LOCAL CLIMATOLOGICAL DATA (WS FORM: F-6) , PAGE 2
STATION: MIDLAND INTERNATIONAL AIRPORT
MONTH: JANUARY
YEAR: 2024
LATITUDE: 31 57 N
LONGITUDE: 102 11 W
[TEMPERATURE DATA] [PRECIPITATION DATA] SYMBOLS USED IN COLUMN 16
AVERAGE MONTHLY: 41.8 TOTAL FOR MONTH: 0.20 1 = FOG OR MIST
DPTR FM NORMAL: -3.9 DPTR FM NORMAL: -0.46 2 = FOG REDUCING VISIBILITY
HIGHEST: 74 ON 18 GRTST 24HR 0.12 ON 26-26 TO 1/4 MILE OR LESS
LOWEST: 9 ON 15 3 = THUNDER
SNOW, ICE PELLETS, HAIL 4 = ICE PELLETS
TOTAL MONTH: T 5 = HAIL
GRTST 24HR T ON 26-26 6 = FREEZING RAIN OR DRIZZLE
GRTST DEPTH: 0 7 = DUSTSTORM OR SANDSTORM:
VSBY 1/2 MILE OR LESS
8 = SMOKE OR HAZE
[NO. OF DAYS WITH] [WEATHER - DAYS WITH] 9 = BLOWING SNOW
X = TORNADO
MAX 32 OR BELOW: 3 0.01 INCH OR MORE: 4
MAX 90 OR ABOVE: 0 0.10 INCH OR MORE: 1
MIN 32 OR BELOW: 16 0.50 INCH OR MORE: 0
MIN 0 OR BELOW: 0 1.00 INCH OR MORE: 0
[HDD (BASE 65) ]
TOTAL THIS MO. 711 CLEAR (SCALE 0-3) 23
DPTR FM NORMAL 111 PTCLDY (SCALE 4-7) 8
TOTAL FM JUL 1 1615 CLOUDY (SCALE 8-10) 0
DPTR FM NORMAL 14
[CDD (BASE 65) ]
TOTAL THIS MO. 0
DPTR FM NORMAL 0 [PRESSURE DATA]
TOTAL FM JAN 1 0 HIGHEST SLP 30.55 ON 19
DPTR FM NORMAL 0 LOWEST SLP 29.42 ON 11
[REMARKS]
#FINAL-01-24#