000
CXUS53 KDTX 010635
CF6MBS
PRELIMINARY LOCAL CLIMATOLOGICAL DATA (WS FORM: F-6)
STATION: TRI CITIES MI
MONTH: OCTOBER
YEAR: 2023
LATITUDE: 43 31 N
LONGITUDE: 84 5 W
TEMPERATURE IN F: :PCPN: SNOW: WIND :SUNSHINE: SKY :PK WND
================================================================================
1 2 3 4 5 6A 6B 7 8 9 10 11 12 13 14 15 16 17 18
12Z AVG MX 2MIN
DY MAX MIN AVG DEP HDD CDD WTR SNW DPTH SPD SPD DIR MIN PSBL S-S WX SPD DR
================================================================================
1 80 59 70 13 0 5 0.00 0.0 0 3.7 9 170 M M 1 15 170
2 83 57 70 14 0 5 0.00 0.0 0 5.1 9 190 M M 0 18 16 180
3 86 60 73 17 0 8 0.00 0.0 0 6.6 14 180 M M 0 19 200
4 82 64 73 18 0 8 0.00 0.0 0 10.1 20 200 M M 1 27 200
5 73 59 66 11 0 1 0.88 0.0 0 9.3 20 170 M M 10 1 27 170
6 63 48 56 1 9 0 0.15 0.0 0 10.1 23 250 M M 6 1 36 250
7 56 43 50 -4 15 0 0.02 0.0 0 14.1 24 310 M M 6 34 300
8 57 38 48 -6 17 0 0.00 0.0 0 13.2 25 320 M M 1 37 310
9 56 36 46 -8 19 0 T 0.0 0 12.9 24 260 M M 6 32 250
10 52 41 47 -6 18 0 0.16 0.0 0 8.5 18 270 M M 10 1 24 290
11 56 40 48 -5 17 0 T 0.0 0 4.8 10 220 M M 8 17 210
12 59 39 49 -3 16 0 0.00 0.0 0 8.6 17 40 M M 2 22 40
13 51 48 50 -2 15 0 0.44 0.0 0 6.4 15 70 M M 9 1 20 80
14 56 44 50 -2 15 0 0.08 0.0 0 14.6 28 40 M M 9 1 39 40
15 56 40 48 -3 17 0 0.10 0.0 0 11.0 18 10 M M 8 25 20
16 52 39 46 -5 19 0 0.00 0.0 0 7.9 17 10 M M 9 21 10
17 52 35 44 -6 21 0 0.00 0.0 0 4.6 12 220 M M 7 16 260
18 63 41 52 2 13 0 0.00 0.0 0 8.5 15 230 M M 2 22 240
19 58 52 55 5 10 0 0.62 0.0 0 9.5 15 190 M M 9 18 22 200
20 57 47 52 3 13 0 0.01 0.0 0 9.5 21 320 M M 10 1 27 320
21 55 43 49 0 16 0 0.00 0.0 0 8.2 22 330 M M 9 29 320
22 54 37 46 -2 19 0 0.00 0.0 0 8.4 17 340 M M 3 22 20
23 55 31 43 -5 22 0 0.02 0.0 0 4.9 16 150 M M 3 3 19 150
24 75 48 62 14 3 0 0.01 0.0 0 10.2 21 200 M M 5 29 190
25 71 59 65 18 0 0 0.03 0.0 0 10.2 23 230 M M 8 1 32 220
26 69 60 65 18 0 0 0.43 0.0 0 9.5 17 220 M M 8 1 27 210
27 73 58 66 19 0 1 0.12 0.0 0 13.7 23 240 M M 9 1 32 240
28 58 43 51 5 14 0 T 0.0 0 8.9 18 330 M M 7 1 23 320
29 51 41 46 0 19 0 0.12 0.0 0 6.7 13 350 M M 10 16 360
30 43 27 35 -10 30 0 0.01 T 0 10.4 21 270 M M 7 30 270
31 40 26 33 -12 32 0 0.01 0.5 0 6.6 14 340 M M 8 1 18 330
================================================================================
SM 1892 1403 389 28 3.21 0.5 276.7 M 191
================================================================================
AV 61.0 45.3 8.9 FASTST M M 6 MAX(MPH)
MISC ----> 28 40 39 40
================================================================================
NOTES:
# LAST OF SEVERAL OCCURRENCES
COLUMN 17 PEAK WIND IN M.P.H.
PRELIMINARY LOCAL CLIMATOLOGICAL DATA (WS FORM: F-6) , PAGE 2
STATION: TRI CITIES MI
MONTH: OCTOBER
YEAR: 2023
LATITUDE: 43 31 N
LONGITUDE: 84 5 W
[TEMPERATURE DATA] [PRECIPITATION DATA] SYMBOLS USED IN COLUMN 16
AVERAGE MONTHLY: 53.1 TOTAL FOR MONTH: 3.21 1 = FOG OR MIST
DPTR FM NORMAL: 2.3 DPTR FM NORMAL: 0.30 2 = FOG REDUCING VISIBILITY
HIGHEST: 86 ON 3 GRTST 24HR 0.88 ON 5- 5 TO 1/4 MILE OR LESS
LOWEST: 26 ON 31 3 = THUNDER
SNOW, ICE PELLETS, HAIL 4 = ICE PELLETS
TOTAL MONTH: 0.5 INCH 5 = HAIL
GRTST 24HR 0.5 ON 31-31 6 = FREEZING RAIN OR DRIZZLE
GRTST DEPTH: 0 7 = DUSTSTORM OR SANDSTORM:
VSBY 1/2 MILE OR LESS
8 = SMOKE OR HAZE
[NO. OF DAYS WITH] [WEATHER - DAYS WITH] 9 = BLOWING SNOW
X = TORNADO
MAX 32 OR BELOW: 0 0.01 INCH OR MORE: 17
MAX 90 OR ABOVE: 0 0.10 INCH OR MORE: 9
MIN 32 OR BELOW: 3 0.50 INCH OR MORE: 2
MIN 0 OR BELOW: 0 1.00 INCH OR MORE: 0
[HDD (BASE 65) ]
TOTAL THIS MO. 389 CLEAR (SCALE 0-3) 8
DPTR FM NORMAL -58 PTCLDY (SCALE 4-7) 11
TOTAL FM JUL 1 478 CLOUDY (SCALE 8-10) 12
DPTR FM NORMAL -133
[CDD (BASE 65) ]
TOTAL THIS MO. 28
DPTR FM NORMAL 21 [PRESSURE DATA]
TOTAL FM JAN 1 587 HIGHEST SLP M ON M
DPTR FM NORMAL -45 LOWEST SLP 29.49 ON 20
[REMARKS]
#FINAL-10-23#