000
CXUS54 KLIX 010910
CF6MCB
PRELIMINARY LOCAL CLIMATOLOGICAL DATA (WS FORM: F-6)
STATION: MCCOMB
MONTH: NOVEMBER
YEAR: 2022
LATITUDE: 31 10 N
LONGITUDE: 90 28 W
TEMPERATURE IN F: :PCPN: SNOW: WIND :SUNSHINE: SKY :PK WND
================================================================================
1 2 3 4 5 6A 6B 7 8 9 10 11 12 13 14 15 16 17 18
12Z AVG MX 2MIN
DY MAX MIN AVG DEP HDD CDD WTR SNW DPTH SPD SPD DIR MIN PSBL S-S WX SPD DR
================================================================================
1 70 50 60 -1 5 0 0.00 0.0 M 1.8 7 340 M M 0 12 100
2 80 54 67 6 0 2 0.00 0.0 M 2.4 9 50 M M 2 1 13 360
3 83 52 68 7 0 3 0.00 0.0 M 2.7 10 140 M M 2 15 160
4 84 57 71 11 0 6 0.01 0.0 M 10.7 21 150 M M 8 12 33 140
5 72 54 63 3 2 0 2.45 0.0 M 7.0 25 330 M M 8 13 34 330
6 86 65 76 16 0 11 0.00 0.0 M 5.6 14 160 M M 4 1 19 160
7 86 62 74 15 0 9 0.00 0.0 M 2.5 9 170 M M 4 12 15 110
8 86 63 75 16 0 10 0.00 0.0 M 2.5 9 40 M M 0 14 60
9 77 54 66 7 0 1 0.00 0.0 M 3.4 12 120 M M 0 18 80
10 75 50 63 5 2 0 0.00 0.0 M 3.8 12 340 M M 0 18 310
11 77 50 64 6 1 0 T 0.0 M 5.1 21 310 M M 1 32 320
12 60 36 48 -10 17 0 0.23 0.0 M 10.4 23 330 M M 8 1 32 330
13 53 30 42 -15 23 0 0.00 0.0 M 7.2 15 340 M M 0 20 360
14 60 33 47 -10 18 0 0.80 M M 6.4 15 110 M M 5 1 25 110
15 50 40 45 -12 20 0 0.29 M M 10.8 20 330 M M 9 1 27 350
16 49 34 42 -14 23 0 0.00 0.0 M 6.3 16 360 M M 0 23 360
17 52 28 40 -16 25 0 0.00 0.0 M 5.7 16 330 M M 0 21 330
18 57 27 42 -14 23 0 0.00 0.0 M 2.8 10 350 M M 1 16 60
19 45 36 41 -15 24 0 T M M 4.4 10 350 M M 5 14 340
20 55 33 44 -12 21 0 0.00 0.0 M 5.6 13 40 M M 0 20 10
21 56 32 44 -11 21 0 T M M 4.3 12 70 M M 4 17 60
22 61 44 53 -2 12 0 0.00 0.0 M 3.2 8 60 M M 7 13 40
23 74 43 59 4 6 0 0.00 0.0 M 3.7 8 110 M M 0 12 100
24 75 51 63 8 2 0 1.11 0.0 M 5.8 17 150 M M 5 1 22 130
25 66 61 64 10 1 0 T 0.0 M 4.9 13 130 M M 10 1 22 120
26 67 54 61 7 4 0 1.37 0.0 M 7.3 16 200 M M 8 1 29 220
27 72 43 58 4 7 0 0.00 0.0 M 5.8 20 240 M M 0 33 230
28 72 41 57 3 8 0 0.00 0.0 M 1.2 8 240 M M 0 1 13 260
29 79 52 66 12 0 1 0.44 0.0 M 9.4 20 190 M M 8 123 29 180
30 74 41 58 4 7 0 1.36 M M 11.5 26 300 M M 3 123 43 310
================================================================================
SM 2053 1370 272 43 8.06 0.0 164.2 M 102
================================================================================
AV 68.4 45.7 5.5 FASTST M M 3 MAX(MPH)
MISC ----> 26 300 43 310
================================================================================
NOTES:
# LAST OF SEVERAL OCCURRENCES
COLUMN 17 PEAK WIND IN M.P.H.
PRELIMINARY LOCAL CLIMATOLOGICAL DATA (WS FORM: F-6) , PAGE 2
STATION: MCCOMB
MONTH: NOVEMBER
YEAR: 2022
LATITUDE: 31 10 N
LONGITUDE: 90 28 W
[TEMPERATURE DATA] [PRECIPITATION DATA] SYMBOLS USED IN COLUMN 16
AVERAGE MONTHLY: 57.1 TOTAL FOR MONTH: 8.06 1 = FOG OR MIST
DPTR FM NORMAL: 0.2 DPTR FM NORMAL: 4.15 2 = FOG REDUCING VISIBILITY
HIGHEST: 86 ON 8, 7 GRTST 24HR 2.46 ON 4- 5 TO 1/4 MILE OR LESS
LOWEST: 27 ON 18 3 = THUNDER
SNOW, ICE PELLETS, HAIL 4 = ICE PELLETS
TOTAL MONTH: 0.0 INCH 5 = HAIL
GRTST 24HR 0.0 6 = FREEZING RAIN OR DRIZZLE
GRTST DEPTH: M ON M 7 = DUSTSTORM OR SANDSTORM:
VSBY 1/2 MILE OR LESS
8 = SMOKE OR HAZE
[NO. OF DAYS WITH] [WEATHER - DAYS WITH] 9 = BLOWING SNOW
X = TORNADO
MAX 32 OR BELOW: 0 0.01 INCH OR MORE: 9
MAX 90 OR ABOVE: 0 0.10 INCH OR MORE: 8
MIN 32 OR BELOW: 4 0.50 INCH OR MORE: 5
MIN 0 OR BELOW: 0 1.00 INCH OR MORE: 4
[HDD (BASE 65) ]
TOTAL THIS MO. 272 CLEAR (SCALE 0-3) 16
DPTR FM NORMAL 6 PTCLDY (SCALE 4-7) 9
TOTAL FM JUL 1 348 CLOUDY (SCALE 8-10) 5
DPTR FM NORMAL 13
[CDD (BASE 65) ]
TOTAL THIS MO. 43
DPTR FM NORMAL 19 [PRESSURE DATA]
TOTAL FM JAN 1 2500 HIGHEST SLP 30.45 ON 20
DPTR FM NORMAL 144 LOWEST SLP 29.74 ON 26
[REMARKS]
#FINAL-11-22#